{"id":94143,"date":"2026-01-20T09:18:10","date_gmt":"2026-01-20T07:18:10","guid":{"rendered":"https:\/\/logistiikkakeskus.net\/kauppa\/tuote\/irtoriipputaskut-mustat\/"},"modified":"2026-01-20T09:18:10","modified_gmt":"2026-01-20T07:18:10","slug":"irtoriipputaskut-mustat","status":"publish","type":"product","link":"https:\/\/logistiikkakeskus.net\/kauppa\/tuote\/irtoriipputaskut-mustat\/","title":{"rendered":"Irtoriipputaskut, mustat"},"content":{"rendered":"<p>Ripustettavat ty\u00f6kalutaskut, joissa kulutusta kest\u00e4v\u00e4vahvistettupohja. Molemmissa taskuissa on kolme osaa, joista toinen on edelleenjaettu esimerkiksi pienten ty\u00f6kalujen s\u00e4ilytt\u00e4mist\u00e4 varten. Lis\u00e4ksimolemmissa taskuissa on vahva ty\u00f6kaluhihna. Riippuvissa ty\u00f6kalutaskuissaon kaksi liitint\u00e4, joiden avulla ne voidaan kiinnitt\u00e4\u00e4 housuihin taishortseihin yhdell\u00e4 napsautuksella.<\/p>\n<p>Riipputaskut ovat yhteensopivat  tuotteen HelsinkireisitaskuhousutStrech kanssa<\/p>\n<p><i>Hakusanat:  riipputasku, Helsinki reisitaskuhousutstrech,ty\u00f6kalutaskut<\/i><\/p>\n","protected":false},"excerpt":{"rendered":"<p>Ripustettavat ty\u00f6kalutaskut, joissa kulutusta kest\u00e4v\u00e4vahvistettupohja. Molemmissa taskuissa on kolme osaa, joista toinen on edelleenjaettu esimerkiksi pienten ty\u00f6kalujen s\u00e4ilytt\u00e4mist\u00e4 varten. Lis\u00e4ksimolemmissa taskuissa on vahva ty\u00f6kaluhihna. Riippuvissa ty\u00f6kalutaskuissaon kaksi liitint\u00e4, joiden avulla ne voidaan kiinnitt\u00e4\u00e4 housuihin taishortseihin yhdell\u00e4 napsautuksella. Riipputaskut ovat yhteensopivat tuotteen HelsinkireisitaskuhousutStrech kanssa Hakusanat: riipputasku, Helsinki reisitaskuhousutstrech,ty\u00f6kalutaskut<\/p>\n","protected":false},"featured_media":103485,"comment_status":"open","ping_status":"closed","template":"","meta":[],"product_brand":[],"product_cat":[3287],"product_tag":[],"class_list":{"0":"post-94143","1":"product","2":"type-product","3":"status-publish","4":"has-post-thumbnail","6":"product_cat-vaatteet-tyovaatteet-stara-asusteet","8":"first","9":"instock","10":"shipping-taxable","11":"purchasable","12":"product-type-simple"},"_links":{"self":[{"href":"https:\/\/logistiikkakeskus.net\/kauppa\/wp-json\/wp\/v2\/product\/94143","targetHints":{"allow":["GET"]}}],"collection":[{"href":"https:\/\/logistiikkakeskus.net\/kauppa\/wp-json\/wp\/v2\/product"}],"about":[{"href":"https:\/\/logistiikkakeskus.net\/kauppa\/wp-json\/wp\/v2\/types\/product"}],"replies":[{"embeddable":true,"href":"https:\/\/logistiikkakeskus.net\/kauppa\/wp-json\/wp\/v2\/comments?post=94143"}],"wp:featuredmedia":[{"embeddable":true,"href":"https:\/\/logistiikkakeskus.net\/kauppa\/wp-json\/wp\/v2\/media\/103485"}],"wp:attachment":[{"href":"https:\/\/logistiikkakeskus.net\/kauppa\/wp-json\/wp\/v2\/media?parent=94143"}],"wp:term":[{"taxonomy":"product_brand","embeddable":true,"href":"https:\/\/logistiikkakeskus.net\/kauppa\/wp-json\/wp\/v2\/product_brand?post=94143"},{"taxonomy":"product_cat","embeddable":true,"href":"https:\/\/logistiikkakeskus.net\/kauppa\/wp-json\/wp\/v2\/product_cat?post=94143"},{"taxonomy":"product_tag","embeddable":true,"href":"https:\/\/logistiikkakeskus.net\/kauppa\/wp-json\/wp\/v2\/product_tag?post=94143"}],"curies":[{"name":"wp","href":"https:\/\/api.w.org\/{rel}","templated":true}]}}