{"id":93656,"date":"2025-10-15T10:16:48","date_gmt":"2025-10-15T07:16:48","guid":{"rendered":"https:\/\/logistiikkakeskus.net\/kauppa\/tuote\/korvatulppa-deltaplus-conic-200-pr\/"},"modified":"2026-01-20T09:16:42","modified_gmt":"2026-01-20T07:16:42","slug":"korvatulppa-deltaplus-conic-200-pr","status":"publish","type":"product","link":"https:\/\/logistiikkakeskus.net\/kauppa\/tuote\/korvatulppa-deltaplus-conic-200-pr\/","title":{"rendered":"Korvatulppa Deltaplus conic 200 pr"},"content":{"rendered":"<p>Kertak\u00e4ytt\u00f6iset Delta Plus Conic 200 -korvatulpat on valmistettuhitaasti laajenevasta ja eritt\u00e4in hyvin \u00e4\u00e4nt\u00e4 vaimentavastapolyuretaanista.Mukavat my\u00f6s pitk\u00e4aikaisessa k\u00e4yt\u00f6ss\u00e4Tulpat on pakattu pareittain.Vastaa EN 352 vaatimuksia.<\/p>\n<p>Hakusanat: hakusanat: kuulonsuojain, kuulonsuojaus,korvatulppa,kuulosuojain<\/p>\n","protected":false},"excerpt":{"rendered":"<p>Kertak\u00e4ytt\u00f6iset Delta Plus Conic 200 -korvatulpat on valmistettuhitaasti laajenevasta ja eritt\u00e4in hyvin \u00e4\u00e4nt\u00e4 vaimentavastapolyuretaanista.Mukavat my\u00f6s pitk\u00e4aikaisessa k\u00e4yt\u00f6ss\u00e4Tulpat on pakattu pareittain.Vastaa EN 352 vaatimuksia. Hakusanat: hakusanat: kuulonsuojain, kuulonsuojaus,korvatulppa,kuulosuojain<\/p>\n","protected":false},"featured_media":0,"comment_status":"open","ping_status":"closed","template":"","meta":[],"product_brand":[],"product_cat":[3280],"product_tag":[],"class_list":{"0":"post-93656","1":"product","2":"type-product","3":"status-publish","5":"product_cat-henkilonsuojaimet-ja-tyoturvallisuus-henkilonsuojaimet-kuulosuojaimet","7":"first","8":"instock","9":"shipping-taxable","10":"purchasable","11":"product-type-simple"},"_links":{"self":[{"href":"https:\/\/logistiikkakeskus.net\/kauppa\/wp-json\/wp\/v2\/product\/93656","targetHints":{"allow":["GET"]}}],"collection":[{"href":"https:\/\/logistiikkakeskus.net\/kauppa\/wp-json\/wp\/v2\/product"}],"about":[{"href":"https:\/\/logistiikkakeskus.net\/kauppa\/wp-json\/wp\/v2\/types\/product"}],"replies":[{"embeddable":true,"href":"https:\/\/logistiikkakeskus.net\/kauppa\/wp-json\/wp\/v2\/comments?post=93656"}],"wp:attachment":[{"href":"https:\/\/logistiikkakeskus.net\/kauppa\/wp-json\/wp\/v2\/media?parent=93656"}],"wp:term":[{"taxonomy":"product_brand","embeddable":true,"href":"https:\/\/logistiikkakeskus.net\/kauppa\/wp-json\/wp\/v2\/product_brand?post=93656"},{"taxonomy":"product_cat","embeddable":true,"href":"https:\/\/logistiikkakeskus.net\/kauppa\/wp-json\/wp\/v2\/product_cat?post=93656"},{"taxonomy":"product_tag","embeddable":true,"href":"https:\/\/logistiikkakeskus.net\/kauppa\/wp-json\/wp\/v2\/product_tag?post=93656"}],"curies":[{"name":"wp","href":"https:\/\/api.w.org\/{rel}","templated":true}]}}