{"id":92949,"date":"2025-03-04T11:43:33","date_gmt":"2025-03-04T09:43:33","guid":{"rendered":"https:\/\/logistiikkakeskus.net\/kauppa\/tuote\/x-turvajalkine-spider-roller-xls3-42\/"},"modified":"2025-03-25T14:43:49","modified_gmt":"2025-03-25T12:43:49","slug":"x-turvajalkine-spider-roller-xls3-42","status":"publish","type":"product","link":"https:\/\/logistiikkakeskus.net\/kauppa\/tuote\/x-turvajalkine-spider-roller-xls3-42\/","title":{"rendered":"X Turvajalkine Spider roller XL+S3 42"},"content":{"rendered":"<p>TurvaluokitusEN ISO 20345: S3 SRC HROVarvassuoja: AlumiiniNaulaanastumissuoja: Ter\u00e4sPohjamateriaali: Kaksikerros PU\/RUP\u00e4\u00e4llismateriaali: HaljasSpider Roller on varma valinta kovaa kulutusta vaativiin olosuhteisiin.Jalka on suojattu alumiinivarvassuojalla ja ter\u00e4ksisell\u00e4naulaanastumissuojalla sek\u00e4 p\u00e4\u00e4llisnahka tyylikk\u00e4\u00e4ll\u00e4 k\u00e4rkikupilla. 3D-dry\u00ae-vuori, Dual-pohjalliset ja Boa\u00ae-mekanismi lis\u00e4\u00e4v\u00e4tk\u00e4ytt\u00f6mukavuutta. PU-kumikitkapohja kest\u00e4\u00e4 kuumuutta 300\u00b0C saakka.<\/p>\n","protected":false},"excerpt":{"rendered":"<p>TurvaluokitusEN ISO 20345: S3 SRC HROVarvassuoja: AlumiiniNaulaanastumissuoja: Ter\u00e4sPohjamateriaali: Kaksikerros PU\/RUP\u00e4\u00e4llismateriaali: HaljasSpider Roller on varma valinta kovaa kulutusta vaativiin olosuhteisiin.Jalka on suojattu alumiinivarvassuojalla ja ter\u00e4ksisell\u00e4naulaanastumissuojalla sek\u00e4 p\u00e4\u00e4llisnahka tyylikk\u00e4\u00e4ll\u00e4 k\u00e4rkikupilla. 3D-dry\u00ae-vuori, Dual-pohjalliset ja Boa\u00ae-mekanismi lis\u00e4\u00e4v\u00e4tk\u00e4ytt\u00f6mukavuutta. PU-kumikitkapohja kest\u00e4\u00e4 kuumuutta 300\u00b0C saakka.<\/p>\n","protected":false},"featured_media":0,"comment_status":"open","ping_status":"closed","template":"","meta":[],"product_brand":[],"product_cat":[3415],"product_tag":[],"class_list":{"0":"post-92949","1":"product","2":"type-product","3":"status-publish","5":"product_cat-henkilonsuojaimet-ja-tyoturvallisuus-jalkineet-turvakengat","7":"first","8":"instock","9":"shipping-taxable","10":"purchasable","11":"product-type-simple"},"_links":{"self":[{"href":"https:\/\/logistiikkakeskus.net\/kauppa\/wp-json\/wp\/v2\/product\/92949","targetHints":{"allow":["GET"]}}],"collection":[{"href":"https:\/\/logistiikkakeskus.net\/kauppa\/wp-json\/wp\/v2\/product"}],"about":[{"href":"https:\/\/logistiikkakeskus.net\/kauppa\/wp-json\/wp\/v2\/types\/product"}],"replies":[{"embeddable":true,"href":"https:\/\/logistiikkakeskus.net\/kauppa\/wp-json\/wp\/v2\/comments?post=92949"}],"wp:attachment":[{"href":"https:\/\/logistiikkakeskus.net\/kauppa\/wp-json\/wp\/v2\/media?parent=92949"}],"wp:term":[{"taxonomy":"product_brand","embeddable":true,"href":"https:\/\/logistiikkakeskus.net\/kauppa\/wp-json\/wp\/v2\/product_brand?post=92949"},{"taxonomy":"product_cat","embeddable":true,"href":"https:\/\/logistiikkakeskus.net\/kauppa\/wp-json\/wp\/v2\/product_cat?post=92949"},{"taxonomy":"product_tag","embeddable":true,"href":"https:\/\/logistiikkakeskus.net\/kauppa\/wp-json\/wp\/v2\/product_tag?post=92949"}],"curies":[{"name":"wp","href":"https:\/\/api.w.org\/{rel}","templated":true}]}}