{"id":92946,"date":"2025-03-04T11:43:29","date_gmt":"2025-03-04T09:43:29","guid":{"rendered":"https:\/\/logistiikkakeskus.net\/kauppa\/tuote\/x-kynsikas-tegera-790-musta-9\/"},"modified":"2025-03-25T14:43:45","modified_gmt":"2025-03-25T12:43:45","slug":"x-kynsikas-tegera-790-musta-9","status":"publish","type":"product","link":"https:\/\/logistiikkakeskus.net\/kauppa\/tuote\/x-kynsikas-tegera-790-musta-9\/","title":{"rendered":"X Kynsik\u00e4s Tegera 790 musta, 9"},"content":{"rendered":"<p>Neulottu, akryylist\u00e4 valmistetty kynsik\u00e4s.V\u00e4ri mustaMyyntier\u00e4: 1 pr<\/p>\n","protected":false},"excerpt":{"rendered":"<p>Neulottu, akryylist\u00e4 valmistetty kynsik\u00e4s.V\u00e4ri mustaMyyntier\u00e4: 1 pr<\/p>\n","protected":false},"featured_media":0,"comment_status":"open","ping_status":"closed","template":"","meta":[],"product_brand":[],"product_cat":[3335],"product_tag":[],"class_list":{"0":"post-92946","1":"product","2":"type-product","3":"status-publish","5":"product_cat-vaatteet-tyovaatteet-stara-kasineet","7":"first","8":"instock","9":"shipping-taxable","10":"purchasable","11":"product-type-simple"},"_links":{"self":[{"href":"https:\/\/logistiikkakeskus.net\/kauppa\/wp-json\/wp\/v2\/product\/92946","targetHints":{"allow":["GET"]}}],"collection":[{"href":"https:\/\/logistiikkakeskus.net\/kauppa\/wp-json\/wp\/v2\/product"}],"about":[{"href":"https:\/\/logistiikkakeskus.net\/kauppa\/wp-json\/wp\/v2\/types\/product"}],"replies":[{"embeddable":true,"href":"https:\/\/logistiikkakeskus.net\/kauppa\/wp-json\/wp\/v2\/comments?post=92946"}],"wp:attachment":[{"href":"https:\/\/logistiikkakeskus.net\/kauppa\/wp-json\/wp\/v2\/media?parent=92946"}],"wp:term":[{"taxonomy":"product_brand","embeddable":true,"href":"https:\/\/logistiikkakeskus.net\/kauppa\/wp-json\/wp\/v2\/product_brand?post=92946"},{"taxonomy":"product_cat","embeddable":true,"href":"https:\/\/logistiikkakeskus.net\/kauppa\/wp-json\/wp\/v2\/product_cat?post=92946"},{"taxonomy":"product_tag","embeddable":true,"href":"https:\/\/logistiikkakeskus.net\/kauppa\/wp-json\/wp\/v2\/product_tag?post=92946"}],"curies":[{"name":"wp","href":"https:\/\/api.w.org\/{rel}","templated":true}]}}