{"id":92940,"date":"2025-03-04T11:43:20","date_gmt":"2025-03-04T09:43:20","guid":{"rendered":"https:\/\/logistiikkakeskus.net\/kauppa\/tuote\/xtyokasine-synteettinen-guide-766-koko-7\/"},"modified":"2026-01-20T09:19:20","modified_gmt":"2026-01-20T07:19:20","slug":"xtyokasine-synteettinen-guide-766-koko-7","status":"publish","type":"product","link":"https:\/\/logistiikkakeskus.net\/kauppa\/tuote\/xtyokasine-synteettinen-guide-766-koko-7\/","title":{"rendered":"XTy\u00f6k\u00e4sine synteettinen Guide 766 koko 7"},"content":{"rendered":"<p>K\u00e4sineen k\u00e4mmen on synteettist\u00e4 PU-materiaalia, mink\u00e4 ansiostak\u00e4sineess\u00e4 on hyv\u00e4 sormituntuvuus ja hyv\u00e4 otepito. Nesteen kest\u00e4v\u00e4,kevyt k\u00e4sine l\u00e4mm\u00f6nkest\u00e4v\u00e4ll\u00e4 p\u00e4\u00e4llysmateriaalilla, joka kest\u00e4\u00e4 my\u00f6skevyit\u00e4 hitsauskipin\u00f6it\u00e4. K\u00e4mmenselk\u00e4 on valmistettu puuvillastajak\u00e4sineess\u00e4 on keystone -peukalo joustavuuden parantamiseksi. Avoranneke,jossa resori, tekee k\u00e4sineest\u00e4 helpon pukea ja hyvin istuvan. Sopiirakennuksille, teollisuuteen ja timpureille sek\u00e4 varasto- pakkaus- yms.t\u00f6ihin. Myyntier\u00e4 1 pr (12 pr\/pss). hakusana: ty\u00f6hanska<\/p>\n","protected":false},"excerpt":{"rendered":"<p>K\u00e4sineen k\u00e4mmen on synteettist\u00e4 PU-materiaalia, mink\u00e4 ansiostak\u00e4sineess\u00e4 on hyv\u00e4 sormituntuvuus ja hyv\u00e4 otepito. Nesteen kest\u00e4v\u00e4,kevyt k\u00e4sine l\u00e4mm\u00f6nkest\u00e4v\u00e4ll\u00e4 p\u00e4\u00e4llysmateriaalilla, joka kest\u00e4\u00e4 my\u00f6skevyit\u00e4 hitsauskipin\u00f6it\u00e4. K\u00e4mmenselk\u00e4 on valmistettu puuvillastajak\u00e4sineess\u00e4 on keystone -peukalo joustavuuden parantamiseksi. Avoranneke,jossa resori, tekee k\u00e4sineest\u00e4 helpon pukea ja hyvin istuvan. Sopiirakennuksille, teollisuuteen ja timpureille sek\u00e4 varasto- pakkaus- yms.t\u00f6ihin. Myyntier\u00e4 1 pr (12 pr\/pss). hakusana: ty\u00f6hanska<\/p>\n","protected":false},"featured_media":104067,"comment_status":"open","ping_status":"closed","template":"","meta":[],"product_brand":[],"product_cat":[3383],"product_tag":[],"class_list":{"0":"post-92940","1":"product","2":"type-product","3":"status-publish","4":"has-post-thumbnail","6":"product_cat-henkilonsuojaimet-ja-tyoturvallisuus-henkilonsuojaimet-kasineet","8":"first","9":"instock","10":"shipping-taxable","11":"purchasable","12":"product-type-simple"},"_links":{"self":[{"href":"https:\/\/logistiikkakeskus.net\/kauppa\/wp-json\/wp\/v2\/product\/92940","targetHints":{"allow":["GET"]}}],"collection":[{"href":"https:\/\/logistiikkakeskus.net\/kauppa\/wp-json\/wp\/v2\/product"}],"about":[{"href":"https:\/\/logistiikkakeskus.net\/kauppa\/wp-json\/wp\/v2\/types\/product"}],"replies":[{"embeddable":true,"href":"https:\/\/logistiikkakeskus.net\/kauppa\/wp-json\/wp\/v2\/comments?post=92940"}],"wp:featuredmedia":[{"embeddable":true,"href":"https:\/\/logistiikkakeskus.net\/kauppa\/wp-json\/wp\/v2\/media\/104067"}],"wp:attachment":[{"href":"https:\/\/logistiikkakeskus.net\/kauppa\/wp-json\/wp\/v2\/media?parent=92940"}],"wp:term":[{"taxonomy":"product_brand","embeddable":true,"href":"https:\/\/logistiikkakeskus.net\/kauppa\/wp-json\/wp\/v2\/product_brand?post=92940"},{"taxonomy":"product_cat","embeddable":true,"href":"https:\/\/logistiikkakeskus.net\/kauppa\/wp-json\/wp\/v2\/product_cat?post=92940"},{"taxonomy":"product_tag","embeddable":true,"href":"https:\/\/logistiikkakeskus.net\/kauppa\/wp-json\/wp\/v2\/product_tag?post=92940"}],"curies":[{"name":"wp","href":"https:\/\/api.w.org\/{rel}","templated":true}]}}