{"id":92834,"date":"2025-03-04T11:41:00","date_gmt":"2025-03-04T09:41:00","guid":{"rendered":"https:\/\/logistiikkakeskus.net\/kauppa\/tuote\/x-turvasaapas-1898w-winter-king-42\/"},"modified":"2025-10-15T10:18:14","modified_gmt":"2025-10-15T07:18:14","slug":"x-turvasaapas-1898w-winter-king-42","status":"publish","type":"product","link":"https:\/\/logistiikkakeskus.net\/kauppa\/tuote\/x-turvasaapas-1898w-winter-king-42\/","title":{"rendered":"X Turvasaapas 1898W Winter King 42"},"content":{"rendered":"<p>Jalas 1898W Winter King -turvajalkineet ovat l\u00e4mminvuorellisettalvisaappaat, joissa on normaalia turvajalkinetta leve\u00e4mpi lesti jal\u00e4mmin vuorillinen varsi. Keng\u00e4t on valmistettu polyuretaanipintaisestanahasta ja sen saumat on vahvistettu eritt\u00e4in kest\u00e4v\u00e4ll\u00e4 Kevlar-langalla.<\/p>\n","protected":false},"excerpt":{"rendered":"<p>Jalas 1898W Winter King -turvajalkineet ovat l\u00e4mminvuorellisettalvisaappaat, joissa on normaalia turvajalkinetta leve\u00e4mpi lesti jal\u00e4mmin vuorillinen varsi. Keng\u00e4t on valmistettu polyuretaanipintaisestanahasta ja sen saumat on vahvistettu eritt\u00e4in kest\u00e4v\u00e4ll\u00e4 Kevlar-langalla.<\/p>\n","protected":false},"featured_media":0,"comment_status":"open","ping_status":"closed","template":"","meta":[],"product_brand":[],"product_cat":[3415],"product_tag":[],"class_list":{"0":"post-92834","1":"product","2":"type-product","3":"status-publish","5":"product_cat-henkilonsuojaimet-ja-tyoturvallisuus-jalkineet-turvakengat","7":"first","8":"instock","9":"shipping-taxable","10":"purchasable","11":"product-type-simple"},"_links":{"self":[{"href":"https:\/\/logistiikkakeskus.net\/kauppa\/wp-json\/wp\/v2\/product\/92834","targetHints":{"allow":["GET"]}}],"collection":[{"href":"https:\/\/logistiikkakeskus.net\/kauppa\/wp-json\/wp\/v2\/product"}],"about":[{"href":"https:\/\/logistiikkakeskus.net\/kauppa\/wp-json\/wp\/v2\/types\/product"}],"replies":[{"embeddable":true,"href":"https:\/\/logistiikkakeskus.net\/kauppa\/wp-json\/wp\/v2\/comments?post=92834"}],"wp:attachment":[{"href":"https:\/\/logistiikkakeskus.net\/kauppa\/wp-json\/wp\/v2\/media?parent=92834"}],"wp:term":[{"taxonomy":"product_brand","embeddable":true,"href":"https:\/\/logistiikkakeskus.net\/kauppa\/wp-json\/wp\/v2\/product_brand?post=92834"},{"taxonomy":"product_cat","embeddable":true,"href":"https:\/\/logistiikkakeskus.net\/kauppa\/wp-json\/wp\/v2\/product_cat?post=92834"},{"taxonomy":"product_tag","embeddable":true,"href":"https:\/\/logistiikkakeskus.net\/kauppa\/wp-json\/wp\/v2\/product_tag?post=92834"}],"curies":[{"name":"wp","href":"https:\/\/api.w.org\/{rel}","templated":true}]}}