{"id":92779,"date":"2025-03-04T11:40:06","date_gmt":"2025-03-04T09:40:06","guid":{"rendered":"https:\/\/logistiikkakeskus.net\/kauppa\/tuote\/x-wolf-garten-il-m3-kaksoiskuokka\/"},"modified":"2026-01-20T09:17:07","modified_gmt":"2026-01-20T07:17:07","slug":"x-wolf-garten-il-m3-kaksoiskuokka","status":"publish","type":"product","link":"https:\/\/logistiikkakeskus.net\/kauppa\/tuote\/x-wolf-garten-il-m3-kaksoiskuokka\/","title":{"rendered":"X Wolf-Garten IL-M3 kaksoiskuokka"},"content":{"rendered":"<p>Wolf-Gartenin multi-star-j\u00e4rjestelm\u00e4n iL-M3 on k\u00e4tev\u00e4 kaksoiskuokkakovan maan muokkaamiseen. Teroitettu ter\u00e4 on k\u00e4tev\u00e4 kitkenn\u00e4ss\u00e4. Kest\u00e4v\u00e4kromi- ja lakkapinnoite. Varsi tilattava erikseen. Hakusanat: kitkin,puutarhaty\u00f6kalu, m\u00f6yhennin<\/p>\n","protected":false},"excerpt":{"rendered":"<p>Wolf-Gartenin multi-star-j\u00e4rjestelm\u00e4n iL-M3 on k\u00e4tev\u00e4 kaksoiskuokkakovan maan muokkaamiseen. Teroitettu ter\u00e4 on k\u00e4tev\u00e4 kitkenn\u00e4ss\u00e4. Kest\u00e4v\u00e4kromi- ja lakkapinnoite. Varsi tilattava erikseen. Hakusanat: kitkin,puutarhaty\u00f6kalu, m\u00f6yhennin<\/p>\n","protected":false},"featured_media":102891,"comment_status":"open","ping_status":"closed","template":"","meta":[],"product_brand":[],"product_cat":[3394],"product_tag":[],"class_list":{"0":"post-92779","1":"product","2":"type-product","3":"status-publish","4":"has-post-thumbnail","6":"product_cat-tyokalut-puutarhatyokalut-lapiot-kuokat-ja-talikot","8":"first","9":"instock","10":"shipping-taxable","11":"purchasable","12":"product-type-simple"},"_links":{"self":[{"href":"https:\/\/logistiikkakeskus.net\/kauppa\/wp-json\/wp\/v2\/product\/92779","targetHints":{"allow":["GET"]}}],"collection":[{"href":"https:\/\/logistiikkakeskus.net\/kauppa\/wp-json\/wp\/v2\/product"}],"about":[{"href":"https:\/\/logistiikkakeskus.net\/kauppa\/wp-json\/wp\/v2\/types\/product"}],"replies":[{"embeddable":true,"href":"https:\/\/logistiikkakeskus.net\/kauppa\/wp-json\/wp\/v2\/comments?post=92779"}],"wp:featuredmedia":[{"embeddable":true,"href":"https:\/\/logistiikkakeskus.net\/kauppa\/wp-json\/wp\/v2\/media\/102891"}],"wp:attachment":[{"href":"https:\/\/logistiikkakeskus.net\/kauppa\/wp-json\/wp\/v2\/media?parent=92779"}],"wp:term":[{"taxonomy":"product_brand","embeddable":true,"href":"https:\/\/logistiikkakeskus.net\/kauppa\/wp-json\/wp\/v2\/product_brand?post=92779"},{"taxonomy":"product_cat","embeddable":true,"href":"https:\/\/logistiikkakeskus.net\/kauppa\/wp-json\/wp\/v2\/product_cat?post=92779"},{"taxonomy":"product_tag","embeddable":true,"href":"https:\/\/logistiikkakeskus.net\/kauppa\/wp-json\/wp\/v2\/product_tag?post=92779"}],"curies":[{"name":"wp","href":"https:\/\/api.w.org\/{rel}","templated":true}]}}