{"id":92680,"date":"2025-03-04T11:35:02","date_gmt":"2025-03-04T09:35:02","guid":{"rendered":"https:\/\/logistiikkakeskus.net\/kauppa\/tuote\/kuitukarkikyna-04-mm-sininen\/"},"modified":"2026-01-20T09:14:11","modified_gmt":"2026-01-20T07:14:11","slug":"kuitukarkikyna-04-mm-sininen","status":"publish","type":"product","link":"https:\/\/logistiikkakeskus.net\/kauppa\/tuote\/kuitukarkikyna-04-mm-sininen\/","title":{"rendered":"Kuituk\u00e4rkikyn\u00e4 0,4 mm, sininen"},"content":{"rendered":"<p>Myyntiyksikk\u00f6 RAS (10 kpl)<\/p>\n<h2>Kuituk\u00e4rkikyn\u00e4 Grip Finepen, 0,4 mm<\/h2>\n<p>Ihanteellinen ohuille viivoille ja varjostuksille: kyn\u00e4ss\u00e4 onergonominen kolmikulmainen runko, joka automaattisesti edist\u00e4\u00e4 kolmensormen otetta ja varmistaa optimaalisen kirjoitusmukavuuden.<\/p>\n<p><i>Hakusanat: toimistotarvikkeet, kirjoitustarvikkeet,kuituk\u00e4rkikyn\u00e4t, kuituk\u00e4rkitussit, huopakyn\u00e4t, huopatussit, kuitukyn\u00e4t<\/i><\/p>\n","protected":false},"excerpt":{"rendered":"<p>Myyntiyksikk\u00f6 RAS (10 kpl) Kuituk\u00e4rkikyn\u00e4 Grip Finepen, 0,4 mm Ihanteellinen ohuille viivoille ja varjostuksille: kyn\u00e4ss\u00e4 onergonominen kolmikulmainen runko, joka automaattisesti edist\u00e4\u00e4 kolmensormen otetta ja varmistaa optimaalisen kirjoitusmukavuuden. Hakusanat: toimistotarvikkeet, kirjoitustarvikkeet,kuituk\u00e4rkikyn\u00e4t, kuituk\u00e4rkitussit, huopakyn\u00e4t, huopatussit, kuitukyn\u00e4t<\/p>\n","protected":false},"featured_media":92681,"comment_status":"open","ping_status":"closed","template":"","meta":[],"product_brand":[],"product_cat":[3215],"product_tag":[],"class_list":{"0":"post-92680","1":"product","2":"type-product","3":"status-publish","4":"has-post-thumbnail","6":"product_cat-toimistotarvikkeet-kirjoitustarvikkeet-geeli-ja-kuitukarkikynat","8":"first","9":"instock","10":"shipping-taxable","11":"purchasable","12":"product-type-simple"},"_links":{"self":[{"href":"https:\/\/logistiikkakeskus.net\/kauppa\/wp-json\/wp\/v2\/product\/92680","targetHints":{"allow":["GET"]}}],"collection":[{"href":"https:\/\/logistiikkakeskus.net\/kauppa\/wp-json\/wp\/v2\/product"}],"about":[{"href":"https:\/\/logistiikkakeskus.net\/kauppa\/wp-json\/wp\/v2\/types\/product"}],"replies":[{"embeddable":true,"href":"https:\/\/logistiikkakeskus.net\/kauppa\/wp-json\/wp\/v2\/comments?post=92680"}],"wp:featuredmedia":[{"embeddable":true,"href":"https:\/\/logistiikkakeskus.net\/kauppa\/wp-json\/wp\/v2\/media\/92681"}],"wp:attachment":[{"href":"https:\/\/logistiikkakeskus.net\/kauppa\/wp-json\/wp\/v2\/media?parent=92680"}],"wp:term":[{"taxonomy":"product_brand","embeddable":true,"href":"https:\/\/logistiikkakeskus.net\/kauppa\/wp-json\/wp\/v2\/product_brand?post=92680"},{"taxonomy":"product_cat","embeddable":true,"href":"https:\/\/logistiikkakeskus.net\/kauppa\/wp-json\/wp\/v2\/product_cat?post=92680"},{"taxonomy":"product_tag","embeddable":true,"href":"https:\/\/logistiikkakeskus.net\/kauppa\/wp-json\/wp\/v2\/product_tag?post=92680"}],"curies":[{"name":"wp","href":"https:\/\/api.w.org\/{rel}","templated":true}]}}