{"id":92234,"date":"2025-01-16T13:05:18","date_gmt":"2025-01-16T11:05:18","guid":{"rendered":"https:\/\/logistiikkakeskus.net\/kauppa\/tuote\/kuulokemikrofoni-jabra-evolve-30-ii-hs\/"},"modified":"2026-01-20T09:15:04","modified_gmt":"2026-01-20T07:15:04","slug":"kuulokemikrofoni-jabra-evolve-30-ii-hs","status":"publish","type":"product","link":"https:\/\/logistiikkakeskus.net\/kauppa\/tuote\/kuulokemikrofoni-jabra-evolve-30-ii-hs\/","title":{"rendered":"Kuulokemikrofoni Jabra Evolve 30 II HS"},"content":{"rendered":"<p>JABRA Evolve 30 II HS Stereo w 3.5 mm, HS w\/o control<\/p>\n<p>Ammattimaiset kuulokkeet, joissa on joustavat liit\u00e4nn\u00e4t jaerinomainen \u00e4\u00e4ni puheluille ja musiikille.<\/p>\n<ul>Liit\u00e4nt\u00e4: 3.5 mm <\/ul>\n","protected":false},"excerpt":{"rendered":"<p>JABRA Evolve 30 II HS Stereo w 3.5 mm, HS w\/o control Ammattimaiset kuulokkeet, joissa on joustavat liit\u00e4nn\u00e4t jaerinomainen \u00e4\u00e4ni puheluille ja musiikille. Liit\u00e4nt\u00e4: 3.5 mm<\/p>\n","protected":false},"featured_media":101694,"comment_status":"open","ping_status":"closed","template":"","meta":[],"product_brand":[],"product_cat":[3407],"product_tag":[],"class_list":{"0":"post-92234","1":"product","2":"type-product","3":"status-publish","4":"has-post-thumbnail","6":"product_cat-it-toimisto-sahkolaitteet-ja-tarv-it-tarvikkeet-kuulokkeet-ja-kaiuttimet","8":"first","9":"instock","10":"shipping-taxable","11":"purchasable","12":"product-type-simple"},"_links":{"self":[{"href":"https:\/\/logistiikkakeskus.net\/kauppa\/wp-json\/wp\/v2\/product\/92234","targetHints":{"allow":["GET"]}}],"collection":[{"href":"https:\/\/logistiikkakeskus.net\/kauppa\/wp-json\/wp\/v2\/product"}],"about":[{"href":"https:\/\/logistiikkakeskus.net\/kauppa\/wp-json\/wp\/v2\/types\/product"}],"replies":[{"embeddable":true,"href":"https:\/\/logistiikkakeskus.net\/kauppa\/wp-json\/wp\/v2\/comments?post=92234"}],"wp:featuredmedia":[{"embeddable":true,"href":"https:\/\/logistiikkakeskus.net\/kauppa\/wp-json\/wp\/v2\/media\/101694"}],"wp:attachment":[{"href":"https:\/\/logistiikkakeskus.net\/kauppa\/wp-json\/wp\/v2\/media?parent=92234"}],"wp:term":[{"taxonomy":"product_brand","embeddable":true,"href":"https:\/\/logistiikkakeskus.net\/kauppa\/wp-json\/wp\/v2\/product_brand?post=92234"},{"taxonomy":"product_cat","embeddable":true,"href":"https:\/\/logistiikkakeskus.net\/kauppa\/wp-json\/wp\/v2\/product_cat?post=92234"},{"taxonomy":"product_tag","embeddable":true,"href":"https:\/\/logistiikkakeskus.net\/kauppa\/wp-json\/wp\/v2\/product_tag?post=92234"}],"curies":[{"name":"wp","href":"https:\/\/api.w.org\/{rel}","templated":true}]}}