{"id":92192,"date":"2025-01-16T12:57:10","date_gmt":"2025-01-16T10:57:10","guid":{"rendered":"https:\/\/logistiikkakeskus.net\/kauppa\/tuote\/jateastia-vileda-hera-35l-musta\/"},"modified":"2025-03-25T14:34:47","modified_gmt":"2025-03-25T12:34:47","slug":"jateastia-vileda-hera-35l-musta","status":"publish","type":"product","link":"https:\/\/logistiikkakeskus.net\/kauppa\/tuote\/jateastia-vileda-hera-35l-musta\/","title":{"rendered":"J\u00e4teastia Vileda Hera 35L, musta"},"content":{"rendered":"<p>Polkimellinen ja kannellinen Vileda Hera roska-astia vastaaHACCP-vaatimuksia, jossa k\u00e4sikosketusta astiaan on v\u00e4ltett\u00e4v\u00e4. Ihanteellinenesimerkiksi sairaaloiden potilashuoneiden ruoanvalmistustiloissa, kunriskikontaminaatiota on v\u00e4ltett\u00e4v\u00e4. Tiivis kansi pit\u00e4\u00e4 hajut astiassa jakumitassut pit\u00e4v\u00e4t astian paikoillaan.<\/p>\n<ul>Tilavuus: 35 litraa<\/ul>\n<p><i>Hakusanat: roskakorit, roskis, j\u00e4teastia, roska-astia,roskikset,lajittelu<\/i><\/p>\n","protected":false},"excerpt":{"rendered":"<p>Polkimellinen ja kannellinen Vileda Hera roska-astia vastaaHACCP-vaatimuksia, jossa k\u00e4sikosketusta astiaan on v\u00e4ltett\u00e4v\u00e4. Ihanteellinenesimerkiksi sairaaloiden potilashuoneiden ruoanvalmistustiloissa, kunriskikontaminaatiota on v\u00e4ltett\u00e4v\u00e4. Tiivis kansi pit\u00e4\u00e4 hajut astiassa jakumitassut pit\u00e4v\u00e4t astian paikoillaan. Tilavuus: 35 litraa Hakusanat: roskakorit, roskis, j\u00e4teastia, roska-astia,roskikset,lajittelu<\/p>\n","protected":false},"featured_media":0,"comment_status":"open","ping_status":"closed","template":"","meta":[],"product_brand":[],"product_cat":[3137],"product_tag":[],"class_list":{"0":"post-92192","1":"product","2":"type-product","3":"status-publish","5":"product_cat-siivousvalineet-ja-tarvikkeet-jateastiat-poljinkannella","7":"first","8":"instock","9":"shipping-taxable","10":"purchasable","11":"product-type-simple"},"_links":{"self":[{"href":"https:\/\/logistiikkakeskus.net\/kauppa\/wp-json\/wp\/v2\/product\/92192","targetHints":{"allow":["GET"]}}],"collection":[{"href":"https:\/\/logistiikkakeskus.net\/kauppa\/wp-json\/wp\/v2\/product"}],"about":[{"href":"https:\/\/logistiikkakeskus.net\/kauppa\/wp-json\/wp\/v2\/types\/product"}],"replies":[{"embeddable":true,"href":"https:\/\/logistiikkakeskus.net\/kauppa\/wp-json\/wp\/v2\/comments?post=92192"}],"wp:attachment":[{"href":"https:\/\/logistiikkakeskus.net\/kauppa\/wp-json\/wp\/v2\/media?parent=92192"}],"wp:term":[{"taxonomy":"product_brand","embeddable":true,"href":"https:\/\/logistiikkakeskus.net\/kauppa\/wp-json\/wp\/v2\/product_brand?post=92192"},{"taxonomy":"product_cat","embeddable":true,"href":"https:\/\/logistiikkakeskus.net\/kauppa\/wp-json\/wp\/v2\/product_cat?post=92192"},{"taxonomy":"product_tag","embeddable":true,"href":"https:\/\/logistiikkakeskus.net\/kauppa\/wp-json\/wp\/v2\/product_tag?post=92192"}],"curies":[{"name":"wp","href":"https:\/\/api.w.org\/{rel}","templated":true}]}}