{"id":91598,"date":"2024-09-12T07:45:46","date_gmt":"2024-09-12T04:45:46","guid":{"rendered":"https:\/\/logistiikkakeskus.net\/kauppa\/tuote\/turvajalkine-jalas-3318-drylock-44\/"},"modified":"2026-01-20T09:17:44","modified_gmt":"2026-01-20T07:17:44","slug":"turvajalkine-jalas-3318-drylock-44","status":"publish","type":"product","link":"https:\/\/logistiikkakeskus.net\/kauppa\/tuote\/turvajalkine-jalas-3318-drylock-44\/","title":{"rendered":"Turvajalkine Jalas 3318 Drylock 44"},"content":{"rendered":"<p>JALAS 3318 Drylock on vedenpit\u00e4v\u00e4 keskikorkea turvanilkkurim\u00e4rkiinty\u00f6ymp\u00e4rist\u00f6ihin. Suojausluokka S3. Pintanahka- ja Cordura-p\u00e4\u00e4llinensuojaa jalkoja ja pit\u00e4\u00e4 ne l\u00e4mpimin\u00e4. P\u00e4\u00e4llisess\u00e4 heijastin. \u00d6ljyn- jal\u00e4mm\u00f6nkest\u00e4v\u00e4 nitriiliulkopohja antaa erinomaisen pidon ja alumiininenJALAS-varvassuoja, ter\u00e4ksinen naulaanastumissuoja ja pohjallisessakaksinkertaiset PORON XRD -iskunvaimennusvy\u00f6hykkeet auttavat suojaamaanjalkoja vaativissa olosuhteissa.<\/p>\n<p>Hakusanat: turvakenk\u00e4, turvakeng\u00e4t, nilkkuri<\/p>\n","protected":false},"excerpt":{"rendered":"<p>JALAS 3318 Drylock on vedenpit\u00e4v\u00e4 keskikorkea turvanilkkurim\u00e4rkiinty\u00f6ymp\u00e4rist\u00f6ihin. Suojausluokka S3. Pintanahka- ja Cordura-p\u00e4\u00e4llinensuojaa jalkoja ja pit\u00e4\u00e4 ne l\u00e4mpimin\u00e4. P\u00e4\u00e4llisess\u00e4 heijastin. \u00d6ljyn- jal\u00e4mm\u00f6nkest\u00e4v\u00e4 nitriiliulkopohja antaa erinomaisen pidon ja alumiininenJALAS-varvassuoja, ter\u00e4ksinen naulaanastumissuoja ja pohjallisessakaksinkertaiset PORON XRD -iskunvaimennusvy\u00f6hykkeet auttavat suojaamaanjalkoja vaativissa olosuhteissa. Hakusanat: turvakenk\u00e4, turvakeng\u00e4t, nilkkuri<\/p>\n","protected":false},"featured_media":103351,"comment_status":"open","ping_status":"closed","template":"","meta":[],"product_brand":[],"product_cat":[3415],"product_tag":[],"class_list":{"0":"post-91598","1":"product","2":"type-product","3":"status-publish","4":"has-post-thumbnail","6":"product_cat-henkilonsuojaimet-ja-tyoturvallisuus-jalkineet-turvakengat","8":"first","9":"instock","10":"shipping-taxable","11":"purchasable","12":"product-type-simple"},"_links":{"self":[{"href":"https:\/\/logistiikkakeskus.net\/kauppa\/wp-json\/wp\/v2\/product\/91598","targetHints":{"allow":["GET"]}}],"collection":[{"href":"https:\/\/logistiikkakeskus.net\/kauppa\/wp-json\/wp\/v2\/product"}],"about":[{"href":"https:\/\/logistiikkakeskus.net\/kauppa\/wp-json\/wp\/v2\/types\/product"}],"replies":[{"embeddable":true,"href":"https:\/\/logistiikkakeskus.net\/kauppa\/wp-json\/wp\/v2\/comments?post=91598"}],"wp:featuredmedia":[{"embeddable":true,"href":"https:\/\/logistiikkakeskus.net\/kauppa\/wp-json\/wp\/v2\/media\/103351"}],"wp:attachment":[{"href":"https:\/\/logistiikkakeskus.net\/kauppa\/wp-json\/wp\/v2\/media?parent=91598"}],"wp:term":[{"taxonomy":"product_brand","embeddable":true,"href":"https:\/\/logistiikkakeskus.net\/kauppa\/wp-json\/wp\/v2\/product_brand?post=91598"},{"taxonomy":"product_cat","embeddable":true,"href":"https:\/\/logistiikkakeskus.net\/kauppa\/wp-json\/wp\/v2\/product_cat?post=91598"},{"taxonomy":"product_tag","embeddable":true,"href":"https:\/\/logistiikkakeskus.net\/kauppa\/wp-json\/wp\/v2\/product_tag?post=91598"}],"curies":[{"name":"wp","href":"https:\/\/api.w.org\/{rel}","templated":true}]}}