{"id":91495,"date":"2024-09-12T07:44:48","date_gmt":"2024-09-12T04:44:48","guid":{"rendered":"https:\/\/logistiikkakeskus.net\/kauppa\/tuote\/wolf-garten-lb-m-hara-zm15-cm-varsi\/"},"modified":"2026-01-20T09:17:06","modified_gmt":"2026-01-20T07:17:06","slug":"wolf-garten-lb-m-hara-zm15-cm-varsi","status":"publish","type":"product","link":"https:\/\/logistiikkakeskus.net\/kauppa\/tuote\/wolf-garten-lb-m-hara-zm15-cm-varsi\/","title":{"rendered":"Wolf-Garten LB-M hara + ZM15 cm varsi"},"content":{"rendered":"<p>TILAUSTUOTE.TUOTTEELLA ON NORMAALIA PIDEMPI TOIMITUSAIKA.Wolf-Gartenin multi-star -j\u00e4rjestelm\u00e4n LB-M-hara on k\u00e4tev\u00e4pienoism\u00f6yhennin penkkien ja parvekelaatiokoiden muokkaamiseen.Teroitettu ter\u00e4 leikkaa rikkaruohot vaivattomasti. Harassa on kest\u00e4v\u00e4kromi- ja lakkapinnoite. Sis\u00e4lt\u00e4\u00e4 my\u00f6s Wolf-Gartenin 25 cm pituisenmulti-star-j\u00e4rjestelm\u00e4n ergonomisen ZM 15-kahvan. Hakusanat:rikkaruoho, kitkin, puutarhaty\u00f6kalu<\/p>\n","protected":false},"excerpt":{"rendered":"<p>TILAUSTUOTE.TUOTTEELLA ON NORMAALIA PIDEMPI TOIMITUSAIKA.Wolf-Gartenin multi-star -j\u00e4rjestelm\u00e4n LB-M-hara on k\u00e4tev\u00e4pienoism\u00f6yhennin penkkien ja parvekelaatiokoiden muokkaamiseen.Teroitettu ter\u00e4 leikkaa rikkaruohot vaivattomasti. Harassa on kest\u00e4v\u00e4kromi- ja lakkapinnoite. Sis\u00e4lt\u00e4\u00e4 my\u00f6s Wolf-Gartenin 25 cm pituisenmulti-star-j\u00e4rjestelm\u00e4n ergonomisen ZM 15-kahvan. Hakusanat:rikkaruoho, kitkin, puutarhaty\u00f6kalu<\/p>\n","protected":false},"featured_media":102887,"comment_status":"open","ping_status":"closed","template":"","meta":[],"product_brand":[],"product_cat":[3362],"product_tag":[],"class_list":{"0":"post-91495","1":"product","2":"type-product","3":"status-publish","4":"has-post-thumbnail","6":"product_cat-tyokalut-puutarhatyokalut-muut-puutarhatyokalut","8":"first","9":"instock","10":"shipping-taxable","11":"purchasable","12":"product-type-simple"},"_links":{"self":[{"href":"https:\/\/logistiikkakeskus.net\/kauppa\/wp-json\/wp\/v2\/product\/91495","targetHints":{"allow":["GET"]}}],"collection":[{"href":"https:\/\/logistiikkakeskus.net\/kauppa\/wp-json\/wp\/v2\/product"}],"about":[{"href":"https:\/\/logistiikkakeskus.net\/kauppa\/wp-json\/wp\/v2\/types\/product"}],"replies":[{"embeddable":true,"href":"https:\/\/logistiikkakeskus.net\/kauppa\/wp-json\/wp\/v2\/comments?post=91495"}],"wp:featuredmedia":[{"embeddable":true,"href":"https:\/\/logistiikkakeskus.net\/kauppa\/wp-json\/wp\/v2\/media\/102887"}],"wp:attachment":[{"href":"https:\/\/logistiikkakeskus.net\/kauppa\/wp-json\/wp\/v2\/media?parent=91495"}],"wp:term":[{"taxonomy":"product_brand","embeddable":true,"href":"https:\/\/logistiikkakeskus.net\/kauppa\/wp-json\/wp\/v2\/product_brand?post=91495"},{"taxonomy":"product_cat","embeddable":true,"href":"https:\/\/logistiikkakeskus.net\/kauppa\/wp-json\/wp\/v2\/product_cat?post=91495"},{"taxonomy":"product_tag","embeddable":true,"href":"https:\/\/logistiikkakeskus.net\/kauppa\/wp-json\/wp\/v2\/product_tag?post=91495"}],"curies":[{"name":"wp","href":"https:\/\/api.w.org\/{rel}","templated":true}]}}