{"id":91186,"date":"2024-08-12T12:32:48","date_gmt":"2024-08-12T09:32:48","guid":{"rendered":"https:\/\/logistiikkakeskus.net\/kauppa\/tuote\/turvajalkine-1358-heavy-duty-48\/"},"modified":"2026-01-20T09:17:53","modified_gmt":"2026-01-20T07:17:53","slug":"turvajalkine-1358-heavy-duty-48","status":"publish","type":"product","link":"https:\/\/logistiikkakeskus.net\/kauppa\/tuote\/turvajalkine-1358-heavy-duty-48\/","title":{"rendered":"Turvajalkine 1358 Heavy Duty 48"},"content":{"rendered":"<p>Tilaustuote. Tuotteella on normaalia pidempi toimitusaika.Tilaustuotteella ei ole palautusoikeutta.<\/p>\n<p>Turvajalkineet ovat kokonaan metallittomat, niiss\u00e4 on pehme\u00e4vuori jaVibram Arctic Grip -kitkapohja. Ergonominen turvakenk\u00e4 Jalas 1358 HeavyDuty Arctic Grip sopii erinomaisesti kokovuotiseen k\u00e4ytt\u00f6\u00f6n. VibramArctic Grip -ulkopohja est\u00e4\u00e4 kaatumiset my\u00f6s \u00e4\u00e4rimm\u00e4isen liukkailla,\u00f6ljyisill\u00e4 tai j\u00e4isill\u00e4 alustoilla. Jalkineissa on metallittomatturvaominaisuudet: pohjassa PTC-naulaanastumissuoja ja k\u00e4rjess\u00e4metalliton komposiittik\u00e4rkisuoja. PU-v\u00e4lipohja ja monikerroksinen FX2Supreme -pohjallinen toimivat yhdess\u00e4 pehmusteena ja iskunvaimentimenas\u00e4\u00e4st\u00e4en selk\u00e4\u00e4. Vuori hengitt\u00e4v\u00e4\u00e4 polyamidia. PU-pinnoitettunahkap\u00e4\u00e4llinen hylkii vett\u00e4 ja lunta. Kenkien kiinnitys k\u00e4y yhdell\u00e4ranneliikkeell\u00e4 rullalukon ansiosta. Lesti: normaali<\/p>\n<p>Hakusanat: turvajalkineet, turvakenk\u00e4, turvakeng\u00e4t, nilkkuri<\/p>\n","protected":false},"excerpt":{"rendered":"<p>Tilaustuote. Tuotteella on normaalia pidempi toimitusaika.Tilaustuotteella ei ole palautusoikeutta. Turvajalkineet ovat kokonaan metallittomat, niiss\u00e4 on pehme\u00e4vuori jaVibram Arctic Grip -kitkapohja. Ergonominen turvakenk\u00e4 Jalas 1358 HeavyDuty Arctic Grip sopii erinomaisesti kokovuotiseen k\u00e4ytt\u00f6\u00f6n. VibramArctic Grip -ulkopohja est\u00e4\u00e4 kaatumiset my\u00f6s \u00e4\u00e4rimm\u00e4isen liukkailla,\u00f6ljyisill\u00e4 tai j\u00e4isill\u00e4 alustoilla. Jalkineissa on metallittomatturvaominaisuudet: pohjassa PTC-naulaanastumissuoja ja k\u00e4rjess\u00e4metalliton komposiittik\u00e4rkisuoja. PU-v\u00e4lipohja ja monikerroksinen FX2Supreme -pohjallinen [&hellip;]<\/p>\n","protected":false},"featured_media":92414,"comment_status":"open","ping_status":"closed","template":"","meta":[],"product_brand":[],"product_cat":[3415],"product_tag":[],"class_list":{"0":"post-91186","1":"product","2":"type-product","3":"status-publish","4":"has-post-thumbnail","6":"product_cat-henkilonsuojaimet-ja-tyoturvallisuus-jalkineet-turvakengat","8":"first","9":"instock","10":"shipping-taxable","11":"purchasable","12":"product-type-simple"},"_links":{"self":[{"href":"https:\/\/logistiikkakeskus.net\/kauppa\/wp-json\/wp\/v2\/product\/91186","targetHints":{"allow":["GET"]}}],"collection":[{"href":"https:\/\/logistiikkakeskus.net\/kauppa\/wp-json\/wp\/v2\/product"}],"about":[{"href":"https:\/\/logistiikkakeskus.net\/kauppa\/wp-json\/wp\/v2\/types\/product"}],"replies":[{"embeddable":true,"href":"https:\/\/logistiikkakeskus.net\/kauppa\/wp-json\/wp\/v2\/comments?post=91186"}],"wp:featuredmedia":[{"embeddable":true,"href":"https:\/\/logistiikkakeskus.net\/kauppa\/wp-json\/wp\/v2\/media\/92414"}],"wp:attachment":[{"href":"https:\/\/logistiikkakeskus.net\/kauppa\/wp-json\/wp\/v2\/media?parent=91186"}],"wp:term":[{"taxonomy":"product_brand","embeddable":true,"href":"https:\/\/logistiikkakeskus.net\/kauppa\/wp-json\/wp\/v2\/product_brand?post=91186"},{"taxonomy":"product_cat","embeddable":true,"href":"https:\/\/logistiikkakeskus.net\/kauppa\/wp-json\/wp\/v2\/product_cat?post=91186"},{"taxonomy":"product_tag","embeddable":true,"href":"https:\/\/logistiikkakeskus.net\/kauppa\/wp-json\/wp\/v2\/product_tag?post=91186"}],"curies":[{"name":"wp","href":"https:\/\/api.w.org\/{rel}","templated":true}]}}