{"id":90678,"date":"2024-03-11T11:28:18","date_gmt":"2024-03-11T09:28:18","guid":{"rendered":"https:\/\/logistiikkakeskus.net\/kauppa\/tuote\/linjastokyltti-jalkiruoka\/"},"modified":"2026-01-20T09:20:36","modified_gmt":"2026-01-20T07:20:36","slug":"linjastokyltti-jalkiruoka","status":"publish","type":"product","link":"https:\/\/logistiikkakeskus.net\/kauppa\/tuote\/linjastokyltti-jalkiruoka\/","title":{"rendered":"Linjastokyltti J\u00e4lkiruoka"},"content":{"rendered":"<p>500 x 200 mm, 5 mm polykarbonaatti. 2-puoleinen painatus.Mattalaminaatti p\u00e4\u00e4ll\u00e4.<\/p>\n<p><i>Hakusanat: palke, palvelupolku<\/i><\/p>\n","protected":false},"excerpt":{"rendered":"<p>500 x 200 mm, 5 mm polykarbonaatti. 2-puoleinen painatus.Mattalaminaatti p\u00e4\u00e4ll\u00e4. Hakusanat: palke, palvelupolku<\/p>\n","protected":false},"featured_media":92556,"comment_status":"open","ping_status":"closed","template":"","meta":[],"product_brand":[],"product_cat":[3123],"product_tag":[],"class_list":{"0":"post-90678","1":"product","2":"type-product","3":"status-publish","4":"has-post-thumbnail","6":"product_cat-toimistotarvikkeet-kokoushuone-ja-kongressitarvikkeet-esitetelineet-ja-kehykset","8":"first","9":"instock","10":"shipping-taxable","11":"purchasable","12":"product-type-simple"},"_links":{"self":[{"href":"https:\/\/logistiikkakeskus.net\/kauppa\/wp-json\/wp\/v2\/product\/90678","targetHints":{"allow":["GET"]}}],"collection":[{"href":"https:\/\/logistiikkakeskus.net\/kauppa\/wp-json\/wp\/v2\/product"}],"about":[{"href":"https:\/\/logistiikkakeskus.net\/kauppa\/wp-json\/wp\/v2\/types\/product"}],"replies":[{"embeddable":true,"href":"https:\/\/logistiikkakeskus.net\/kauppa\/wp-json\/wp\/v2\/comments?post=90678"}],"wp:featuredmedia":[{"embeddable":true,"href":"https:\/\/logistiikkakeskus.net\/kauppa\/wp-json\/wp\/v2\/media\/92556"}],"wp:attachment":[{"href":"https:\/\/logistiikkakeskus.net\/kauppa\/wp-json\/wp\/v2\/media?parent=90678"}],"wp:term":[{"taxonomy":"product_brand","embeddable":true,"href":"https:\/\/logistiikkakeskus.net\/kauppa\/wp-json\/wp\/v2\/product_brand?post=90678"},{"taxonomy":"product_cat","embeddable":true,"href":"https:\/\/logistiikkakeskus.net\/kauppa\/wp-json\/wp\/v2\/product_cat?post=90678"},{"taxonomy":"product_tag","embeddable":true,"href":"https:\/\/logistiikkakeskus.net\/kauppa\/wp-json\/wp\/v2\/product_tag?post=90678"}],"curies":[{"name":"wp","href":"https:\/\/api.w.org\/{rel}","templated":true}]}}