{"id":89030,"date":"2023-04-05T10:07:28","date_gmt":"2023-04-05T07:07:28","guid":{"rendered":"https:\/\/logistiikkakeskus.net\/kauppa\/tuote\/helsinki-reisitaskuhousut-miesten-152\/"},"modified":"2026-01-20T09:19:15","modified_gmt":"2026-01-20T07:19:15","slug":"helsinki-reisitaskuhousut-miesten-152","status":"publish","type":"product","link":"https:\/\/logistiikkakeskus.net\/kauppa\/tuote\/helsinki-reisitaskuhousut-miesten-152\/","title":{"rendered":"Helsinki Reisitaskuhousut miesten 152"},"content":{"rendered":"<p>TILAUSTUOTE.TUOTEELLA NORMAALIA PIDEMPI TOIMITUSAIKA.Mustat reisitaskuhousut Helsinki painatuksellaOminaisuudet: joustovy\u00f6t\u00e4r\u00f6, farkkutaskut, Isot kannelliset reisitaskut,matkapuhelintasku, takataskut, toinen nepparisuljennalla,polvisuojataskut sis\u00e4puolella.V\u00e4ri:MustaMateriaalit: 64 prosenttia polyesteri, 34 Prosenttia puuvilla,             2 prosenttia elastaaniHakusana: housut, ty\u00f6housut, Helsinki, reisitasku<\/p>\n","protected":false},"excerpt":{"rendered":"<p>TILAUSTUOTE.TUOTEELLA NORMAALIA PIDEMPI TOIMITUSAIKA.Mustat reisitaskuhousut Helsinki painatuksellaOminaisuudet: joustovy\u00f6t\u00e4r\u00f6, farkkutaskut, Isot kannelliset reisitaskut,matkapuhelintasku, takataskut, toinen nepparisuljennalla,polvisuojataskut sis\u00e4puolella.V\u00e4ri:MustaMateriaalit: 64 prosenttia polyesteri, 34 Prosenttia puuvilla, 2 prosenttia elastaaniHakusana: housut, ty\u00f6housut, Helsinki, reisitasku<\/p>\n","protected":false},"featured_media":104021,"comment_status":"open","ping_status":"closed","template":"","meta":[],"product_brand":[],"product_cat":[3412],"product_tag":[],"class_list":{"0":"post-89030","1":"product","2":"type-product","3":"status-publish","4":"has-post-thumbnail","6":"product_cat-vaatteet-tyovaatteet-stara-kesavaatteet","8":"first","9":"instock","10":"shipping-taxable","11":"purchasable","12":"product-type-simple"},"_links":{"self":[{"href":"https:\/\/logistiikkakeskus.net\/kauppa\/wp-json\/wp\/v2\/product\/89030","targetHints":{"allow":["GET"]}}],"collection":[{"href":"https:\/\/logistiikkakeskus.net\/kauppa\/wp-json\/wp\/v2\/product"}],"about":[{"href":"https:\/\/logistiikkakeskus.net\/kauppa\/wp-json\/wp\/v2\/types\/product"}],"replies":[{"embeddable":true,"href":"https:\/\/logistiikkakeskus.net\/kauppa\/wp-json\/wp\/v2\/comments?post=89030"}],"wp:featuredmedia":[{"embeddable":true,"href":"https:\/\/logistiikkakeskus.net\/kauppa\/wp-json\/wp\/v2\/media\/104021"}],"wp:attachment":[{"href":"https:\/\/logistiikkakeskus.net\/kauppa\/wp-json\/wp\/v2\/media?parent=89030"}],"wp:term":[{"taxonomy":"product_brand","embeddable":true,"href":"https:\/\/logistiikkakeskus.net\/kauppa\/wp-json\/wp\/v2\/product_brand?post=89030"},{"taxonomy":"product_cat","embeddable":true,"href":"https:\/\/logistiikkakeskus.net\/kauppa\/wp-json\/wp\/v2\/product_cat?post=89030"},{"taxonomy":"product_tag","embeddable":true,"href":"https:\/\/logistiikkakeskus.net\/kauppa\/wp-json\/wp\/v2\/product_tag?post=89030"}],"curies":[{"name":"wp","href":"https:\/\/api.w.org\/{rel}","templated":true}]}}