{"id":78515,"date":"2022-12-01T10:00:17","date_gmt":"2022-12-01T10:00:17","guid":{"rendered":"https:\/\/logistiikkakeskus.net\/kauppa\/tuote\/rengaskyretti-ster-kk-7mm-dermal\/"},"modified":"2025-03-25T14:45:53","modified_gmt":"2025-03-25T12:45:53","slug":"rengaskyretti-ster-kk-7mm-dermal","status":"publish","type":"product","link":"https:\/\/logistiikkakeskus.net\/kauppa\/tuote\/rengaskyretti-ster-kk-7mm-dermal\/","title":{"rendered":"Rengaskyretti ster kk 7mm Dermal"},"content":{"rendered":"<p>Myyntiyksikk\u00f6 RAS (20kpl)<\/p>\n<h2>Rengaskyretti Dermal 7mm,kertak\u00e4ytt\u00f6inen<\/h2>\n<ul>\n<li>Kai Medical-ihokyretit ovatkertak\u00e4ytt\u00f6isi\u00e4 jasteriilej\u00e4\n<li>pituus :15cm\n<li>renkaan halkaisija: 7mm\n<li>sopivatkirurgiaan,dermatologiaan,jalkahoitoihin,el\u00e4inl\u00e4\u00e4kint\u00e4\u00e4n yms.\n<li>varressaon kohokuvioitu kohomerkint\u00e4\n<li>ter\u00e4 ruotumatonta ter\u00e4st\u00e4\n<li>ter\u00e4 soveltuu hyvin pehmeille ja hauraille kudoksille\n<li>materiaali: ruostumaton ter\u00e4s,PP<\/ul>\n<ul><b>Soveltuvat hyvin mm. seuraavanlaisiinpieniinihokirurgisiin toimenpiteisiin:<\/b><\/p>\n<li>n\u00e4ytteenottoon ep\u00e4ilt\u00e4ess\u00e4 kasvainta\n<li>ihokasvainten ja syylienpoistoon<\/ul>\n<p><i><br \/>hakusanat:ihokyretti,curette,rengaskyretti,ihokirurgia<\/i><\/p>\n","protected":false},"excerpt":{"rendered":"<p>Myyntiyksikk\u00f6 RAS (20kpl) Rengaskyretti Dermal 7mm,kertak\u00e4ytt\u00f6inen Kai Medical-ihokyretit ovatkertak\u00e4ytt\u00f6isi\u00e4 jasteriilej\u00e4 pituus :15cm renkaan halkaisija: 7mm sopivatkirurgiaan,dermatologiaan,jalkahoitoihin,el\u00e4inl\u00e4\u00e4kint\u00e4\u00e4n yms. varressaon kohokuvioitu kohomerkint\u00e4 ter\u00e4 ruotumatonta ter\u00e4st\u00e4 ter\u00e4 soveltuu hyvin pehmeille ja hauraille kudoksille materiaali: ruostumaton ter\u00e4s,PP Soveltuvat hyvin mm. seuraavanlaisiinpieniinihokirurgisiin toimenpiteisiin: n\u00e4ytteenottoon ep\u00e4ilt\u00e4ess\u00e4 kasvainta ihokasvainten ja syylienpoistoon hakusanat:ihokyretti,curette,rengaskyretti,ihokirurgia<\/p>\n","protected":false},"featured_media":0,"comment_status":"open","ping_status":"closed","template":"","meta":[],"product_brand":[],"product_cat":[3489],"product_tag":[],"class_list":{"0":"post-78515","1":"product","2":"type-product","3":"status-publish","5":"product_cat-hoitotarvikkeet-terveydenhoidon-tarvikkeet-naytteenottotarvikkeet","7":"first","8":"instock","9":"shipping-taxable","10":"purchasable","11":"product-type-simple"},"_links":{"self":[{"href":"https:\/\/logistiikkakeskus.net\/kauppa\/wp-json\/wp\/v2\/product\/78515","targetHints":{"allow":["GET"]}}],"collection":[{"href":"https:\/\/logistiikkakeskus.net\/kauppa\/wp-json\/wp\/v2\/product"}],"about":[{"href":"https:\/\/logistiikkakeskus.net\/kauppa\/wp-json\/wp\/v2\/types\/product"}],"replies":[{"embeddable":true,"href":"https:\/\/logistiikkakeskus.net\/kauppa\/wp-json\/wp\/v2\/comments?post=78515"}],"wp:attachment":[{"href":"https:\/\/logistiikkakeskus.net\/kauppa\/wp-json\/wp\/v2\/media?parent=78515"}],"wp:term":[{"taxonomy":"product_brand","embeddable":true,"href":"https:\/\/logistiikkakeskus.net\/kauppa\/wp-json\/wp\/v2\/product_brand?post=78515"},{"taxonomy":"product_cat","embeddable":true,"href":"https:\/\/logistiikkakeskus.net\/kauppa\/wp-json\/wp\/v2\/product_cat?post=78515"},{"taxonomy":"product_tag","embeddable":true,"href":"https:\/\/logistiikkakeskus.net\/kauppa\/wp-json\/wp\/v2\/product_tag?post=78515"}],"curies":[{"name":"wp","href":"https:\/\/api.w.org\/{rel}","templated":true}]}}