{"id":78456,"date":"2022-12-01T09:59:55","date_gmt":"2022-12-01T09:59:55","guid":{"rendered":"https:\/\/logistiikkakeskus.net\/kauppa\/tuote\/atula-elcon-vierasesine-suora-9cm\/"},"modified":"2026-01-20T09:20:30","modified_gmt":"2026-01-20T07:20:30","slug":"atula-elcon-vierasesine-suora-9cm","status":"publish","type":"product","link":"https:\/\/logistiikkakeskus.net\/kauppa\/tuote\/atula-elcon-vierasesine-suora-9cm\/","title":{"rendered":"Atula, Elcon vierasesine suora 9cm"},"content":{"rendered":"<p>myyntiyksikk\u00f6 KPL, ryhm\u00e4pakkaus 12 kpl\/ras<\/p>\n<h2>Elcon tikkuatula suora pituus 9,0 cm<\/h2>\n<p>Tehdaspuhtaat ter\u00e4v\u00e4k\u00e4rkiset veirasesineatulatjolla saa esimerkiksi ihon alle menneist\u00e4puutikuista hyv\u00e4n otteen. Atuloiden kokonaispituuson 90 mm. Materiaalina kirurgin ter\u00e4s joka kest\u00e4\u00e4hyvin steriloinnin.<\/p>\n<p><i><br \/>hakusanat: Atulat, pinsetit, kirurgiset,anatomiset, instrumentit, toimenpideinstrumentit,tikkuatla,tikkuatulat,tikkupinsetit suora 9cm<\/i><\/p>\n","protected":false},"excerpt":{"rendered":"<p>myyntiyksikk\u00f6 KPL, ryhm\u00e4pakkaus 12 kpl\/ras Elcon tikkuatula suora pituus 9,0 cm Tehdaspuhtaat ter\u00e4v\u00e4k\u00e4rkiset veirasesineatulatjolla saa esimerkiksi ihon alle menneist\u00e4puutikuista hyv\u00e4n otteen. Atuloiden kokonaispituuson 90 mm. Materiaalina kirurgin ter\u00e4s joka kest\u00e4\u00e4hyvin steriloinnin. hakusanat: Atulat, pinsetit, kirurgiset,anatomiset, instrumentit, toimenpideinstrumentit,tikkuatla,tikkuatulat,tikkupinsetit suora 9cm<\/p>\n","protected":false},"featured_media":104700,"comment_status":"open","ping_status":"closed","template":"","meta":[],"product_brand":[],"product_cat":[3484],"product_tag":[],"class_list":{"0":"post-78456","1":"product","2":"type-product","3":"status-publish","4":"has-post-thumbnail","6":"product_cat-hoitotarvikkeet-instrumentit-atulat","8":"first","9":"instock","10":"shipping-taxable","11":"purchasable","12":"product-type-simple"},"_links":{"self":[{"href":"https:\/\/logistiikkakeskus.net\/kauppa\/wp-json\/wp\/v2\/product\/78456","targetHints":{"allow":["GET"]}}],"collection":[{"href":"https:\/\/logistiikkakeskus.net\/kauppa\/wp-json\/wp\/v2\/product"}],"about":[{"href":"https:\/\/logistiikkakeskus.net\/kauppa\/wp-json\/wp\/v2\/types\/product"}],"replies":[{"embeddable":true,"href":"https:\/\/logistiikkakeskus.net\/kauppa\/wp-json\/wp\/v2\/comments?post=78456"}],"wp:featuredmedia":[{"embeddable":true,"href":"https:\/\/logistiikkakeskus.net\/kauppa\/wp-json\/wp\/v2\/media\/104700"}],"wp:attachment":[{"href":"https:\/\/logistiikkakeskus.net\/kauppa\/wp-json\/wp\/v2\/media?parent=78456"}],"wp:term":[{"taxonomy":"product_brand","embeddable":true,"href":"https:\/\/logistiikkakeskus.net\/kauppa\/wp-json\/wp\/v2\/product_brand?post=78456"},{"taxonomy":"product_cat","embeddable":true,"href":"https:\/\/logistiikkakeskus.net\/kauppa\/wp-json\/wp\/v2\/product_cat?post=78456"},{"taxonomy":"product_tag","embeddable":true,"href":"https:\/\/logistiikkakeskus.net\/kauppa\/wp-json\/wp\/v2\/product_tag?post=78456"}],"curies":[{"name":"wp","href":"https:\/\/api.w.org\/{rel}","templated":true}]}}