{"id":78041,"date":"2022-12-01T09:57:24","date_gmt":"2022-12-01T09:57:24","guid":{"rendered":"https:\/\/logistiikkakeskus.net\/kauppa\/tuote\/vanu-puuvilla-100-80g\/"},"modified":"2026-01-20T09:20:12","modified_gmt":"2026-01-20T07:20:12","slug":"vanu-puuvilla-100-80g","status":"publish","type":"product","link":"https:\/\/logistiikkakeskus.net\/kauppa\/tuote\/vanu-puuvilla-100-80g\/","title":{"rendered":"Vanu puuvilla 100% 80g"},"content":{"rendered":"<p>myyntiyksikk\u00f6 PSS (80g), ryhm\u00e4pak. 12 pss\/ltk<\/p>\n<h2>Helmi puuvillavanu 80g, p\u00e4ivitt\u00e4ishygieniaan<\/h2>\n<ul>\n<li>Hemi irtovanu\n<li>k\u00e4ytt\u00e4m\u00e4ll\u00e4 perinteist\u00e4vanua voit ottaa juuri sen m\u00e4\u00e4r\u00e4n kuin kerralla tarvit\n<li>irtovanu sopii mm. ihon puhdistukseen\n<li>helmi vanuon 100% luonnonpuuvillaa <i>eik\u00e4 se sis\u00e4ll\u00e4 hajusteitatai v\u00e4riaineita<\/i>\n<li> kehitetty yhteisty\u00f6ss\u00e4 Allergia-ja astmaliiton kanssa,ja siksi se sopii herkimm\u00e4llekiniholle<\/ul>\n<p><i><br \/>hakusanat:vanupyyhe, puhdistuslappu, pumpulivanu, meikkivanu, puhdistuspumpuli, puhdistuspyyhe, puhdistusvanu, meikkipumpuli, helmivanu<\/i><\/p>\n","protected":false},"excerpt":{"rendered":"<p>myyntiyksikk\u00f6 PSS (80g), ryhm\u00e4pak. 12 pss\/ltk Helmi puuvillavanu 80g, p\u00e4ivitt\u00e4ishygieniaan Hemi irtovanu k\u00e4ytt\u00e4m\u00e4ll\u00e4 perinteist\u00e4vanua voit ottaa juuri sen m\u00e4\u00e4r\u00e4n kuin kerralla tarvit irtovanu sopii mm. ihon puhdistukseen helmi vanuon 100% luonnonpuuvillaa eik\u00e4 se sis\u00e4ll\u00e4 hajusteitatai v\u00e4riaineita kehitetty yhteisty\u00f6ss\u00e4 Allergia-ja astmaliiton kanssa,ja siksi se sopii herkimm\u00e4llekiniholle hakusanat:vanupyyhe, puhdistuslappu, pumpulivanu, meikkivanu, puhdistuspumpuli, puhdistuspyyhe, puhdistusvanu, meikkipumpuli, helmivanu<\/p>\n","protected":false},"featured_media":104533,"comment_status":"open","ping_status":"closed","template":"","meta":[],"product_brand":[],"product_cat":[3449],"product_tag":[],"class_list":{"0":"post-78041","1":"product","2":"type-product","3":"status-publish","4":"has-post-thumbnail","6":"product_cat-hoitotarvikkeet-henkilokohtainen-hygienia-vanutuotteet","8":"first","9":"instock","10":"shipping-taxable","11":"purchasable","12":"product-type-simple"},"_links":{"self":[{"href":"https:\/\/logistiikkakeskus.net\/kauppa\/wp-json\/wp\/v2\/product\/78041","targetHints":{"allow":["GET"]}}],"collection":[{"href":"https:\/\/logistiikkakeskus.net\/kauppa\/wp-json\/wp\/v2\/product"}],"about":[{"href":"https:\/\/logistiikkakeskus.net\/kauppa\/wp-json\/wp\/v2\/types\/product"}],"replies":[{"embeddable":true,"href":"https:\/\/logistiikkakeskus.net\/kauppa\/wp-json\/wp\/v2\/comments?post=78041"}],"wp:featuredmedia":[{"embeddable":true,"href":"https:\/\/logistiikkakeskus.net\/kauppa\/wp-json\/wp\/v2\/media\/104533"}],"wp:attachment":[{"href":"https:\/\/logistiikkakeskus.net\/kauppa\/wp-json\/wp\/v2\/media?parent=78041"}],"wp:term":[{"taxonomy":"product_brand","embeddable":true,"href":"https:\/\/logistiikkakeskus.net\/kauppa\/wp-json\/wp\/v2\/product_brand?post=78041"},{"taxonomy":"product_cat","embeddable":true,"href":"https:\/\/logistiikkakeskus.net\/kauppa\/wp-json\/wp\/v2\/product_cat?post=78041"},{"taxonomy":"product_tag","embeddable":true,"href":"https:\/\/logistiikkakeskus.net\/kauppa\/wp-json\/wp\/v2\/product_tag?post=78041"}],"curies":[{"name":"wp","href":"https:\/\/api.w.org\/{rel}","templated":true}]}}