{"id":78032,"date":"2022-12-01T09:57:21","date_gmt":"2022-12-01T09:57:21","guid":{"rendered":"https:\/\/logistiikkakeskus.net\/kauppa\/tuote\/hammasharja-aikuisten-pepsodent-pro-soft\/"},"modified":"2026-01-20T09:20:12","modified_gmt":"2026-01-20T07:20:12","slug":"hammasharja-aikuisten-pepsodent-pro-soft","status":"publish","type":"product","link":"https:\/\/logistiikkakeskus.net\/kauppa\/tuote\/hammasharja-aikuisten-pepsodent-pro-soft\/","title":{"rendered":"Hammasharja aikuisten Pepsodent Pro Soft"},"content":{"rendered":"<p>myyntiyksikk\u00f6 KPL, ryhm\u00e4pakkaus 12 kpl\/ltk <\/p>\n<h2>Hammasharja Pepsodent Professional Soft<\/h2>\n<ul>\n<li>harjaksen kovuus: Soft\n<li>hammasharjanjoustava varsi auttaa v\u00e4hent\u00e4m\u00e4\u00e4n hampaiden harjauksenaikana ikeniin kohdistuvaa painetta\n<li>muotoiltu harjasosa puhdistaa hampaat huolleisesti,mutta hell\u00e4varaisesti\n<li> v\u00e4rilajitelma 12 kappaleen laatikossa\n<li>toimitammesattumanvaraisen v\u00e4rin varastotilanteen mukaan\n<li>yksitt\u00e4ispakattuja<\/ul>\n<p><i><br \/>hakusanat: Hammasharja aikuisten,pehme\u00e4 yksitt\u00e4inpakattu <\/i><\/p>\n","protected":false},"excerpt":{"rendered":"<p>myyntiyksikk\u00f6 KPL, ryhm\u00e4pakkaus 12 kpl\/ltk Hammasharja Pepsodent Professional Soft harjaksen kovuus: Soft hammasharjanjoustava varsi auttaa v\u00e4hent\u00e4m\u00e4\u00e4n hampaiden harjauksenaikana ikeniin kohdistuvaa painetta muotoiltu harjasosa puhdistaa hampaat huolleisesti,mutta hell\u00e4varaisesti v\u00e4rilajitelma 12 kappaleen laatikossa toimitammesattumanvaraisen v\u00e4rin varastotilanteen mukaan yksitt\u00e4ispakattuja hakusanat: Hammasharja aikuisten,pehme\u00e4 yksitt\u00e4inpakattu<\/p>\n","protected":false},"featured_media":104529,"comment_status":"open","ping_status":"closed","template":"","meta":[],"product_brand":[],"product_cat":[3279],"product_tag":[],"class_list":{"0":"post-78032","1":"product","2":"type-product","3":"status-publish","4":"has-post-thumbnail","6":"product_cat-hoitotarvikkeet-henkilokohtainen-hygienia-hygieniatarvikkeet","8":"first","9":"instock","10":"shipping-taxable","11":"purchasable","12":"product-type-simple"},"_links":{"self":[{"href":"https:\/\/logistiikkakeskus.net\/kauppa\/wp-json\/wp\/v2\/product\/78032","targetHints":{"allow":["GET"]}}],"collection":[{"href":"https:\/\/logistiikkakeskus.net\/kauppa\/wp-json\/wp\/v2\/product"}],"about":[{"href":"https:\/\/logistiikkakeskus.net\/kauppa\/wp-json\/wp\/v2\/types\/product"}],"replies":[{"embeddable":true,"href":"https:\/\/logistiikkakeskus.net\/kauppa\/wp-json\/wp\/v2\/comments?post=78032"}],"wp:featuredmedia":[{"embeddable":true,"href":"https:\/\/logistiikkakeskus.net\/kauppa\/wp-json\/wp\/v2\/media\/104529"}],"wp:attachment":[{"href":"https:\/\/logistiikkakeskus.net\/kauppa\/wp-json\/wp\/v2\/media?parent=78032"}],"wp:term":[{"taxonomy":"product_brand","embeddable":true,"href":"https:\/\/logistiikkakeskus.net\/kauppa\/wp-json\/wp\/v2\/product_brand?post=78032"},{"taxonomy":"product_cat","embeddable":true,"href":"https:\/\/logistiikkakeskus.net\/kauppa\/wp-json\/wp\/v2\/product_cat?post=78032"},{"taxonomy":"product_tag","embeddable":true,"href":"https:\/\/logistiikkakeskus.net\/kauppa\/wp-json\/wp\/v2\/product_tag?post=78032"}],"curies":[{"name":"wp","href":"https:\/\/api.w.org\/{rel}","templated":true}]}}