{"id":78010,"date":"2022-12-01T09:57:13","date_gmt":"2022-12-01T09:57:13","guid":{"rendered":"https:\/\/logistiikkakeskus.net\/kauppa\/tuote\/ihovoide-kasi-100ml-hajustamaton\/"},"modified":"2026-01-20T09:20:12","modified_gmt":"2026-01-20T07:20:12","slug":"ihovoide-kasi-100ml-hajustamaton","status":"publish","type":"product","link":"https:\/\/logistiikkakeskus.net\/kauppa\/tuote\/ihovoide-kasi-100ml-hajustamaton\/","title":{"rendered":"Ihovoide k\u00e4si 100ml hajustamaton"},"content":{"rendered":"<p>myyntiyksikk\u00f6 KPL(100 ml)<\/p>\n<h2>Avalon k\u00e4sivoide 100 ml hajusteeton<\/h2>\n<ul>\n<li>V\u00e4riaineeton ja hajusteeton\n<li>mieto hoitava k\u00e4sivoide\n<li>Sis\u00e4lt\u00e4\u00e4 stearaatteja,joidenansiosta voide imeytyy nopeammin\n<li>Kostetuttaa hyvin,muttei tunnu rasvaiselta\n<li>Sis\u00e4lt\u00e4\u00e4 ihon kosteudens\u00e4ilytt\u00e4vi\u00e4 aineosia<\/ul>\n<p>Toimittajan tuotenro: 2100<\/p>\n<p><i>hakusanat: ihovoide, k\u00e4sivoide, suojavoide,hoitava, ihovoiteet, k\u00e4sivoiteet, suojavoiteet<\/i><\/p>\n","protected":false},"excerpt":{"rendered":"<p>myyntiyksikk\u00f6 KPL(100 ml) Avalon k\u00e4sivoide 100 ml hajusteeton V\u00e4riaineeton ja hajusteeton mieto hoitava k\u00e4sivoide Sis\u00e4lt\u00e4\u00e4 stearaatteja,joidenansiosta voide imeytyy nopeammin Kostetuttaa hyvin,muttei tunnu rasvaiselta Sis\u00e4lt\u00e4\u00e4 ihon kosteudens\u00e4ilytt\u00e4vi\u00e4 aineosia Toimittajan tuotenro: 2100 hakusanat: ihovoide, k\u00e4sivoide, suojavoide,hoitava, ihovoiteet, k\u00e4sivoiteet, suojavoiteet<\/p>\n","protected":false},"featured_media":104522,"comment_status":"open","ping_status":"closed","template":"","meta":[],"product_brand":[],"product_cat":[3279],"product_tag":[],"class_list":{"0":"post-78010","1":"product","2":"type-product","3":"status-publish","4":"has-post-thumbnail","6":"product_cat-hoitotarvikkeet-henkilokohtainen-hygienia-hygieniatarvikkeet","8":"first","9":"instock","10":"shipping-taxable","11":"purchasable","12":"product-type-simple"},"_links":{"self":[{"href":"https:\/\/logistiikkakeskus.net\/kauppa\/wp-json\/wp\/v2\/product\/78010","targetHints":{"allow":["GET"]}}],"collection":[{"href":"https:\/\/logistiikkakeskus.net\/kauppa\/wp-json\/wp\/v2\/product"}],"about":[{"href":"https:\/\/logistiikkakeskus.net\/kauppa\/wp-json\/wp\/v2\/types\/product"}],"replies":[{"embeddable":true,"href":"https:\/\/logistiikkakeskus.net\/kauppa\/wp-json\/wp\/v2\/comments?post=78010"}],"wp:featuredmedia":[{"embeddable":true,"href":"https:\/\/logistiikkakeskus.net\/kauppa\/wp-json\/wp\/v2\/media\/104522"}],"wp:attachment":[{"href":"https:\/\/logistiikkakeskus.net\/kauppa\/wp-json\/wp\/v2\/media?parent=78010"}],"wp:term":[{"taxonomy":"product_brand","embeddable":true,"href":"https:\/\/logistiikkakeskus.net\/kauppa\/wp-json\/wp\/v2\/product_brand?post=78010"},{"taxonomy":"product_cat","embeddable":true,"href":"https:\/\/logistiikkakeskus.net\/kauppa\/wp-json\/wp\/v2\/product_cat?post=78010"},{"taxonomy":"product_tag","embeddable":true,"href":"https:\/\/logistiikkakeskus.net\/kauppa\/wp-json\/wp\/v2\/product_tag?post=78010"}],"curies":[{"name":"wp","href":"https:\/\/api.w.org\/{rel}","templated":true}]}}