{"id":77998,"date":"2022-12-01T09:57:09","date_gmt":"2022-12-01T09:57:09","guid":{"rendered":"https:\/\/logistiikkakeskus.net\/kauppa\/tuote\/ihooljy-avalon-500ml-pumppuplo-hajuton\/"},"modified":"2026-01-20T09:20:11","modified_gmt":"2026-01-20T07:20:11","slug":"ihooljy-avalon-500ml-pumppuplo-hajuton","status":"publish","type":"product","link":"https:\/\/logistiikkakeskus.net\/kauppa\/tuote\/ihooljy-avalon-500ml-pumppuplo-hajuton\/","title":{"rendered":"Iho\u00f6ljy Avalon 500ml pumppuplo hajuton"},"content":{"rendered":"<p>myyntiyksikk\u00f6 PLO (500ml), Ryhm\u00e4pakkaus 6 plo\/ltk <\/p>\n<h2>Avalon iho\u00f6ljy hajusteeton 500ml pumppupullo<\/h2>\n<ul>\n<li>vaativan,herk\u00e4n ja kuivan ihonhoitoon\n<li>palauttaa kuivan ihon tasapainon\n<li><b>hajustamaton,v\u00e4riaineeton<\/b>\n<li>tuote eisis\u00e4ll\u00e4 vett\u00e4\n<li>imeytyy nopeasti ja palauttaaihon luonnollisen kosteustasapainon<\/ul>\n<p><i><br \/>hakusanat: iho\u00f6ljy,\u00f6ljy,Avalon,hajusteeton,pumppupullo<\/i><\/p>\n","protected":false},"excerpt":{"rendered":"<p>myyntiyksikk\u00f6 PLO (500ml), Ryhm\u00e4pakkaus 6 plo\/ltk Avalon iho\u00f6ljy hajusteeton 500ml pumppupullo vaativan,herk\u00e4n ja kuivan ihonhoitoon palauttaa kuivan ihon tasapainon hajustamaton,v\u00e4riaineeton tuote eisis\u00e4ll\u00e4 vett\u00e4 imeytyy nopeasti ja palauttaaihon luonnollisen kosteustasapainon hakusanat: iho\u00f6ljy,\u00f6ljy,Avalon,hajusteeton,pumppupullo<\/p>\n","protected":false},"featured_media":104518,"comment_status":"open","ping_status":"closed","template":"","meta":[],"product_brand":[],"product_cat":[3279],"product_tag":[],"class_list":{"0":"post-77998","1":"product","2":"type-product","3":"status-publish","4":"has-post-thumbnail","6":"product_cat-hoitotarvikkeet-henkilokohtainen-hygienia-hygieniatarvikkeet","8":"first","9":"instock","10":"shipping-taxable","11":"purchasable","12":"product-type-simple"},"_links":{"self":[{"href":"https:\/\/logistiikkakeskus.net\/kauppa\/wp-json\/wp\/v2\/product\/77998","targetHints":{"allow":["GET"]}}],"collection":[{"href":"https:\/\/logistiikkakeskus.net\/kauppa\/wp-json\/wp\/v2\/product"}],"about":[{"href":"https:\/\/logistiikkakeskus.net\/kauppa\/wp-json\/wp\/v2\/types\/product"}],"replies":[{"embeddable":true,"href":"https:\/\/logistiikkakeskus.net\/kauppa\/wp-json\/wp\/v2\/comments?post=77998"}],"wp:featuredmedia":[{"embeddable":true,"href":"https:\/\/logistiikkakeskus.net\/kauppa\/wp-json\/wp\/v2\/media\/104518"}],"wp:attachment":[{"href":"https:\/\/logistiikkakeskus.net\/kauppa\/wp-json\/wp\/v2\/media?parent=77998"}],"wp:term":[{"taxonomy":"product_brand","embeddable":true,"href":"https:\/\/logistiikkakeskus.net\/kauppa\/wp-json\/wp\/v2\/product_brand?post=77998"},{"taxonomy":"product_cat","embeddable":true,"href":"https:\/\/logistiikkakeskus.net\/kauppa\/wp-json\/wp\/v2\/product_cat?post=77998"},{"taxonomy":"product_tag","embeddable":true,"href":"https:\/\/logistiikkakeskus.net\/kauppa\/wp-json\/wp\/v2\/product_tag?post=77998"}],"curies":[{"name":"wp","href":"https:\/\/api.w.org\/{rel}","templated":true}]}}