{"id":77974,"date":"2022-12-01T09:57:00","date_gmt":"2022-12-01T09:57:00","guid":{"rendered":"https:\/\/logistiikkakeskus.net\/kauppa\/tuote\/ihonpesuneste-soft-care-wash-1l-dispenso\/"},"modified":"2026-01-20T09:20:10","modified_gmt":"2026-01-20T07:20:10","slug":"ihonpesuneste-soft-care-wash-1l-dispenso","status":"publish","type":"product","link":"https:\/\/logistiikkakeskus.net\/kauppa\/tuote\/ihonpesuneste-soft-care-wash-1l-dispenso\/","title":{"rendered":"Ihonpesuneste Soft Care Sensitive 1Ldisp"},"content":{"rendered":"<p>Myyntiyksikk\u00f6 PLO (1000ml), ryhm\u00e4pak. 6 plo\/ltk<\/p>\n<h2>SoftCare Washpesuneste 1 litra dispensopac H2<\/h2>\n<ul>\n<li>Mieto Soft Care Washpesuneste onkehitettyerityisesti herk\u00e4lle iholle tiiviiss\u00e4yhteisty\u00f6ss\u00e4ihotautien asiantuntijoiden kanssa\n<li>miedonkoostumuksensaansiosta sopii usein toistuvaan k\u00e4sienpesuunmm.terveydenhoitolaitoksissa,p\u00e4iv\u00e4kodeissa,suurkeitti\u00f6iss\u00e4jaelintarviketeollisuudessa\n<li>pesuneste sopii my\u00f6s vartalonjahiustenpesuun.<\/ul>\n<ul><b>Ominaisuudet:<\/b>Vastuullinen<\/p>\n<li>Soft Care Washsis\u00e4lt\u00e4\u00e4 ihoa hoitavaa ainetta,glyseriini\u00e4\n<li><b>ei sis\u00e4ll\u00e4v\u00e4ri\u00e4 eik\u00e4hajustetta<\/b>\n<li>ihoyst\u00e4v\u00e4llisyyson testattudermatoloisesti\n<li>yksipainallusannostelulaitteella antaa n. 1,5ml\n<li>ymp\u00e4rist\u00f6my\u00f6t\u00e4inen,joutsenmerkki<\/ul>\n<ul><b>Yhteensopivat tuotteet:<\/b><\/p>\n<li><i>608350 Annostin Dispenso-sein\u00e4teline lyhyt vipu\n<li>608360Annostin Dispenso-sein\u00e4teline pitk\u00e4 vipu<\/i><\/ul>\n<p><i><br \/>hakusanat:Ihonpesu,pesu, saippua, dispenso<\/p>\n","protected":false},"excerpt":{"rendered":"<p>Myyntiyksikk\u00f6 PLO (1000ml), ryhm\u00e4pak. 6 plo\/ltk SoftCare Washpesuneste 1 litra dispensopac H2 Mieto Soft Care Washpesuneste onkehitettyerityisesti herk\u00e4lle iholle tiiviiss\u00e4yhteisty\u00f6ss\u00e4ihotautien asiantuntijoiden kanssa miedonkoostumuksensaansiosta sopii usein toistuvaan k\u00e4sienpesuunmm.terveydenhoitolaitoksissa,p\u00e4iv\u00e4kodeissa,suurkeitti\u00f6iss\u00e4jaelintarviketeollisuudessa pesuneste sopii my\u00f6s vartalonjahiustenpesuun. Ominaisuudet:Vastuullinen Soft Care Washsis\u00e4lt\u00e4\u00e4 ihoa hoitavaa ainetta,glyseriini\u00e4 ei sis\u00e4ll\u00e4v\u00e4ri\u00e4 eik\u00e4hajustetta ihoyst\u00e4v\u00e4llisyyson testattudermatoloisesti yksipainallusannostelulaitteella antaa n. 1,5ml ymp\u00e4rist\u00f6my\u00f6t\u00e4inen,joutsenmerkki Yhteensopivat tuotteet: 608350 Annostin Dispenso-sein\u00e4teline lyhyt vipu [&hellip;]<\/p>\n","protected":false},"featured_media":104506,"comment_status":"open","ping_status":"closed","template":"","meta":[],"product_brand":[],"product_cat":[3446],"product_tag":[],"class_list":{"0":"post-77974","1":"product","2":"type-product","3":"status-publish","4":"has-post-thumbnail","6":"product_cat-hoitotarvikkeet-henkilokohtainen-hygienia-ihon-pesunesteet","8":"first","9":"instock","10":"shipping-taxable","11":"purchasable","12":"product-type-simple"},"_links":{"self":[{"href":"https:\/\/logistiikkakeskus.net\/kauppa\/wp-json\/wp\/v2\/product\/77974","targetHints":{"allow":["GET"]}}],"collection":[{"href":"https:\/\/logistiikkakeskus.net\/kauppa\/wp-json\/wp\/v2\/product"}],"about":[{"href":"https:\/\/logistiikkakeskus.net\/kauppa\/wp-json\/wp\/v2\/types\/product"}],"replies":[{"embeddable":true,"href":"https:\/\/logistiikkakeskus.net\/kauppa\/wp-json\/wp\/v2\/comments?post=77974"}],"wp:featuredmedia":[{"embeddable":true,"href":"https:\/\/logistiikkakeskus.net\/kauppa\/wp-json\/wp\/v2\/media\/104506"}],"wp:attachment":[{"href":"https:\/\/logistiikkakeskus.net\/kauppa\/wp-json\/wp\/v2\/media?parent=77974"}],"wp:term":[{"taxonomy":"product_brand","embeddable":true,"href":"https:\/\/logistiikkakeskus.net\/kauppa\/wp-json\/wp\/v2\/product_brand?post=77974"},{"taxonomy":"product_cat","embeddable":true,"href":"https:\/\/logistiikkakeskus.net\/kauppa\/wp-json\/wp\/v2\/product_cat?post=77974"},{"taxonomy":"product_tag","embeddable":true,"href":"https:\/\/logistiikkakeskus.net\/kauppa\/wp-json\/wp\/v2\/product_tag?post=77974"}],"curies":[{"name":"wp","href":"https:\/\/api.w.org\/{rel}","templated":true}]}}