{"id":77972,"date":"2022-12-01T09:57:00","date_gmt":"2022-12-01T09:57:00","guid":{"rendered":"https:\/\/logistiikkakeskus.net\/kauppa\/tuote\/suihkushampoo-avalon-500ml-pumppupullo\/"},"modified":"2026-01-20T09:20:10","modified_gmt":"2026-01-20T07:20:10","slug":"suihkushampoo-avalon-500ml-pumppupullo","status":"publish","type":"product","link":"https:\/\/logistiikkakeskus.net\/kauppa\/tuote\/suihkushampoo-avalon-500ml-pumppupullo\/","title":{"rendered":"Suihkushampoo Avalon 500ml pumppupullo"},"content":{"rendered":"<p>Myyntiyksikk\u00f6 PLO (500ml), ryhm\u00e4pak. 6 plo\/ltk<\/p>\n<h2>Avalon shampoo 500ml pumppupullo<\/h2>\n<ul>\n<li>hiuksille ja koko vartalolle\n<li>mieto yleisshampoo kaikille hiustyypille\n<li>uuteshampoo ravitsee jakuntouttaa hiuspohjaa\n<li>antaa iholle pehmeytt\u00e4 sek\u00e4est\u00e4\u00e4 kuivumista\n<li>mieto tuoksu\n<li>v\u00e4riaineeton\n<li>pH5,5<\/ul>\n<p><i><br \/>hakusanat: Ihonpesu,pesuneste,hiustenpesu,k\u00e4denpesu,k\u00e4sienpesu<\/i><\/p>\n","protected":false},"excerpt":{"rendered":"<p>Myyntiyksikk\u00f6 PLO (500ml), ryhm\u00e4pak. 6 plo\/ltk Avalon shampoo 500ml pumppupullo hiuksille ja koko vartalolle mieto yleisshampoo kaikille hiustyypille uuteshampoo ravitsee jakuntouttaa hiuspohjaa antaa iholle pehmeytt\u00e4 sek\u00e4est\u00e4\u00e4 kuivumista mieto tuoksu v\u00e4riaineeton pH5,5 hakusanat: Ihonpesu,pesuneste,hiustenpesu,k\u00e4denpesu,k\u00e4sienpesu<\/p>\n","protected":false},"featured_media":104505,"comment_status":"open","ping_status":"closed","template":"","meta":[],"product_brand":[],"product_cat":[3446],"product_tag":[],"class_list":{"0":"post-77972","1":"product","2":"type-product","3":"status-publish","4":"has-post-thumbnail","6":"product_cat-hoitotarvikkeet-henkilokohtainen-hygienia-ihon-pesunesteet","8":"first","9":"instock","10":"shipping-taxable","11":"purchasable","12":"product-type-simple"},"_links":{"self":[{"href":"https:\/\/logistiikkakeskus.net\/kauppa\/wp-json\/wp\/v2\/product\/77972","targetHints":{"allow":["GET"]}}],"collection":[{"href":"https:\/\/logistiikkakeskus.net\/kauppa\/wp-json\/wp\/v2\/product"}],"about":[{"href":"https:\/\/logistiikkakeskus.net\/kauppa\/wp-json\/wp\/v2\/types\/product"}],"replies":[{"embeddable":true,"href":"https:\/\/logistiikkakeskus.net\/kauppa\/wp-json\/wp\/v2\/comments?post=77972"}],"wp:featuredmedia":[{"embeddable":true,"href":"https:\/\/logistiikkakeskus.net\/kauppa\/wp-json\/wp\/v2\/media\/104505"}],"wp:attachment":[{"href":"https:\/\/logistiikkakeskus.net\/kauppa\/wp-json\/wp\/v2\/media?parent=77972"}],"wp:term":[{"taxonomy":"product_brand","embeddable":true,"href":"https:\/\/logistiikkakeskus.net\/kauppa\/wp-json\/wp\/v2\/product_brand?post=77972"},{"taxonomy":"product_cat","embeddable":true,"href":"https:\/\/logistiikkakeskus.net\/kauppa\/wp-json\/wp\/v2\/product_cat?post=77972"},{"taxonomy":"product_tag","embeddable":true,"href":"https:\/\/logistiikkakeskus.net\/kauppa\/wp-json\/wp\/v2\/product_tag?post=77972"}],"curies":[{"name":"wp","href":"https:\/\/api.w.org\/{rel}","templated":true}]}}