{"id":77964,"date":"2022-12-01T09:56:57","date_gmt":"2022-12-01T09:56:57","guid":{"rendered":"https:\/\/logistiikkakeskus.net\/kauppa\/tuote\/ihon-pesuvoide-500ml-pumppuplo-hajuton\/"},"modified":"2026-01-20T09:20:10","modified_gmt":"2026-01-20T07:20:10","slug":"ihon-pesuvoide-500ml-pumppuplo-hajuton","status":"publish","type":"product","link":"https:\/\/logistiikkakeskus.net\/kauppa\/tuote\/ihon-pesuvoide-500ml-pumppuplo-hajuton\/","title":{"rendered":"Ihon pesuvoide 500ml pumppuplo hajuton"},"content":{"rendered":"<p>myyntiyksikk\u00f6 PLO(500ml),Ryhm\u00e4pak. 6 plo\/ltk<\/p>\n<h2>Avalon hoitava ihon pesuemulsio 500ml,hajustamatonpumppupullo<\/h2>\n<ul>\n<li>ihon kuivumistaest\u00e4v\u00e4\n<li>voidemainen pesuemulsio,erityisesti vaippa-alueen iholle\n<li>voidetta voidaan k\u00e4ytt\u00e4\u00e4 my\u00f6s koko vartalolle\n<li>voide sek\u00e4 puhdistaa ett\u00e4 hoitaa ihoa\n<li>herk\u00e4lle ja kuivalleiholle\n<li>\u00f6ljy-vesiemulsio,on tarkoitettu k\u00e4yett\u00e4v\u00e4ksisaippuan sijasta\n<li>hajustamaton,v\u00e4riaineeton\n<li> eitarvitsehuuhtoa\n<li>pH 5.5<\/ul>\n<ul><b>Annosteluohje, vaippa-alueenpuhdistamiseen:<\/b><\/p>\n<li><i>pumppupullosta 1-2painallusta kosteaan pesukintaaseen<\/i><\/ul>\n<p>Toimittajan tuotenro: 6650<\/p>\n<p><i>hakusanat: pesuvoide, kuivapesu, ihonpesuvoide,ihonpuhdistusvoide, nestesaippuat, suihkusaippuat,k\u00e4sisaippuat<\/i><\/p>\n","protected":false},"excerpt":{"rendered":"<p>myyntiyksikk\u00f6 PLO(500ml),Ryhm\u00e4pak. 6 plo\/ltk Avalon hoitava ihon pesuemulsio 500ml,hajustamatonpumppupullo ihon kuivumistaest\u00e4v\u00e4 voidemainen pesuemulsio,erityisesti vaippa-alueen iholle voidetta voidaan k\u00e4ytt\u00e4\u00e4 my\u00f6s koko vartalolle voide sek\u00e4 puhdistaa ett\u00e4 hoitaa ihoa herk\u00e4lle ja kuivalleiholle \u00f6ljy-vesiemulsio,on tarkoitettu k\u00e4yett\u00e4v\u00e4ksisaippuan sijasta hajustamaton,v\u00e4riaineeton eitarvitsehuuhtoa pH 5.5 Annosteluohje, vaippa-alueenpuhdistamiseen: pumppupullosta 1-2painallusta kosteaan pesukintaaseen Toimittajan tuotenro: 6650 hakusanat: pesuvoide, kuivapesu, ihonpesuvoide,ihonpuhdistusvoide, nestesaippuat, suihkusaippuat,k\u00e4sisaippuat<\/p>\n","protected":false},"featured_media":104501,"comment_status":"open","ping_status":"closed","template":"","meta":[],"product_brand":[],"product_cat":[3446],"product_tag":[],"class_list":{"0":"post-77964","1":"product","2":"type-product","3":"status-publish","4":"has-post-thumbnail","6":"product_cat-hoitotarvikkeet-henkilokohtainen-hygienia-ihon-pesunesteet","8":"first","9":"instock","10":"shipping-taxable","11":"purchasable","12":"product-type-simple"},"_links":{"self":[{"href":"https:\/\/logistiikkakeskus.net\/kauppa\/wp-json\/wp\/v2\/product\/77964","targetHints":{"allow":["GET"]}}],"collection":[{"href":"https:\/\/logistiikkakeskus.net\/kauppa\/wp-json\/wp\/v2\/product"}],"about":[{"href":"https:\/\/logistiikkakeskus.net\/kauppa\/wp-json\/wp\/v2\/types\/product"}],"replies":[{"embeddable":true,"href":"https:\/\/logistiikkakeskus.net\/kauppa\/wp-json\/wp\/v2\/comments?post=77964"}],"wp:featuredmedia":[{"embeddable":true,"href":"https:\/\/logistiikkakeskus.net\/kauppa\/wp-json\/wp\/v2\/media\/104501"}],"wp:attachment":[{"href":"https:\/\/logistiikkakeskus.net\/kauppa\/wp-json\/wp\/v2\/media?parent=77964"}],"wp:term":[{"taxonomy":"product_brand","embeddable":true,"href":"https:\/\/logistiikkakeskus.net\/kauppa\/wp-json\/wp\/v2\/product_brand?post=77964"},{"taxonomy":"product_cat","embeddable":true,"href":"https:\/\/logistiikkakeskus.net\/kauppa\/wp-json\/wp\/v2\/product_cat?post=77964"},{"taxonomy":"product_tag","embeddable":true,"href":"https:\/\/logistiikkakeskus.net\/kauppa\/wp-json\/wp\/v2\/product_tag?post=77964"}],"curies":[{"name":"wp","href":"https:\/\/api.w.org\/{rel}","templated":true}]}}