{"id":77941,"date":"2022-12-01T09:56:49","date_gmt":"2022-12-01T09:56:49","guid":{"rendered":"https:\/\/logistiikkakeskus.net\/kauppa\/tuote\/kasidesiautomaatti-jalallinen\/"},"modified":"2026-01-20T09:20:08","modified_gmt":"2026-01-20T07:20:08","slug":"kasidesiautomaatti-jalallinen","status":"publish","type":"product","link":"https:\/\/logistiikkakeskus.net\/kauppa\/tuote\/kasidesiautomaatti-jalallinen\/","title":{"rendered":"K\u00e4sidesiautomaatti, jalallinen"},"content":{"rendered":"<h2>Delta D21S automaattinen k\u00e4sidesiannostelija jalalla<\/h2>\n<p>Automaattinen k\u00e4sidesiannostelija, jokaannostelee k\u00e4sin koskematta juuri sopivan m\u00e4\u00e4r\u00e4n k\u00e4sidesi\u00e4. Laitteen 1,2litran s\u00e4ili\u00f6st\u00e4 riitt\u00e4\u00e4 noin 1400 annosta. Laite toimii verkkovirrallatai paristoilla (paristot ja k\u00e4sihuuhde eiv\u00e4t sis\u00e4lly toimitukseen).<\/p>\n<p>Sis\u00e4lt\u00e4\u00e4 annostelijan, jalustan, tippakaukalon jataustakyltin.<\/p>\n<p>Laite toimii 4 x R14 1.5 V paristolla (tuotenro <b>34842<\/b>).<\/p>\n<p>Viiden litran k\u00e4sihuuhdekanisteri tuotenrolla <b>600250<\/b>.<\/p>\n<p>Mitat:<\/p>\n<ul>\n<li>Korkeus: 1220 mm\n<li>Alakupin korkeus: 950 mm\n<li>Korkeus ohjekyltin kanssa: 1420 mm<\/ul>\n<p><i>hakusanat: automaattiannostelija, annostelija<\/i><\/p>\n","protected":false},"excerpt":{"rendered":"<p>Delta D21S automaattinen k\u00e4sidesiannostelija jalalla Automaattinen k\u00e4sidesiannostelija, jokaannostelee k\u00e4sin koskematta juuri sopivan m\u00e4\u00e4r\u00e4n k\u00e4sidesi\u00e4. Laitteen 1,2litran s\u00e4ili\u00f6st\u00e4 riitt\u00e4\u00e4 noin 1400 annosta. Laite toimii verkkovirrallatai paristoilla (paristot ja k\u00e4sihuuhde eiv\u00e4t sis\u00e4lly toimitukseen). Sis\u00e4lt\u00e4\u00e4 annostelijan, jalustan, tippakaukalon jataustakyltin. Laite toimii 4 x R14 1.5 V paristolla (tuotenro 34842). Viiden litran k\u00e4sihuuhdekanisteri tuotenrolla 600250. Mitat: Korkeus: 1220 mm [&hellip;]<\/p>\n","protected":false},"featured_media":104492,"comment_status":"open","ping_status":"closed","template":"","meta":[],"product_brand":[],"product_cat":[3445],"product_tag":[],"class_list":{"0":"post-77941","1":"product","2":"type-product","3":"status-publish","4":"has-post-thumbnail","6":"product_cat-hoitotarvikkeet-annostelijat-astiat-ja-telineet-annostelijat","8":"first","9":"instock","10":"shipping-taxable","11":"purchasable","12":"product-type-simple"},"_links":{"self":[{"href":"https:\/\/logistiikkakeskus.net\/kauppa\/wp-json\/wp\/v2\/product\/77941","targetHints":{"allow":["GET"]}}],"collection":[{"href":"https:\/\/logistiikkakeskus.net\/kauppa\/wp-json\/wp\/v2\/product"}],"about":[{"href":"https:\/\/logistiikkakeskus.net\/kauppa\/wp-json\/wp\/v2\/types\/product"}],"replies":[{"embeddable":true,"href":"https:\/\/logistiikkakeskus.net\/kauppa\/wp-json\/wp\/v2\/comments?post=77941"}],"wp:featuredmedia":[{"embeddable":true,"href":"https:\/\/logistiikkakeskus.net\/kauppa\/wp-json\/wp\/v2\/media\/104492"}],"wp:attachment":[{"href":"https:\/\/logistiikkakeskus.net\/kauppa\/wp-json\/wp\/v2\/media?parent=77941"}],"wp:term":[{"taxonomy":"product_brand","embeddable":true,"href":"https:\/\/logistiikkakeskus.net\/kauppa\/wp-json\/wp\/v2\/product_brand?post=77941"},{"taxonomy":"product_cat","embeddable":true,"href":"https:\/\/logistiikkakeskus.net\/kauppa\/wp-json\/wp\/v2\/product_cat?post=77941"},{"taxonomy":"product_tag","embeddable":true,"href":"https:\/\/logistiikkakeskus.net\/kauppa\/wp-json\/wp\/v2\/product_tag?post=77941"}],"curies":[{"name":"wp","href":"https:\/\/api.w.org\/{rel}","templated":true}]}}