{"id":77925,"date":"2022-12-01T09:56:44","date_gmt":"2022-12-01T09:56:44","guid":{"rendered":"https:\/\/logistiikkakeskus.net\/kauppa\/tuote\/puhdistusaine-hydragel-750ml-esikasitt\/"},"modified":"2026-01-20T09:20:07","modified_gmt":"2026-01-20T07:20:07","slug":"puhdistusaine-hydragel-750ml-esikasitt","status":"publish","type":"product","link":"https:\/\/logistiikkakeskus.net\/kauppa\/tuote\/puhdistusaine-hydragel-750ml-esikasitt\/","title":{"rendered":"Puhdistusaine Hydragel 750ml, esik\u00e4sitt."},"content":{"rendered":"<p>myyntiyksikk\u00f6 PLO (750ml), ryhm\u00e4pak. 6 plo\/ltk <\/p>\n<h2>Esik\u00e4sittelyaineinstumenteille  Hydragel 750ml, suihkepullo<\/h2>\n<p>Sumutinpullossaolevak\u00e4ytt\u00f6valmis esik\u00e4sittelygeeli instrumenteille, joita ei pest\u00e4v\u00e4litt\u00f6m \u00e4sti k\u00e4yt\u00f6n j\u00e4lkeen. <\/p>\n<ul><b>Ominaisuudet:<\/b><\/p>\n<li>Est\u00e4\u00e4 liankuivumisen instrumentteihin\n<li>V\u00e4hent\u00e4\u00e4 radikaalisti mikrobienlis\u00e4\u00e4ntymist\u00e4 instumenttien  pinnalla\n<li>Vaikutusaika 5 vrk\n<li>Vesiliukoinen &#8211;  helppo huuhtoa pois\n<li>pH 9,0\n<li>K\u00e4ytt\u00f6kohteet:terveydenhuollon instrumenttien esik\u00e4sittely <\/ul>\n<p><i> <br \/>Toimittajan tuotenro. 8222 Kiiltoclean<br \/> hakusanat: instrumenttienesik\u00e4sittely, 40821 desinfektioaine, pintadesinfektioaine<\/i><\/p>\n","protected":false},"excerpt":{"rendered":"<p>myyntiyksikk\u00f6 PLO (750ml), ryhm\u00e4pak. 6 plo\/ltk Esik\u00e4sittelyaineinstumenteille Hydragel 750ml, suihkepullo Sumutinpullossaolevak\u00e4ytt\u00f6valmis esik\u00e4sittelygeeli instrumenteille, joita ei pest\u00e4v\u00e4litt\u00f6m \u00e4sti k\u00e4yt\u00f6n j\u00e4lkeen. Ominaisuudet: Est\u00e4\u00e4 liankuivumisen instrumentteihin V\u00e4hent\u00e4\u00e4 radikaalisti mikrobienlis\u00e4\u00e4ntymist\u00e4 instumenttien pinnalla Vaikutusaika 5 vrk Vesiliukoinen &#8211; helppo huuhtoa pois pH 9,0 K\u00e4ytt\u00f6kohteet:terveydenhuollon instrumenttien esik\u00e4sittely Toimittajan tuotenro. 8222 Kiiltoclean hakusanat: instrumenttienesik\u00e4sittely, 40821 desinfektioaine, pintadesinfektioaine<\/p>\n","protected":false},"featured_media":104485,"comment_status":"open","ping_status":"closed","template":"","meta":[],"product_brand":[],"product_cat":[3444],"product_tag":[],"class_list":{"0":"post-77925","1":"product","2":"type-product","3":"status-publish","4":"has-post-thumbnail","6":"product_cat-hoitotarvikkeet-desinfektio-instrumenttien-desinfektio","8":"first","9":"instock","10":"shipping-taxable","11":"purchasable","12":"product-type-simple"},"_links":{"self":[{"href":"https:\/\/logistiikkakeskus.net\/kauppa\/wp-json\/wp\/v2\/product\/77925","targetHints":{"allow":["GET"]}}],"collection":[{"href":"https:\/\/logistiikkakeskus.net\/kauppa\/wp-json\/wp\/v2\/product"}],"about":[{"href":"https:\/\/logistiikkakeskus.net\/kauppa\/wp-json\/wp\/v2\/types\/product"}],"replies":[{"embeddable":true,"href":"https:\/\/logistiikkakeskus.net\/kauppa\/wp-json\/wp\/v2\/comments?post=77925"}],"wp:featuredmedia":[{"embeddable":true,"href":"https:\/\/logistiikkakeskus.net\/kauppa\/wp-json\/wp\/v2\/media\/104485"}],"wp:attachment":[{"href":"https:\/\/logistiikkakeskus.net\/kauppa\/wp-json\/wp\/v2\/media?parent=77925"}],"wp:term":[{"taxonomy":"product_brand","embeddable":true,"href":"https:\/\/logistiikkakeskus.net\/kauppa\/wp-json\/wp\/v2\/product_brand?post=77925"},{"taxonomy":"product_cat","embeddable":true,"href":"https:\/\/logistiikkakeskus.net\/kauppa\/wp-json\/wp\/v2\/product_cat?post=77925"},{"taxonomy":"product_tag","embeddable":true,"href":"https:\/\/logistiikkakeskus.net\/kauppa\/wp-json\/wp\/v2\/product_tag?post=77925"}],"curies":[{"name":"wp","href":"https:\/\/api.w.org\/{rel}","templated":true}]}}