{"id":77912,"date":"2022-12-01T09:56:38","date_gmt":"2022-12-01T09:56:38","guid":{"rendered":"https:\/\/logistiikkakeskus.net\/kauppa\/tuote\/desinfektiopyyhe-cleanisept-wipes-pinnoi\/"},"modified":"2026-01-20T09:20:07","modified_gmt":"2026-01-20T07:20:07","slug":"desinfektiopyyhe-cleanisept-wipes-pinnoi","status":"publish","type":"product","link":"https:\/\/logistiikkakeskus.net\/kauppa\/tuote\/desinfektiopyyhe-cleanisept-wipes-pinnoi\/","title":{"rendered":"Desinfektiopyyhe Cleanisept Wipes pinnoi"},"content":{"rendered":"<p>myyntiyksikk\u00f6 PRK (100kpl),ryhm\u00e4pak 12 prk\/pak <\/p>\n<h2>Cleanisept Wipesdesinfektiopyyhe pinnoille <\/h2>\n<p>Desinfektiopyyhkeet ovatnukkaamatonta kuitukangasta.Clenisept Wipes desinfektiopyyhkeit\u00e4k\u00e4ytet\u00e4\u00e4n l\u00e4\u00e4kinn\u00e4llisten laitteiden ja v\u00e4lineiden pintojenpuhdistukseen ja desinfiointiin( MDD, luokka lla). Pyyhkeet sopivaterinomaisesti k\u00e4ytett\u00e4v\u00e4ksi ultar \u00e4\u00e4nilaitteiden ja antureidendesinfektioon,tuotteiden mukana tarkempi selvitys pyyhkeen sopivuudestaeri merkeille. Desinfektio- aineosa on pH:ltaan neutraali (pH6,5)jasoveltuu my\u00f6s herkille materiaaleille,esim.erilaiset muovit Tuotel\u00e4p\u00e4isee standardin EN13697.<\/p>\n<p><i><br \/>Toimittajan tuotenro: 8080 Kiilto Clean<br \/>hakusanat: Desinfe ktiop.<\/i><\/p>\n","protected":false},"excerpt":{"rendered":"<p>myyntiyksikk\u00f6 PRK (100kpl),ryhm\u00e4pak 12 prk\/pak Cleanisept Wipesdesinfektiopyyhe pinnoille Desinfektiopyyhkeet ovatnukkaamatonta kuitukangasta.Clenisept Wipes desinfektiopyyhkeit\u00e4k\u00e4ytet\u00e4\u00e4n l\u00e4\u00e4kinn\u00e4llisten laitteiden ja v\u00e4lineiden pintojenpuhdistukseen ja desinfiointiin( MDD, luokka lla). Pyyhkeet sopivaterinomaisesti k\u00e4ytett\u00e4v\u00e4ksi ultar \u00e4\u00e4nilaitteiden ja antureidendesinfektioon,tuotteiden mukana tarkempi selvitys pyyhkeen sopivuudestaeri merkeille. Desinfektio- aineosa on pH:ltaan neutraali (pH6,5)jasoveltuu my\u00f6s herkille materiaaleille,esim.erilaiset muovit Tuotel\u00e4p\u00e4isee standardin EN13697. Toimittajan tuotenro: 8080 Kiilto Cleanhakusanat: Desinfe [&hellip;]<\/p>\n","protected":false},"featured_media":104479,"comment_status":"open","ping_status":"closed","template":"","meta":[],"product_brand":[],"product_cat":[3275],"product_tag":[],"class_list":{"0":"post-77912","1":"product","2":"type-product","3":"status-publish","4":"has-post-thumbnail","6":"product_cat-hoitotarvikkeet-desinfektio-pintojen-desinfektio","8":"first","9":"instock","10":"shipping-taxable","11":"purchasable","12":"product-type-simple"},"_links":{"self":[{"href":"https:\/\/logistiikkakeskus.net\/kauppa\/wp-json\/wp\/v2\/product\/77912","targetHints":{"allow":["GET"]}}],"collection":[{"href":"https:\/\/logistiikkakeskus.net\/kauppa\/wp-json\/wp\/v2\/product"}],"about":[{"href":"https:\/\/logistiikkakeskus.net\/kauppa\/wp-json\/wp\/v2\/types\/product"}],"replies":[{"embeddable":true,"href":"https:\/\/logistiikkakeskus.net\/kauppa\/wp-json\/wp\/v2\/comments?post=77912"}],"wp:featuredmedia":[{"embeddable":true,"href":"https:\/\/logistiikkakeskus.net\/kauppa\/wp-json\/wp\/v2\/media\/104479"}],"wp:attachment":[{"href":"https:\/\/logistiikkakeskus.net\/kauppa\/wp-json\/wp\/v2\/media?parent=77912"}],"wp:term":[{"taxonomy":"product_brand","embeddable":true,"href":"https:\/\/logistiikkakeskus.net\/kauppa\/wp-json\/wp\/v2\/product_brand?post=77912"},{"taxonomy":"product_cat","embeddable":true,"href":"https:\/\/logistiikkakeskus.net\/kauppa\/wp-json\/wp\/v2\/product_cat?post=77912"},{"taxonomy":"product_tag","embeddable":true,"href":"https:\/\/logistiikkakeskus.net\/kauppa\/wp-json\/wp\/v2\/product_tag?post=77912"}],"curies":[{"name":"wp","href":"https:\/\/api.w.org\/{rel}","templated":true}]}}