{"id":77896,"date":"2022-12-01T09:56:33","date_gmt":"2022-12-01T09:56:33","guid":{"rendered":"https:\/\/logistiikkakeskus.net\/kauppa\/tuote\/desinfektioaine-klorilli-1l-klooripohja\/"},"modified":"2026-01-20T09:20:06","modified_gmt":"2026-01-20T07:20:06","slug":"desinfektioaine-klorilli-1l-klooripohja","status":"publish","type":"product","link":"https:\/\/logistiikkakeskus.net\/kauppa\/tuote\/desinfektioaine-klorilli-1l-klooripohja\/","title":{"rendered":"Desinfektioaine Klorilli 1L klooripohja"},"content":{"rendered":"<p>myyntiyksikk\u00f6 PLO (1L), ryhm\u00e4pakkaus 6 plo\/ltk<\/p>\n<h2>Erikoisdesinfektioaine Klorilli, 1 litra <\/h2>\n<p>Orgaanistaklooriyhdistett\u00e4 sis\u00e4lt\u00e4v\u00e4, pesev\u00e4 desinfioivaan puhdistukseen,instrumentti- ja v\u00e4linedesinfektioonja eritehradesinfektioon my\u00f6seristystilanteissa.<\/p>\n<ul><b>Ominaisuude t: <\/b><\/p>\n<li>Tehokas jamonik\u00e4ytt\u00f6inen desinfektioaine\n<li>Tuhoaa tehokkaasti bakteereja,viruksia ja sieni\u00e4\n<li>Aktiivikloori sidotussa muodossa, joten tuoksu onmieto\n<li>Aktiiviklooripitoisuus 2%\n<li> pH-arvo 12 (k\u00e4ytt\u00f6liuos)Tuotel\u00e4p\u00e4isee standardit EN13697,EN1276,<\/ul>\n<p><i><br \/> Toimittajan tuotenro.8109 Kiilto Clean<br \/> hakusanat: v\u00e4linehuolto, desinfektioaine, 40931desinfiointiaine, Klooripohjainen<\/i><\/p>\n","protected":false},"excerpt":{"rendered":"<p>myyntiyksikk\u00f6 PLO (1L), ryhm\u00e4pakkaus 6 plo\/ltk Erikoisdesinfektioaine Klorilli, 1 litra Orgaanistaklooriyhdistett\u00e4 sis\u00e4lt\u00e4v\u00e4, pesev\u00e4 desinfioivaan puhdistukseen,instrumentti- ja v\u00e4linedesinfektioonja eritehradesinfektioon my\u00f6seristystilanteissa. Ominaisuude t: Tehokas jamonik\u00e4ytt\u00f6inen desinfektioaine Tuhoaa tehokkaasti bakteereja,viruksia ja sieni\u00e4 Aktiivikloori sidotussa muodossa, joten tuoksu onmieto Aktiiviklooripitoisuus 2% pH-arvo 12 (k\u00e4ytt\u00f6liuos)Tuotel\u00e4p\u00e4isee standardit EN13697,EN1276, Toimittajan tuotenro.8109 Kiilto Clean hakusanat: v\u00e4linehuolto, desinfektioaine, 40931desinfiointiaine, Klooripohjainen<\/p>\n","protected":false},"featured_media":104471,"comment_status":"open","ping_status":"closed","template":"","meta":[],"product_brand":[],"product_cat":[3275],"product_tag":[],"class_list":{"0":"post-77896","1":"product","2":"type-product","3":"status-publish","4":"has-post-thumbnail","6":"product_cat-hoitotarvikkeet-desinfektio-pintojen-desinfektio","8":"first","9":"instock","10":"shipping-taxable","11":"purchasable","12":"product-type-simple"},"_links":{"self":[{"href":"https:\/\/logistiikkakeskus.net\/kauppa\/wp-json\/wp\/v2\/product\/77896","targetHints":{"allow":["GET"]}}],"collection":[{"href":"https:\/\/logistiikkakeskus.net\/kauppa\/wp-json\/wp\/v2\/product"}],"about":[{"href":"https:\/\/logistiikkakeskus.net\/kauppa\/wp-json\/wp\/v2\/types\/product"}],"replies":[{"embeddable":true,"href":"https:\/\/logistiikkakeskus.net\/kauppa\/wp-json\/wp\/v2\/comments?post=77896"}],"wp:featuredmedia":[{"embeddable":true,"href":"https:\/\/logistiikkakeskus.net\/kauppa\/wp-json\/wp\/v2\/media\/104471"}],"wp:attachment":[{"href":"https:\/\/logistiikkakeskus.net\/kauppa\/wp-json\/wp\/v2\/media?parent=77896"}],"wp:term":[{"taxonomy":"product_brand","embeddable":true,"href":"https:\/\/logistiikkakeskus.net\/kauppa\/wp-json\/wp\/v2\/product_brand?post=77896"},{"taxonomy":"product_cat","embeddable":true,"href":"https:\/\/logistiikkakeskus.net\/kauppa\/wp-json\/wp\/v2\/product_cat?post=77896"},{"taxonomy":"product_tag","embeddable":true,"href":"https:\/\/logistiikkakeskus.net\/kauppa\/wp-json\/wp\/v2\/product_tag?post=77896"}],"curies":[{"name":"wp","href":"https:\/\/api.w.org\/{rel}","templated":true}]}}