{"id":77180,"date":"2022-12-01T09:52:24","date_gmt":"2022-12-01T09:52:24","guid":{"rendered":"https:\/\/logistiikkakeskus.net\/kauppa\/tuote\/lexmark-c540x74g-kuvayksikko-4-varia\/"},"modified":"2025-10-15T10:21:12","modified_gmt":"2025-10-15T07:21:12","slug":"lexmark-c540x74g-kuvayksikko-4-varia","status":"publish","type":"product","link":"https:\/\/logistiikkakeskus.net\/kauppa\/tuote\/lexmark-c540x74g-kuvayksikko-4-varia\/","title":{"rendered":"Lexmark C540X74G kuvayksikk\u00f6 (4 v\u00e4ri\u00e4)"},"content":{"rendered":"<h2>Lexmark C540X74G -kuvayksikk\u00f6, musta+v\u00e4ri<\/h2>\n<p>Riittoisuus n. 30000 sivua.<\/p>\n<p>Sopii seuraaviin laitteisiin:<\/p>\n<ul>\n<li>C540n\n<li>C543dn\n<li>C544dn\n<li>C544dtn\n<li>C544dw\n<li>C544n\n<li>C546dtn\n<li>X543\n<li>X543dn\n<li>X544\n<li>X544dn\n<li>X544dtn\n<li>X544dw\n<li>X544n\n<li>X546dtn\n<li>X548de\n<li>X548dte<\/ul>\n<p>Toimittajan tuotenro: C540X74G<\/p>\n<p><i>hakusanat: kuvarumpu, kuvayksikk\u00f6, kuvansiirtoyksikk\u00f6<\/i><\/p>\n","protected":false},"excerpt":{"rendered":"<p>Lexmark C540X74G -kuvayksikk\u00f6, musta+v\u00e4ri Riittoisuus n. 30000 sivua. Sopii seuraaviin laitteisiin: C540n C543dn C544dn C544dtn C544dw C544n C546dtn X543 X543dn X544 X544dn X544dtn X544dw X544n X546dtn X548de X548dte Toimittajan tuotenro: C540X74G hakusanat: kuvarumpu, kuvayksikk\u00f6, kuvansiirtoyksikk\u00f6<\/p>\n","protected":false},"featured_media":0,"comment_status":"open","ping_status":"closed","template":"","meta":[],"product_brand":[],"product_cat":[3244],"product_tag":[],"class_list":{"0":"post-77180","1":"product","2":"type-product","3":"status-publish","5":"product_cat-it-toimisto-sahkolaitteet-ja-tarv-tulostustarvikkeet-laserkasetit-lexmark","7":"first","8":"instock","9":"shipping-taxable","10":"purchasable","11":"product-type-simple"},"_links":{"self":[{"href":"https:\/\/logistiikkakeskus.net\/kauppa\/wp-json\/wp\/v2\/product\/77180","targetHints":{"allow":["GET"]}}],"collection":[{"href":"https:\/\/logistiikkakeskus.net\/kauppa\/wp-json\/wp\/v2\/product"}],"about":[{"href":"https:\/\/logistiikkakeskus.net\/kauppa\/wp-json\/wp\/v2\/types\/product"}],"replies":[{"embeddable":true,"href":"https:\/\/logistiikkakeskus.net\/kauppa\/wp-json\/wp\/v2\/comments?post=77180"}],"wp:attachment":[{"href":"https:\/\/logistiikkakeskus.net\/kauppa\/wp-json\/wp\/v2\/media?parent=77180"}],"wp:term":[{"taxonomy":"product_brand","embeddable":true,"href":"https:\/\/logistiikkakeskus.net\/kauppa\/wp-json\/wp\/v2\/product_brand?post=77180"},{"taxonomy":"product_cat","embeddable":true,"href":"https:\/\/logistiikkakeskus.net\/kauppa\/wp-json\/wp\/v2\/product_cat?post=77180"},{"taxonomy":"product_tag","embeddable":true,"href":"https:\/\/logistiikkakeskus.net\/kauppa\/wp-json\/wp\/v2\/product_tag?post=77180"}],"curies":[{"name":"wp","href":"https:\/\/api.w.org\/{rel}","templated":true}]}}