{"id":76607,"date":"2022-12-01T09:49:11","date_gmt":"2022-12-01T09:49:11","guid":{"rendered":"https:\/\/logistiikkakeskus.net\/kauppa\/tuote\/pumppu-1l-wurth-kasienpuhdistusaineelle\/"},"modified":"2026-01-20T09:19:44","modified_gmt":"2026-01-20T07:19:44","slug":"pumppu-1l-wurth-kasienpuhdistusaineelle","status":"publish","type":"product","link":"https:\/\/logistiikkakeskus.net\/kauppa\/tuote\/pumppu-1l-wurth-kasienpuhdistusaineelle\/","title":{"rendered":"Pumppu 1L Wurth K\u00e4sienpuhdistusaineelle"},"content":{"rendered":"<p>Sopii Wurthin 1 L k\u00e4sienpuhdistuaineelle.Leveys: 110 mmKorkeus: 260 mmV\u00e4ri: Punainen<\/p>\n","protected":false},"excerpt":{"rendered":"<p>Sopii Wurthin 1 L k\u00e4sienpuhdistuaineelle.Leveys: 110 mmKorkeus: 260 mmV\u00e4ri: Punainen<\/p>\n","protected":false},"featured_media":104289,"comment_status":"open","ping_status":"closed","template":"","meta":[],"product_brand":[],"product_cat":[3397],"product_tag":[],"class_list":{"0":"post-76607","1":"product","2":"type-product","3":"status-publish","4":"has-post-thumbnail","6":"product_cat-kemikaalit-poltto-ja-voiteluaineet-tarvikkeet","8":"first","9":"instock","10":"shipping-taxable","11":"purchasable","12":"product-type-simple"},"_links":{"self":[{"href":"https:\/\/logistiikkakeskus.net\/kauppa\/wp-json\/wp\/v2\/product\/76607","targetHints":{"allow":["GET"]}}],"collection":[{"href":"https:\/\/logistiikkakeskus.net\/kauppa\/wp-json\/wp\/v2\/product"}],"about":[{"href":"https:\/\/logistiikkakeskus.net\/kauppa\/wp-json\/wp\/v2\/types\/product"}],"replies":[{"embeddable":true,"href":"https:\/\/logistiikkakeskus.net\/kauppa\/wp-json\/wp\/v2\/comments?post=76607"}],"wp:featuredmedia":[{"embeddable":true,"href":"https:\/\/logistiikkakeskus.net\/kauppa\/wp-json\/wp\/v2\/media\/104289"}],"wp:attachment":[{"href":"https:\/\/logistiikkakeskus.net\/kauppa\/wp-json\/wp\/v2\/media?parent=76607"}],"wp:term":[{"taxonomy":"product_brand","embeddable":true,"href":"https:\/\/logistiikkakeskus.net\/kauppa\/wp-json\/wp\/v2\/product_brand?post=76607"},{"taxonomy":"product_cat","embeddable":true,"href":"https:\/\/logistiikkakeskus.net\/kauppa\/wp-json\/wp\/v2\/product_cat?post=76607"},{"taxonomy":"product_tag","embeddable":true,"href":"https:\/\/logistiikkakeskus.net\/kauppa\/wp-json\/wp\/v2\/product_tag?post=76607"}],"curies":[{"name":"wp","href":"https:\/\/api.w.org\/{rel}","templated":true}]}}