{"id":76605,"date":"2022-12-01T09:49:11","date_gmt":"2022-12-01T09:49:11","guid":{"rendered":"https:\/\/logistiikkakeskus.net\/kauppa\/tuote\/kasienpesuaine-natural-wurth-1-l\/"},"modified":"2026-01-20T09:19:44","modified_gmt":"2026-01-20T07:19:44","slug":"kasienpesuaine-natural-wurth-1-l","status":"publish","type":"product","link":"https:\/\/logistiikkakeskus.net\/kauppa\/tuote\/kasienpesuaine-natural-wurth-1-l\/","title":{"rendered":"K\u00e4sienpesuaine Natural Wurth, 1 L"},"content":{"rendered":"<p>K\u00e4sienpuhdistusaine keskivaikealle ja vaikealle lialle. Aine sis\u00e4lt\u00e4\u00e4yhdistelm\u00e4n luonnollisesti kuorivia hiukkasia ja PU-hankausaineita.Syv\u00e4puhdistaa k\u00e4det ja poistaa niin \u00f6ljyn, rasvan, grafiitin jametallip\u00f6lyn kuin noenkin. Suojaa ja hoitaa ihoa. Dermatin-ihosuojaehk\u00e4isee iho\u00e4rsytyst\u00e4. Parannettu kosteuttava vaikutus, pH-neutraali, eisis\u00e4ll\u00e4 saippuaa. Dermatologisesti testattu. Biohajoava.Ymp\u00e4rist\u00f6yst\u00e4v\u00e4llinen. Ei aiheuta viem\u00e4ritukoksia. 1 L astia. Ei sis\u00e4ll\u00e4pumppua. Pumppu (427899) tilattava erikseen. Hakusanat:k\u00e4sienpuhdistusaine, k\u00e4sienpuhdistusvoide.vastuullinen<\/p>\n","protected":false},"excerpt":{"rendered":"<p>K\u00e4sienpuhdistusaine keskivaikealle ja vaikealle lialle. Aine sis\u00e4lt\u00e4\u00e4yhdistelm\u00e4n luonnollisesti kuorivia hiukkasia ja PU-hankausaineita.Syv\u00e4puhdistaa k\u00e4det ja poistaa niin \u00f6ljyn, rasvan, grafiitin jametallip\u00f6lyn kuin noenkin. Suojaa ja hoitaa ihoa. Dermatin-ihosuojaehk\u00e4isee iho\u00e4rsytyst\u00e4. Parannettu kosteuttava vaikutus, pH-neutraali, eisis\u00e4ll\u00e4 saippuaa. Dermatologisesti testattu. Biohajoava.Ymp\u00e4rist\u00f6yst\u00e4v\u00e4llinen. Ei aiheuta viem\u00e4ritukoksia. 1 L astia. Ei sis\u00e4ll\u00e4pumppua. Pumppu (427899) tilattava erikseen. Hakusanat:k\u00e4sienpuhdistusaine, k\u00e4sienpuhdistusvoide.vastuullinen<\/p>\n","protected":false},"featured_media":104288,"comment_status":"open","ping_status":"closed","template":"","meta":[],"product_brand":[],"product_cat":[3397],"product_tag":[],"class_list":{"0":"post-76605","1":"product","2":"type-product","3":"status-publish","4":"has-post-thumbnail","6":"product_cat-kemikaalit-poltto-ja-voiteluaineet-tarvikkeet","8":"first","9":"instock","10":"shipping-taxable","11":"purchasable","12":"product-type-simple"},"_links":{"self":[{"href":"https:\/\/logistiikkakeskus.net\/kauppa\/wp-json\/wp\/v2\/product\/76605","targetHints":{"allow":["GET"]}}],"collection":[{"href":"https:\/\/logistiikkakeskus.net\/kauppa\/wp-json\/wp\/v2\/product"}],"about":[{"href":"https:\/\/logistiikkakeskus.net\/kauppa\/wp-json\/wp\/v2\/types\/product"}],"replies":[{"embeddable":true,"href":"https:\/\/logistiikkakeskus.net\/kauppa\/wp-json\/wp\/v2\/comments?post=76605"}],"wp:featuredmedia":[{"embeddable":true,"href":"https:\/\/logistiikkakeskus.net\/kauppa\/wp-json\/wp\/v2\/media\/104288"}],"wp:attachment":[{"href":"https:\/\/logistiikkakeskus.net\/kauppa\/wp-json\/wp\/v2\/media?parent=76605"}],"wp:term":[{"taxonomy":"product_brand","embeddable":true,"href":"https:\/\/logistiikkakeskus.net\/kauppa\/wp-json\/wp\/v2\/product_brand?post=76605"},{"taxonomy":"product_cat","embeddable":true,"href":"https:\/\/logistiikkakeskus.net\/kauppa\/wp-json\/wp\/v2\/product_cat?post=76605"},{"taxonomy":"product_tag","embeddable":true,"href":"https:\/\/logistiikkakeskus.net\/kauppa\/wp-json\/wp\/v2\/product_tag?post=76605"}],"curies":[{"name":"wp","href":"https:\/\/api.w.org\/{rel}","templated":true}]}}