{"id":75945,"date":"2022-12-01T09:45:22","date_gmt":"2022-12-01T09:45:22","guid":{"rendered":"https:\/\/logistiikkakeskus.net\/kauppa\/tuote\/kampanaula-34-50x29-ks-2080-kpl\/"},"modified":"2025-10-15T10:20:35","modified_gmt":"2025-10-15T07:20:35","slug":"kampanaula-34-50x29-ks-2080-kpl","status":"publish","type":"product","link":"https:\/\/logistiikkakeskus.net\/kauppa\/tuote\/kampanaula-34-50x29-ks-2080-kpl\/","title":{"rendered":"Kampanaula 34\u00b0 50&#215;2,9 KS 2080 kpl"},"content":{"rendered":"<p>Laadukkaat sertifioidut vajaakantaiset konenaulat. 34-asteinenpaperiteippisidoksinen kamparakenne. Naulan sinkitys t\u00e4ytt\u00e4\u00e4 voimassaolevan eurostandardin. Pakkauskoko 2080 kpl.<\/p>\n","protected":false},"excerpt":{"rendered":"<p>Laadukkaat sertifioidut vajaakantaiset konenaulat. 34-asteinenpaperiteippisidoksinen kamparakenne. Naulan sinkitys t\u00e4ytt\u00e4\u00e4 voimassaolevan eurostandardin. Pakkauskoko 2080 kpl.<\/p>\n","protected":false},"featured_media":0,"comment_status":"open","ping_status":"closed","template":"","meta":[],"product_brand":[],"product_cat":[3278],"product_tag":[],"class_list":{"0":"post-75945","1":"product","2":"type-product","3":"status-publish","5":"product_cat-rakennustarvikkeet-pienrauta-ja-kiiinnikkeet-naulat-ja-ruuvit","7":"first","8":"instock","9":"shipping-taxable","10":"purchasable","11":"product-type-simple"},"_links":{"self":[{"href":"https:\/\/logistiikkakeskus.net\/kauppa\/wp-json\/wp\/v2\/product\/75945","targetHints":{"allow":["GET"]}}],"collection":[{"href":"https:\/\/logistiikkakeskus.net\/kauppa\/wp-json\/wp\/v2\/product"}],"about":[{"href":"https:\/\/logistiikkakeskus.net\/kauppa\/wp-json\/wp\/v2\/types\/product"}],"replies":[{"embeddable":true,"href":"https:\/\/logistiikkakeskus.net\/kauppa\/wp-json\/wp\/v2\/comments?post=75945"}],"wp:attachment":[{"href":"https:\/\/logistiikkakeskus.net\/kauppa\/wp-json\/wp\/v2\/media?parent=75945"}],"wp:term":[{"taxonomy":"product_brand","embeddable":true,"href":"https:\/\/logistiikkakeskus.net\/kauppa\/wp-json\/wp\/v2\/product_brand?post=75945"},{"taxonomy":"product_cat","embeddable":true,"href":"https:\/\/logistiikkakeskus.net\/kauppa\/wp-json\/wp\/v2\/product_cat?post=75945"},{"taxonomy":"product_tag","embeddable":true,"href":"https:\/\/logistiikkakeskus.net\/kauppa\/wp-json\/wp\/v2\/product_tag?post=75945"}],"curies":[{"name":"wp","href":"https:\/\/api.w.org\/{rel}","templated":true}]}}