{"id":75789,"date":"2022-12-01T09:44:22","date_gmt":"2022-12-01T09:44:22","guid":{"rendered":"https:\/\/logistiikkakeskus.net\/kauppa\/tuote\/tarramatto-115x60-cm-10-kpl\/"},"modified":"2026-01-20T09:19:33","modified_gmt":"2026-01-20T07:19:33","slug":"tarramatto-115x60-cm-10-kpl","status":"publish","type":"product","link":"https:\/\/logistiikkakeskus.net\/kauppa\/tuote\/tarramatto-115x60-cm-10-kpl\/","title":{"rendered":"Tarramatto 115&#215;60 cm (60 kalvoa)"},"content":{"rendered":"<p>Helppo ja tehokas tapa est\u00e4\u00e4 kengiss\u00e4 kulkeutuva p\u00f6ly ja lika &#8211; sopiierinomaisesti linjasaneerauksiin ja muihin remontti- jarakennuskohteisiin sek\u00e4 puhdastiloihin. Yhdess\u00e4 tarramatossa on 30kerrosta. T\u00e4ydess\u00e4 laatikossa on 10 tarramattoa. Tarramatot myyd\u00e4\u00e4nlaatikoittain.<\/p>\n","protected":false},"excerpt":{"rendered":"<p>Helppo ja tehokas tapa est\u00e4\u00e4 kengiss\u00e4 kulkeutuva p\u00f6ly ja lika &#8211; sopiierinomaisesti linjasaneerauksiin ja muihin remontti- jarakennuskohteisiin sek\u00e4 puhdastiloihin. Yhdess\u00e4 tarramatossa on 30kerrosta. T\u00e4ydess\u00e4 laatikossa on 10 tarramattoa. Tarramatot myyd\u00e4\u00e4nlaatikoittain.<\/p>\n","protected":false},"featured_media":104181,"comment_status":"open","ping_status":"closed","template":"","meta":[],"product_brand":[],"product_cat":[3356],"product_tag":[],"class_list":{"0":"post-75789","1":"product","2":"type-product","3":"status-publish","4":"has-post-thumbnail","6":"product_cat-rakennustarvikkeet-pienrauta-ja-kiiinnikkeet-rak-paperit-ja-muovit","8":"first","9":"instock","10":"shipping-taxable","11":"purchasable","12":"product-type-simple"},"_links":{"self":[{"href":"https:\/\/logistiikkakeskus.net\/kauppa\/wp-json\/wp\/v2\/product\/75789","targetHints":{"allow":["GET"]}}],"collection":[{"href":"https:\/\/logistiikkakeskus.net\/kauppa\/wp-json\/wp\/v2\/product"}],"about":[{"href":"https:\/\/logistiikkakeskus.net\/kauppa\/wp-json\/wp\/v2\/types\/product"}],"replies":[{"embeddable":true,"href":"https:\/\/logistiikkakeskus.net\/kauppa\/wp-json\/wp\/v2\/comments?post=75789"}],"wp:featuredmedia":[{"embeddable":true,"href":"https:\/\/logistiikkakeskus.net\/kauppa\/wp-json\/wp\/v2\/media\/104181"}],"wp:attachment":[{"href":"https:\/\/logistiikkakeskus.net\/kauppa\/wp-json\/wp\/v2\/media?parent=75789"}],"wp:term":[{"taxonomy":"product_brand","embeddable":true,"href":"https:\/\/logistiikkakeskus.net\/kauppa\/wp-json\/wp\/v2\/product_brand?post=75789"},{"taxonomy":"product_cat","embeddable":true,"href":"https:\/\/logistiikkakeskus.net\/kauppa\/wp-json\/wp\/v2\/product_cat?post=75789"},{"taxonomy":"product_tag","embeddable":true,"href":"https:\/\/logistiikkakeskus.net\/kauppa\/wp-json\/wp\/v2\/product_tag?post=75789"}],"curies":[{"name":"wp","href":"https:\/\/api.w.org\/{rel}","templated":true}]}}