{"id":75664,"date":"2022-12-01T09:43:38","date_gmt":"2022-12-01T09:43:38","guid":{"rendered":"https:\/\/logistiikkakeskus.net\/kauppa\/tuote\/kuituvahvistettu-muovisakki-570x950-mm\/"},"modified":"2026-01-20T09:19:28","modified_gmt":"2026-01-20T07:19:28","slug":"kuituvahvistettu-muovisakki-570x950-mm","status":"publish","type":"product","link":"https:\/\/logistiikkakeskus.net\/kauppa\/tuote\/kuituvahvistettu-muovisakki-570x950-mm\/","title":{"rendered":"Kuituvahvistettu muovis\u00e4kki, 570&#215;950 mm"},"content":{"rendered":"<p>Muovikuituvahvistettu muovis\u00e4kki(PP+PE sis\u00e4s\u00e4kki),570&#215;950 mmMyyntier\u00e4: 1 kpl (50 kpl\/nippu)hakusanat: kuitus\u00e4kki, rakennusj\u00e4tes\u00e4kki<\/p>\n","protected":false},"excerpt":{"rendered":"<p>Muovikuituvahvistettu muovis\u00e4kki(PP+PE sis\u00e4s\u00e4kki),570&#215;950 mmMyyntier\u00e4: 1 kpl (50 kpl\/nippu)hakusanat: kuitus\u00e4kki, rakennusj\u00e4tes\u00e4kki<\/p>\n","protected":false},"featured_media":104137,"comment_status":"open","ping_status":"closed","template":"","meta":[],"product_brand":[],"product_cat":[3356],"product_tag":[],"class_list":{"0":"post-75664","1":"product","2":"type-product","3":"status-publish","4":"has-post-thumbnail","6":"product_cat-rakennustarvikkeet-pienrauta-ja-kiiinnikkeet-rak-paperit-ja-muovit","8":"first","9":"instock","10":"shipping-taxable","11":"purchasable","12":"product-type-simple"},"_links":{"self":[{"href":"https:\/\/logistiikkakeskus.net\/kauppa\/wp-json\/wp\/v2\/product\/75664","targetHints":{"allow":["GET"]}}],"collection":[{"href":"https:\/\/logistiikkakeskus.net\/kauppa\/wp-json\/wp\/v2\/product"}],"about":[{"href":"https:\/\/logistiikkakeskus.net\/kauppa\/wp-json\/wp\/v2\/types\/product"}],"replies":[{"embeddable":true,"href":"https:\/\/logistiikkakeskus.net\/kauppa\/wp-json\/wp\/v2\/comments?post=75664"}],"wp:featuredmedia":[{"embeddable":true,"href":"https:\/\/logistiikkakeskus.net\/kauppa\/wp-json\/wp\/v2\/media\/104137"}],"wp:attachment":[{"href":"https:\/\/logistiikkakeskus.net\/kauppa\/wp-json\/wp\/v2\/media?parent=75664"}],"wp:term":[{"taxonomy":"product_brand","embeddable":true,"href":"https:\/\/logistiikkakeskus.net\/kauppa\/wp-json\/wp\/v2\/product_brand?post=75664"},{"taxonomy":"product_cat","embeddable":true,"href":"https:\/\/logistiikkakeskus.net\/kauppa\/wp-json\/wp\/v2\/product_cat?post=75664"},{"taxonomy":"product_tag","embeddable":true,"href":"https:\/\/logistiikkakeskus.net\/kauppa\/wp-json\/wp\/v2\/product_tag?post=75664"}],"curies":[{"name":"wp","href":"https:\/\/api.w.org\/{rel}","templated":true}]}}