{"id":75640,"date":"2022-12-01T09:43:31","date_gmt":"2022-12-01T09:43:31","guid":{"rendered":"https:\/\/logistiikkakeskus.net\/kauppa\/tuote\/city-roska-astian-avain-kulmamalli\/"},"modified":"2026-01-20T09:19:28","modified_gmt":"2026-01-20T07:19:28","slug":"city-roska-astian-avain-kulmamalli","status":"publish","type":"product","link":"https:\/\/logistiikkakeskus.net\/kauppa\/tuote\/city-roska-astian-avain-kulmamalli\/","title":{"rendered":"City-roska-astian avain, kulmamalli"},"content":{"rendered":"<p>Perinteinen kulma-mallinen roska-astian avain. Metallinen avain onkest\u00e4v\u00e4 ja se sopii Malkit ja City roska- sek\u00e4 tuhka-astioihin.hakusana: roskiksen avain<\/p>\n","protected":false},"excerpt":{"rendered":"<p>Perinteinen kulma-mallinen roska-astian avain. Metallinen avain onkest\u00e4v\u00e4 ja se sopii Malkit ja City roska- sek\u00e4 tuhka-astioihin.hakusana: roskiksen avain<\/p>\n","protected":false},"featured_media":104131,"comment_status":"open","ping_status":"closed","template":"","meta":[],"product_brand":[],"product_cat":[3323],"product_tag":[],"class_list":{"0":"post-75640","1":"product","2":"type-product","3":"status-publish","4":"has-post-thumbnail","6":"product_cat-kiinteistotarvikkeet-muut-tuotteet-kiinteistotuotteet","8":"first","9":"instock","10":"shipping-taxable","11":"purchasable","12":"product-type-simple"},"_links":{"self":[{"href":"https:\/\/logistiikkakeskus.net\/kauppa\/wp-json\/wp\/v2\/product\/75640","targetHints":{"allow":["GET"]}}],"collection":[{"href":"https:\/\/logistiikkakeskus.net\/kauppa\/wp-json\/wp\/v2\/product"}],"about":[{"href":"https:\/\/logistiikkakeskus.net\/kauppa\/wp-json\/wp\/v2\/types\/product"}],"replies":[{"embeddable":true,"href":"https:\/\/logistiikkakeskus.net\/kauppa\/wp-json\/wp\/v2\/comments?post=75640"}],"wp:featuredmedia":[{"embeddable":true,"href":"https:\/\/logistiikkakeskus.net\/kauppa\/wp-json\/wp\/v2\/media\/104131"}],"wp:attachment":[{"href":"https:\/\/logistiikkakeskus.net\/kauppa\/wp-json\/wp\/v2\/media?parent=75640"}],"wp:term":[{"taxonomy":"product_brand","embeddable":true,"href":"https:\/\/logistiikkakeskus.net\/kauppa\/wp-json\/wp\/v2\/product_brand?post=75640"},{"taxonomy":"product_cat","embeddable":true,"href":"https:\/\/logistiikkakeskus.net\/kauppa\/wp-json\/wp\/v2\/product_cat?post=75640"},{"taxonomy":"product_tag","embeddable":true,"href":"https:\/\/logistiikkakeskus.net\/kauppa\/wp-json\/wp\/v2\/product_tag?post=75640"}],"curies":[{"name":"wp","href":"https:\/\/api.w.org\/{rel}","templated":true}]}}