{"id":75582,"date":"2022-12-01T09:43:10","date_gmt":"2022-12-01T09:43:10","guid":{"rendered":"https:\/\/logistiikkakeskus.net\/kauppa\/tuote\/puolivisiiri-kask-plasma-v2-kirkas\/"},"modified":"2025-03-25T14:43:49","modified_gmt":"2025-03-25T12:43:49","slug":"puolivisiiri-kask-plasma-v2-kirkas","status":"publish","type":"product","link":"https:\/\/logistiikkakeskus.net\/kauppa\/tuote\/puolivisiiri-kask-plasma-v2-kirkas\/","title":{"rendered":"Puolivisiiri Kask Plasma V2 kirkas"},"content":{"rendered":"<p>Kirkas puolivisiiri Kask Plasma kyp\u00e4riinInnovatiivinen polykarbonaattivisiiri, jossa naarmuilta suojaava lakkausja huurtumisen est\u00e4v\u00e4 pinnoite sis\u00e4puolella.Yl\u00e4reunan kumilista suojaa putoamisessa, ja reunan leikkaus varmistaaerinomaisen k\u00e4ytt\u00f6mukavuuden.Ergonominen panoraamalinssi mahdollistaa omien silm\u00e4lasien k\u00e4ytt\u00e4misen.Korkea ja laadukas linssi suojaa silmi\u00e4 tehokkaasti, ja innovatiivisenmuotoilun ansiosta visiiri\u00e4 on helppo k\u00e4ytt\u00e4\u00e4 koko ty\u00f6p\u00e4iv\u00e4n ajan.Sis\u00e4lt\u00e4\u00e4 visiirikiinnikkeet.Hyv\u00e4ksynn\u00e4t: EN 166\/ANSI Z87.1.<\/p>\n","protected":false},"excerpt":{"rendered":"<p>Kirkas puolivisiiri Kask Plasma kyp\u00e4riinInnovatiivinen polykarbonaattivisiiri, jossa naarmuilta suojaava lakkausja huurtumisen est\u00e4v\u00e4 pinnoite sis\u00e4puolella.Yl\u00e4reunan kumilista suojaa putoamisessa, ja reunan leikkaus varmistaaerinomaisen k\u00e4ytt\u00f6mukavuuden.Ergonominen panoraamalinssi mahdollistaa omien silm\u00e4lasien k\u00e4ytt\u00e4misen.Korkea ja laadukas linssi suojaa silmi\u00e4 tehokkaasti, ja innovatiivisenmuotoilun ansiosta visiiri\u00e4 on helppo k\u00e4ytt\u00e4\u00e4 koko ty\u00f6p\u00e4iv\u00e4n ajan.Sis\u00e4lt\u00e4\u00e4 visiirikiinnikkeet.Hyv\u00e4ksynn\u00e4t: EN 166\/ANSI Z87.1.<\/p>\n","protected":false},"featured_media":0,"comment_status":"open","ping_status":"closed","template":"","meta":[],"product_brand":[],"product_cat":[3374],"product_tag":[],"class_list":{"0":"post-75582","1":"product","2":"type-product","3":"status-publish","5":"product_cat-henkilonsuojaimet-ja-tyoturvallisuus-henkilonsuojaimet-suojalasit-ja-kasvosuojaimet","7":"first","8":"instock","9":"shipping-taxable","10":"purchasable","11":"product-type-simple"},"_links":{"self":[{"href":"https:\/\/logistiikkakeskus.net\/kauppa\/wp-json\/wp\/v2\/product\/75582","targetHints":{"allow":["GET"]}}],"collection":[{"href":"https:\/\/logistiikkakeskus.net\/kauppa\/wp-json\/wp\/v2\/product"}],"about":[{"href":"https:\/\/logistiikkakeskus.net\/kauppa\/wp-json\/wp\/v2\/types\/product"}],"replies":[{"embeddable":true,"href":"https:\/\/logistiikkakeskus.net\/kauppa\/wp-json\/wp\/v2\/comments?post=75582"}],"wp:attachment":[{"href":"https:\/\/logistiikkakeskus.net\/kauppa\/wp-json\/wp\/v2\/media?parent=75582"}],"wp:term":[{"taxonomy":"product_brand","embeddable":true,"href":"https:\/\/logistiikkakeskus.net\/kauppa\/wp-json\/wp\/v2\/product_brand?post=75582"},{"taxonomy":"product_cat","embeddable":true,"href":"https:\/\/logistiikkakeskus.net\/kauppa\/wp-json\/wp\/v2\/product_cat?post=75582"},{"taxonomy":"product_tag","embeddable":true,"href":"https:\/\/logistiikkakeskus.net\/kauppa\/wp-json\/wp\/v2\/product_tag?post=75582"}],"curies":[{"name":"wp","href":"https:\/\/api.w.org\/{rel}","templated":true}]}}