{"id":75531,"date":"2022-12-01T09:42:53","date_gmt":"2022-12-01T09:42:53","guid":{"rendered":"https:\/\/logistiikkakeskus.net\/kauppa\/tuote\/nestekaasupullo-kuori-10-kg-pv-komposiit\/"},"modified":"2026-01-20T09:19:25","modified_gmt":"2026-01-20T07:19:25","slug":"nestekaasupullo-kuori-10-kg-pv-komposiit","status":"publish","type":"product","link":"https:\/\/logistiikkakeskus.net\/kauppa\/tuote\/nestekaasupullo-kuori-10-kg-pv-komposiit\/","title":{"rendered":"Nestekaasupullo kuori 10 kg PV komposiit"},"content":{"rendered":"<p>Komposiittipullo painoventtiilill\u00e4 (ei sis\u00e4ll\u00e4 kaasua).Korkeus: 587mm, Korkeus venttiilin kanssa: 622mm, Halkaisija: 305mm,Kuoren paino: 6,7kg. Jos teill\u00e4 ei ole tyhj\u00e4\u00e4 kaasupulloa, ja haluattetilata t\u00e4yden pullon, tilatkaa sek\u00e4 kuori, ett\u00e4 t\u00e4ytt\u00f6. Kuori j\u00e4\u00e4 teid\u00e4nomaksi. Jos haluatte vaihtaa tyhj\u00e4n pullon t\u00e4yteen, tilatkaapelkk\u00e4 kaasupullon t\u00e4ytt\u00f6.<\/p>\n","protected":false},"excerpt":{"rendered":"<p>Komposiittipullo painoventtiilill\u00e4 (ei sis\u00e4ll\u00e4 kaasua).Korkeus: 587mm, Korkeus venttiilin kanssa: 622mm, Halkaisija: 305mm,Kuoren paino: 6,7kg. Jos teill\u00e4 ei ole tyhj\u00e4\u00e4 kaasupulloa, ja haluattetilata t\u00e4yden pullon, tilatkaa sek\u00e4 kuori, ett\u00e4 t\u00e4ytt\u00f6. Kuori j\u00e4\u00e4 teid\u00e4nomaksi. Jos haluatte vaihtaa tyhj\u00e4n pullon t\u00e4yteen, tilatkaapelkk\u00e4 kaasupullon t\u00e4ytt\u00f6.<\/p>\n","protected":false},"featured_media":104107,"comment_status":"open","ping_status":"closed","template":"","meta":[],"product_brand":[],"product_cat":[3367],"product_tag":[],"class_list":{"0":"post-75531","1":"product","2":"type-product","3":"status-publish","4":"has-post-thumbnail","6":"product_cat-kemikaalit-kaasut-nestekaasu","8":"first","9":"instock","10":"shipping-taxable","11":"purchasable","12":"product-type-simple"},"_links":{"self":[{"href":"https:\/\/logistiikkakeskus.net\/kauppa\/wp-json\/wp\/v2\/product\/75531","targetHints":{"allow":["GET"]}}],"collection":[{"href":"https:\/\/logistiikkakeskus.net\/kauppa\/wp-json\/wp\/v2\/product"}],"about":[{"href":"https:\/\/logistiikkakeskus.net\/kauppa\/wp-json\/wp\/v2\/types\/product"}],"replies":[{"embeddable":true,"href":"https:\/\/logistiikkakeskus.net\/kauppa\/wp-json\/wp\/v2\/comments?post=75531"}],"wp:featuredmedia":[{"embeddable":true,"href":"https:\/\/logistiikkakeskus.net\/kauppa\/wp-json\/wp\/v2\/media\/104107"}],"wp:attachment":[{"href":"https:\/\/logistiikkakeskus.net\/kauppa\/wp-json\/wp\/v2\/media?parent=75531"}],"wp:term":[{"taxonomy":"product_brand","embeddable":true,"href":"https:\/\/logistiikkakeskus.net\/kauppa\/wp-json\/wp\/v2\/product_brand?post=75531"},{"taxonomy":"product_cat","embeddable":true,"href":"https:\/\/logistiikkakeskus.net\/kauppa\/wp-json\/wp\/v2\/product_cat?post=75531"},{"taxonomy":"product_tag","embeddable":true,"href":"https:\/\/logistiikkakeskus.net\/kauppa\/wp-json\/wp\/v2\/product_tag?post=75531"}],"curies":[{"name":"wp","href":"https:\/\/api.w.org\/{rel}","templated":true}]}}