{"id":75362,"date":"2022-12-01T09:41:46","date_gmt":"2022-12-01T09:41:46","guid":{"rendered":"https:\/\/logistiikkakeskus.net\/kauppa\/tuote\/talvikasine-guide-4146w-10\/"},"modified":"2026-01-20T09:19:20","modified_gmt":"2026-01-20T07:19:20","slug":"talvikasine-guide-4146w-10","status":"publish","type":"product","link":"https:\/\/logistiikkakeskus.net\/kauppa\/tuote\/talvikasine-guide-4146w-10\/","title":{"rendered":"Talvik\u00e4sine Guide 4146W, 10"},"content":{"rendered":"<p>Vedenpit\u00e4v\u00e4, t\u00e4ysvuorillinen talvik\u00e4sine, jossa k\u00e4mmen pehme\u00e4\u00e4,kulutusta kest\u00e4v\u00e4\u00e4 vuohennahkaa.Taivutettu muoto ja k\u00e4mmenselk\u00e4 joustavaa synteettist\u00e4 materiaalia.Kosketusn\u00e4ytt\u00f6toiminto keskisormen yl\u00e4osassa.Puolilyhyt soriranneke pit\u00e4\u00e4 k\u00e4sineen ressorissa.Myyntier\u00e4 1 pr (6pr\/pss).Hakusanat: ty\u00f6hanska, ty\u00f6k\u00e4sine, talvihanska<\/p>\n","protected":false},"excerpt":{"rendered":"<p>Vedenpit\u00e4v\u00e4, t\u00e4ysvuorillinen talvik\u00e4sine, jossa k\u00e4mmen pehme\u00e4\u00e4,kulutusta kest\u00e4v\u00e4\u00e4 vuohennahkaa.Taivutettu muoto ja k\u00e4mmenselk\u00e4 joustavaa synteettist\u00e4 materiaalia.Kosketusn\u00e4ytt\u00f6toiminto keskisormen yl\u00e4osassa.Puolilyhyt soriranneke pit\u00e4\u00e4 k\u00e4sineen ressorissa.Myyntier\u00e4 1 pr (6pr\/pss).Hakusanat: ty\u00f6hanska, ty\u00f6k\u00e4sine, talvihanska<\/p>\n","protected":false},"featured_media":104064,"comment_status":"open","ping_status":"closed","template":"","meta":[],"product_brand":[],"product_cat":[3383],"product_tag":[],"class_list":{"0":"post-75362","1":"product","2":"type-product","3":"status-publish","4":"has-post-thumbnail","6":"product_cat-henkilonsuojaimet-ja-tyoturvallisuus-henkilonsuojaimet-kasineet","8":"first","9":"instock","10":"shipping-taxable","11":"purchasable","12":"product-type-simple"},"_links":{"self":[{"href":"https:\/\/logistiikkakeskus.net\/kauppa\/wp-json\/wp\/v2\/product\/75362","targetHints":{"allow":["GET"]}}],"collection":[{"href":"https:\/\/logistiikkakeskus.net\/kauppa\/wp-json\/wp\/v2\/product"}],"about":[{"href":"https:\/\/logistiikkakeskus.net\/kauppa\/wp-json\/wp\/v2\/types\/product"}],"replies":[{"embeddable":true,"href":"https:\/\/logistiikkakeskus.net\/kauppa\/wp-json\/wp\/v2\/comments?post=75362"}],"wp:featuredmedia":[{"embeddable":true,"href":"https:\/\/logistiikkakeskus.net\/kauppa\/wp-json\/wp\/v2\/media\/104064"}],"wp:attachment":[{"href":"https:\/\/logistiikkakeskus.net\/kauppa\/wp-json\/wp\/v2\/media?parent=75362"}],"wp:term":[{"taxonomy":"product_brand","embeddable":true,"href":"https:\/\/logistiikkakeskus.net\/kauppa\/wp-json\/wp\/v2\/product_brand?post=75362"},{"taxonomy":"product_cat","embeddable":true,"href":"https:\/\/logistiikkakeskus.net\/kauppa\/wp-json\/wp\/v2\/product_cat?post=75362"},{"taxonomy":"product_tag","embeddable":true,"href":"https:\/\/logistiikkakeskus.net\/kauppa\/wp-json\/wp\/v2\/product_tag?post=75362"}],"curies":[{"name":"wp","href":"https:\/\/api.w.org\/{rel}","templated":true}]}}