{"id":74977,"date":"2022-12-01T09:39:23","date_gmt":"2022-12-01T09:39:23","guid":{"rendered":"https:\/\/logistiikkakeskus.net\/kauppa\/tuote\/suojalasi-zekler-3-hcaf-harmaa\/"},"modified":"2026-01-20T09:19:00","modified_gmt":"2026-01-20T07:19:00","slug":"suojalasi-zekler-3-hcaf-harmaa","status":"publish","type":"product","link":"https:\/\/logistiikkakeskus.net\/kauppa\/tuote\/suojalasi-zekler-3-hcaf-harmaa\/","title":{"rendered":"Suojalasi Zekler 3 HC\/AF harmaa"},"content":{"rendered":"<p>Suojalasi Zekler 3 HC\/AF. Eritt\u00e4in hyvin istuvat suojalasit.Polykarbonaattilinssi. Kehykset\u00f6n malli. Harmaa linssi = UV385HC\/AF=Naarmuuntumaton ja huurtumissuojattu linssi. Merkinn\u00e4t:EN 166,1FN.Harmaa linssi my\u00f6s standardia EN 172.<\/p>\n<p><i>Hakusanat: suojalasit, ty\u00f6lasit, silm\u00e4lasit,turvavarusteet<\/i><\/p>\n","protected":false},"excerpt":{"rendered":"<p>Suojalasi Zekler 3 HC\/AF. Eritt\u00e4in hyvin istuvat suojalasit.Polykarbonaattilinssi. Kehykset\u00f6n malli. Harmaa linssi = UV385HC\/AF=Naarmuuntumaton ja huurtumissuojattu linssi. Merkinn\u00e4t:EN 166,1FN.Harmaa linssi my\u00f6s standardia EN 172. Hakusanat: suojalasit, ty\u00f6lasit, silm\u00e4lasit,turvavarusteet<\/p>\n","protected":false},"featured_media":103904,"comment_status":"open","ping_status":"closed","template":"","meta":[],"product_brand":[],"product_cat":[3374],"product_tag":[],"class_list":{"0":"post-74977","1":"product","2":"type-product","3":"status-publish","4":"has-post-thumbnail","6":"product_cat-henkilonsuojaimet-ja-tyoturvallisuus-henkilonsuojaimet-suojalasit-ja-kasvosuojaimet","8":"first","9":"instock","10":"shipping-taxable","11":"purchasable","12":"product-type-simple"},"_links":{"self":[{"href":"https:\/\/logistiikkakeskus.net\/kauppa\/wp-json\/wp\/v2\/product\/74977","targetHints":{"allow":["GET"]}}],"collection":[{"href":"https:\/\/logistiikkakeskus.net\/kauppa\/wp-json\/wp\/v2\/product"}],"about":[{"href":"https:\/\/logistiikkakeskus.net\/kauppa\/wp-json\/wp\/v2\/types\/product"}],"replies":[{"embeddable":true,"href":"https:\/\/logistiikkakeskus.net\/kauppa\/wp-json\/wp\/v2\/comments?post=74977"}],"wp:featuredmedia":[{"embeddable":true,"href":"https:\/\/logistiikkakeskus.net\/kauppa\/wp-json\/wp\/v2\/media\/103904"}],"wp:attachment":[{"href":"https:\/\/logistiikkakeskus.net\/kauppa\/wp-json\/wp\/v2\/media?parent=74977"}],"wp:term":[{"taxonomy":"product_brand","embeddable":true,"href":"https:\/\/logistiikkakeskus.net\/kauppa\/wp-json\/wp\/v2\/product_brand?post=74977"},{"taxonomy":"product_cat","embeddable":true,"href":"https:\/\/logistiikkakeskus.net\/kauppa\/wp-json\/wp\/v2\/product_cat?post=74977"},{"taxonomy":"product_tag","embeddable":true,"href":"https:\/\/logistiikkakeskus.net\/kauppa\/wp-json\/wp\/v2\/product_tag?post=74977"}],"curies":[{"name":"wp","href":"https:\/\/api.w.org\/{rel}","templated":true}]}}