{"id":74931,"date":"2022-12-01T09:39:08","date_gmt":"2022-12-01T09:39:08","guid":{"rendered":"https:\/\/logistiikkakeskus.net\/kauppa\/tuote\/helsinki-kevyt-talvitakki-musta-xxl\/"},"modified":"2026-01-20T09:18:58","modified_gmt":"2026-01-20T07:18:58","slug":"helsinki-kevyt-talvitakki-musta-xxl","status":"publish","type":"product","link":"https:\/\/logistiikkakeskus.net\/kauppa\/tuote\/helsinki-kevyt-talvitakki-musta-xxl\/","title":{"rendered":"Helsinki kevyt talvitakki musta XXL"},"content":{"rendered":"<p>TUOTE ON TILAUSTUOTE. TUOTTEELLA NORMAALIA PIDEMPI TOIMITUSAIKA. Mustakevyt talvitakki Helsinki logolla. Toimiva talvitakki, jossa kaksivetoketjullista taskua. Kaksi sis\u00e4taskua rintataskussa,toisessa puhelintasku ja vetoketju,reik\u00e4 ja hihna puhelinta varten Mukava mikroflekkikauluksen sis\u00e4puolella. Joustava ja s\u00e4\u00e4dett\u00e4v\u00e4 tarrakiinnitys ranteessa.Vahvistetut olkap\u00e4\u00e4t, hihat ja takin alareuna. Malli on takanapidempi,jotta alaselk\u00e4 pysyy l\u00e4mpim\u00e4n\u00e4. Tuulta ja vett\u00e4 hylkiv\u00e4.<\/p>\n","protected":false},"excerpt":{"rendered":"<p>TUOTE ON TILAUSTUOTE. TUOTTEELLA NORMAALIA PIDEMPI TOIMITUSAIKA. Mustakevyt talvitakki Helsinki logolla. Toimiva talvitakki, jossa kaksivetoketjullista taskua. Kaksi sis\u00e4taskua rintataskussa,toisessa puhelintasku ja vetoketju,reik\u00e4 ja hihna puhelinta varten Mukava mikroflekkikauluksen sis\u00e4puolella. Joustava ja s\u00e4\u00e4dett\u00e4v\u00e4 tarrakiinnitys ranteessa.Vahvistetut olkap\u00e4\u00e4t, hihat ja takin alareuna. Malli on takanapidempi,jotta alaselk\u00e4 pysyy l\u00e4mpim\u00e4n\u00e4. Tuulta ja vett\u00e4 hylkiv\u00e4.<\/p>\n","protected":false},"featured_media":103886,"comment_status":"open","ping_status":"closed","template":"","meta":[],"product_brand":[],"product_cat":[3330],"product_tag":[],"class_list":{"0":"post-74931","1":"product","2":"type-product","3":"status-publish","4":"has-post-thumbnail","6":"product_cat-vaatteet-tyovaatteet-stara-talvivaatteet","8":"first","9":"instock","10":"shipping-taxable","11":"purchasable","12":"product-type-simple"},"_links":{"self":[{"href":"https:\/\/logistiikkakeskus.net\/kauppa\/wp-json\/wp\/v2\/product\/74931","targetHints":{"allow":["GET"]}}],"collection":[{"href":"https:\/\/logistiikkakeskus.net\/kauppa\/wp-json\/wp\/v2\/product"}],"about":[{"href":"https:\/\/logistiikkakeskus.net\/kauppa\/wp-json\/wp\/v2\/types\/product"}],"replies":[{"embeddable":true,"href":"https:\/\/logistiikkakeskus.net\/kauppa\/wp-json\/wp\/v2\/comments?post=74931"}],"wp:featuredmedia":[{"embeddable":true,"href":"https:\/\/logistiikkakeskus.net\/kauppa\/wp-json\/wp\/v2\/media\/103886"}],"wp:attachment":[{"href":"https:\/\/logistiikkakeskus.net\/kauppa\/wp-json\/wp\/v2\/media?parent=74931"}],"wp:term":[{"taxonomy":"product_brand","embeddable":true,"href":"https:\/\/logistiikkakeskus.net\/kauppa\/wp-json\/wp\/v2\/product_brand?post=74931"},{"taxonomy":"product_cat","embeddable":true,"href":"https:\/\/logistiikkakeskus.net\/kauppa\/wp-json\/wp\/v2\/product_cat?post=74931"},{"taxonomy":"product_tag","embeddable":true,"href":"https:\/\/logistiikkakeskus.net\/kauppa\/wp-json\/wp\/v2\/product_tag?post=74931"}],"curies":[{"name":"wp","href":"https:\/\/api.w.org\/{rel}","templated":true}]}}