{"id":74875,"date":"2022-12-01T09:38:49","date_gmt":"2022-12-01T09:38:49","guid":{"rendered":"https:\/\/logistiikkakeskus.net\/kauppa\/tuote\/palovaroitin-savupalohalytin-valokennol\/"},"modified":"2026-01-20T09:18:55","modified_gmt":"2026-01-20T07:18:55","slug":"palovaroitin-savupalohalytin-valokennol","status":"publish","type":"product","link":"https:\/\/logistiikkakeskus.net\/kauppa\/tuote\/palovaroitin-savupalohalytin-valokennol\/","title":{"rendered":"Palovaroitin savu\/paloh\u00e4lytin valokennol"},"content":{"rendered":"<p>Palovaroitin optinen Joel Solo DIYEi sis\u00e4ll\u00e4 paristoa.Paristo (9V) tilattava erikseen.<\/p>\n","protected":false},"excerpt":{"rendered":"<p>Palovaroitin optinen Joel Solo DIYEi sis\u00e4ll\u00e4 paristoa.Paristo (9V) tilattava erikseen.<\/p>\n","protected":false},"featured_media":103860,"comment_status":"open","ping_status":"closed","template":"","meta":[],"product_brand":[],"product_cat":[3323],"product_tag":[],"class_list":{"0":"post-74875","1":"product","2":"type-product","3":"status-publish","4":"has-post-thumbnail","6":"product_cat-kiinteistotarvikkeet-muut-tuotteet-kiinteistotuotteet","8":"first","9":"instock","10":"shipping-taxable","11":"purchasable","12":"product-type-simple"},"_links":{"self":[{"href":"https:\/\/logistiikkakeskus.net\/kauppa\/wp-json\/wp\/v2\/product\/74875","targetHints":{"allow":["GET"]}}],"collection":[{"href":"https:\/\/logistiikkakeskus.net\/kauppa\/wp-json\/wp\/v2\/product"}],"about":[{"href":"https:\/\/logistiikkakeskus.net\/kauppa\/wp-json\/wp\/v2\/types\/product"}],"replies":[{"embeddable":true,"href":"https:\/\/logistiikkakeskus.net\/kauppa\/wp-json\/wp\/v2\/comments?post=74875"}],"wp:featuredmedia":[{"embeddable":true,"href":"https:\/\/logistiikkakeskus.net\/kauppa\/wp-json\/wp\/v2\/media\/103860"}],"wp:attachment":[{"href":"https:\/\/logistiikkakeskus.net\/kauppa\/wp-json\/wp\/v2\/media?parent=74875"}],"wp:term":[{"taxonomy":"product_brand","embeddable":true,"href":"https:\/\/logistiikkakeskus.net\/kauppa\/wp-json\/wp\/v2\/product_brand?post=74875"},{"taxonomy":"product_cat","embeddable":true,"href":"https:\/\/logistiikkakeskus.net\/kauppa\/wp-json\/wp\/v2\/product_cat?post=74875"},{"taxonomy":"product_tag","embeddable":true,"href":"https:\/\/logistiikkakeskus.net\/kauppa\/wp-json\/wp\/v2\/product_tag?post=74875"}],"curies":[{"name":"wp","href":"https:\/\/api.w.org\/{rel}","templated":true}]}}