{"id":74516,"date":"2022-12-01T09:36:44","date_gmt":"2022-12-01T09:36:44","guid":{"rendered":"https:\/\/logistiikkakeskus.net\/kauppa\/tuote\/turvajalkine-spike-3-s3-46\/"},"modified":"2026-01-20T09:18:47","modified_gmt":"2026-01-20T07:18:47","slug":"turvajalkine-spike-3-s3-46","status":"publish","type":"product","link":"https:\/\/logistiikkakeskus.net\/kauppa\/tuote\/turvajalkine-spike-3-s3-46\/","title":{"rendered":"Turvajalkine Spike 3 S3 46"},"content":{"rendered":"<p>Sievi Spike 3 nastaturvakenk\u00e4 on juuri oikea turvajalkinetalvenliukkaille. Jalkineissa on pohjarakenteeseen integroitu ja patentoitunastamekanismi, joka mahdollistaa nastojen k\u00e4\u00e4nt\u00e4misen helposti ulos jasis\u00e4\u00e4n riisumatta kenki\u00e4 jalasta. Nastat pit\u00e4v\u00e4t lumi- javesipeitteisell\u00e4 j\u00e4\u00e4ll\u00e4. P\u00e4\u00e4llinen on vett\u00e4 hylkiv\u00e4\u00e4 PU-pinnotteistanahkaa. Keng\u00e4ss\u00e4 on l\u00e4mmin villateddyvuori ja perinteinen nauhakiinnityssek\u00e4 pukemista helpottava vetoketju sivussa. Vakiona vaihdettava SieviDual Comfort -pohjallinen, jossa iskunvaimennustyynyt sek\u00e4 kannassa ett\u00e4p\u00e4ki\u00e4n alla. Varvassuoja sek\u00e4 naulaanastumissuoja on ter\u00e4st\u00e4. Lesti:normaali<\/p>\n<p>Hakusanat: turvakenk\u00e4, turvakeng\u00e4t, nastakenk\u00e4, nastakeng\u00e4t,nilkkuri<\/p>\n","protected":false},"excerpt":{"rendered":"<p>Sievi Spike 3 nastaturvakenk\u00e4 on juuri oikea turvajalkinetalvenliukkaille. Jalkineissa on pohjarakenteeseen integroitu ja patentoitunastamekanismi, joka mahdollistaa nastojen k\u00e4\u00e4nt\u00e4misen helposti ulos jasis\u00e4\u00e4n riisumatta kenki\u00e4 jalasta. Nastat pit\u00e4v\u00e4t lumi- javesipeitteisell\u00e4 j\u00e4\u00e4ll\u00e4. P\u00e4\u00e4llinen on vett\u00e4 hylkiv\u00e4\u00e4 PU-pinnotteistanahkaa. Keng\u00e4ss\u00e4 on l\u00e4mmin villateddyvuori ja perinteinen nauhakiinnityssek\u00e4 pukemista helpottava vetoketju sivussa. Vakiona vaihdettava SieviDual Comfort -pohjallinen, jossa iskunvaimennustyynyt sek\u00e4 kannassa ett\u00e4p\u00e4ki\u00e4n [&hellip;]<\/p>\n","protected":false},"featured_media":103786,"comment_status":"open","ping_status":"closed","template":"","meta":[],"product_brand":[],"product_cat":[3415],"product_tag":[],"class_list":{"0":"post-74516","1":"product","2":"type-product","3":"status-publish","4":"has-post-thumbnail","6":"product_cat-henkilonsuojaimet-ja-tyoturvallisuus-jalkineet-turvakengat","8":"first","9":"instock","10":"shipping-taxable","11":"purchasable","12":"product-type-simple"},"_links":{"self":[{"href":"https:\/\/logistiikkakeskus.net\/kauppa\/wp-json\/wp\/v2\/product\/74516","targetHints":{"allow":["GET"]}}],"collection":[{"href":"https:\/\/logistiikkakeskus.net\/kauppa\/wp-json\/wp\/v2\/product"}],"about":[{"href":"https:\/\/logistiikkakeskus.net\/kauppa\/wp-json\/wp\/v2\/types\/product"}],"replies":[{"embeddable":true,"href":"https:\/\/logistiikkakeskus.net\/kauppa\/wp-json\/wp\/v2\/comments?post=74516"}],"wp:featuredmedia":[{"embeddable":true,"href":"https:\/\/logistiikkakeskus.net\/kauppa\/wp-json\/wp\/v2\/media\/103786"}],"wp:attachment":[{"href":"https:\/\/logistiikkakeskus.net\/kauppa\/wp-json\/wp\/v2\/media?parent=74516"}],"wp:term":[{"taxonomy":"product_brand","embeddable":true,"href":"https:\/\/logistiikkakeskus.net\/kauppa\/wp-json\/wp\/v2\/product_brand?post=74516"},{"taxonomy":"product_cat","embeddable":true,"href":"https:\/\/logistiikkakeskus.net\/kauppa\/wp-json\/wp\/v2\/product_cat?post=74516"},{"taxonomy":"product_tag","embeddable":true,"href":"https:\/\/logistiikkakeskus.net\/kauppa\/wp-json\/wp\/v2\/product_tag?post=74516"}],"curies":[{"name":"wp","href":"https:\/\/api.w.org\/{rel}","templated":true}]}}