{"id":74453,"date":"2022-12-01T09:36:21","date_gmt":"2022-12-01T09:36:21","guid":{"rendered":"https:\/\/logistiikkakeskus.net\/kauppa\/tuote\/turvajalkine-racer-roller-s3-38\/"},"modified":"2026-01-20T09:18:46","modified_gmt":"2026-01-20T07:18:46","slug":"turvajalkine-racer-roller-s3-38","status":"publish","type":"product","link":"https:\/\/logistiikkakeskus.net\/kauppa\/tuote\/turvajalkine-racer-roller-s3-38\/","title":{"rendered":"Turvajalkine Racer TR Roller S3 38"},"content":{"rendered":"<p>Sievi Racer TR Roller on puolikenk\u00e4 alumiinisellavarvassuojalla jater\u00e4ksisell\u00e4 naulaanastumissuojalla. Turvajalkineen erinomainen pito jakulutuskest\u00e4vyys on varmistettu TractionPro-kitkapohjalla. FlexEnergy -joustoelementti sitoo syntyv\u00e4\u00e4 liike-energiaa ja yli 55 prosenttiaenergiasta palautuu askellukseesi. K\u00e4ytt\u00f6mukavuutta lis\u00e4\u00e4 BOA Fit System-kiristysmekanismi. Lesti: normaali<\/p>\n<p>Hakusanat: turvakenk\u00e4, turvakeng\u00e4t<\/p>\n","protected":false},"excerpt":{"rendered":"<p>Sievi Racer TR Roller on puolikenk\u00e4 alumiinisellavarvassuojalla jater\u00e4ksisell\u00e4 naulaanastumissuojalla. Turvajalkineen erinomainen pito jakulutuskest\u00e4vyys on varmistettu TractionPro-kitkapohjalla. FlexEnergy -joustoelementti sitoo syntyv\u00e4\u00e4 liike-energiaa ja yli 55 prosenttiaenergiasta palautuu askellukseesi. K\u00e4ytt\u00f6mukavuutta lis\u00e4\u00e4 BOA Fit System-kiristysmekanismi. Lesti: normaali Hakusanat: turvakenk\u00e4, turvakeng\u00e4t<\/p>\n","protected":false},"featured_media":103767,"comment_status":"open","ping_status":"closed","template":"","meta":[],"product_brand":[],"product_cat":[3415],"product_tag":[],"class_list":{"0":"post-74453","1":"product","2":"type-product","3":"status-publish","4":"has-post-thumbnail","6":"product_cat-henkilonsuojaimet-ja-tyoturvallisuus-jalkineet-turvakengat","8":"first","9":"instock","10":"shipping-taxable","11":"purchasable","12":"product-type-simple"},"_links":{"self":[{"href":"https:\/\/logistiikkakeskus.net\/kauppa\/wp-json\/wp\/v2\/product\/74453","targetHints":{"allow":["GET"]}}],"collection":[{"href":"https:\/\/logistiikkakeskus.net\/kauppa\/wp-json\/wp\/v2\/product"}],"about":[{"href":"https:\/\/logistiikkakeskus.net\/kauppa\/wp-json\/wp\/v2\/types\/product"}],"replies":[{"embeddable":true,"href":"https:\/\/logistiikkakeskus.net\/kauppa\/wp-json\/wp\/v2\/comments?post=74453"}],"wp:featuredmedia":[{"embeddable":true,"href":"https:\/\/logistiikkakeskus.net\/kauppa\/wp-json\/wp\/v2\/media\/103767"}],"wp:attachment":[{"href":"https:\/\/logistiikkakeskus.net\/kauppa\/wp-json\/wp\/v2\/media?parent=74453"}],"wp:term":[{"taxonomy":"product_brand","embeddable":true,"href":"https:\/\/logistiikkakeskus.net\/kauppa\/wp-json\/wp\/v2\/product_brand?post=74453"},{"taxonomy":"product_cat","embeddable":true,"href":"https:\/\/logistiikkakeskus.net\/kauppa\/wp-json\/wp\/v2\/product_cat?post=74453"},{"taxonomy":"product_tag","embeddable":true,"href":"https:\/\/logistiikkakeskus.net\/kauppa\/wp-json\/wp\/v2\/product_tag?post=74453"}],"curies":[{"name":"wp","href":"https:\/\/api.w.org\/{rel}","templated":true}]}}