{"id":74367,"date":"2022-12-01T09:35:49","date_gmt":"2022-12-01T09:35:49","guid":{"rendered":"https:\/\/logistiikkakeskus.net\/kauppa\/tuote\/turvajalkine-planar-1-s3-47\/"},"modified":"2026-01-20T09:18:42","modified_gmt":"2026-01-20T07:18:42","slug":"turvajalkine-planar-1-s3-47","status":"publish","type":"product","link":"https:\/\/logistiikkakeskus.net\/kauppa\/tuote\/turvajalkine-planar-1-s3-47\/","title":{"rendered":"Turvajalkine Planar 1 S3 47"},"content":{"rendered":"<p>Sievi Planar 1 -turvakeng\u00e4ss\u00e4 on eritt\u00e4in pit\u00e4v\u00e4 pohja, jokamuotoilunsa ja pohjakuviointinsa ansiosta pit\u00e4\u00e4 jalat tukevasti maassahaastavillakin alustoilla. Suojauksena on ter\u00e4st\u00e4 alla ja yll\u00e4.P\u00e4\u00e4llinen haljasta ja tekstiili\u00e4. 3D-dry-vuori sek\u00e4 kaksoisvaimennetutSievi Dual Comfort -pohjalliset maksimoivat k\u00e4ytt\u00f6mukavuuden. Lesti:normaali<\/p>\n<p>Hakusanat: turvakeng\u00e4t, tennarit<\/p>\n","protected":false},"excerpt":{"rendered":"<p>Sievi Planar 1 -turvakeng\u00e4ss\u00e4 on eritt\u00e4in pit\u00e4v\u00e4 pohja, jokamuotoilunsa ja pohjakuviointinsa ansiosta pit\u00e4\u00e4 jalat tukevasti maassahaastavillakin alustoilla. Suojauksena on ter\u00e4st\u00e4 alla ja yll\u00e4.P\u00e4\u00e4llinen haljasta ja tekstiili\u00e4. 3D-dry-vuori sek\u00e4 kaksoisvaimennetutSievi Dual Comfort -pohjalliset maksimoivat k\u00e4ytt\u00f6mukavuuden. Lesti:normaali Hakusanat: turvakeng\u00e4t, tennarit<\/p>\n","protected":false},"featured_media":103721,"comment_status":"open","ping_status":"closed","template":"","meta":[],"product_brand":[],"product_cat":[3415],"product_tag":[],"class_list":{"0":"post-74367","1":"product","2":"type-product","3":"status-publish","4":"has-post-thumbnail","6":"product_cat-henkilonsuojaimet-ja-tyoturvallisuus-jalkineet-turvakengat","8":"first","9":"instock","10":"shipping-taxable","11":"purchasable","12":"product-type-simple"},"_links":{"self":[{"href":"https:\/\/logistiikkakeskus.net\/kauppa\/wp-json\/wp\/v2\/product\/74367","targetHints":{"allow":["GET"]}}],"collection":[{"href":"https:\/\/logistiikkakeskus.net\/kauppa\/wp-json\/wp\/v2\/product"}],"about":[{"href":"https:\/\/logistiikkakeskus.net\/kauppa\/wp-json\/wp\/v2\/types\/product"}],"replies":[{"embeddable":true,"href":"https:\/\/logistiikkakeskus.net\/kauppa\/wp-json\/wp\/v2\/comments?post=74367"}],"wp:featuredmedia":[{"embeddable":true,"href":"https:\/\/logistiikkakeskus.net\/kauppa\/wp-json\/wp\/v2\/media\/103721"}],"wp:attachment":[{"href":"https:\/\/logistiikkakeskus.net\/kauppa\/wp-json\/wp\/v2\/media?parent=74367"}],"wp:term":[{"taxonomy":"product_brand","embeddable":true,"href":"https:\/\/logistiikkakeskus.net\/kauppa\/wp-json\/wp\/v2\/product_brand?post=74367"},{"taxonomy":"product_cat","embeddable":true,"href":"https:\/\/logistiikkakeskus.net\/kauppa\/wp-json\/wp\/v2\/product_cat?post=74367"},{"taxonomy":"product_tag","embeddable":true,"href":"https:\/\/logistiikkakeskus.net\/kauppa\/wp-json\/wp\/v2\/product_tag?post=74367"}],"curies":[{"name":"wp","href":"https:\/\/api.w.org\/{rel}","templated":true}]}}