{"id":73902,"date":"2022-12-01T09:32:54","date_gmt":"2022-12-01T09:32:54","guid":{"rendered":"https:\/\/logistiikkakeskus.net\/kauppa\/tuote\/huomioliivi-lk2-taskuilla-helsinki-xxl\/"},"modified":"2026-01-20T09:18:25","modified_gmt":"2026-01-20T07:18:25","slug":"huomioliivi-lk2-taskuilla-helsinki-xxl","status":"publish","type":"product","link":"https:\/\/logistiikkakeskus.net\/kauppa\/tuote\/huomioliivi-lk2-taskuilla-helsinki-xxl\/","title":{"rendered":"Helsinki Huomioliivi taskuilla LK2, 2XL"},"content":{"rendered":"<p>Huomioliivi LK2 Helsinki logolla.J\u00e4mer\u00e4mm\u00e4st\u00e4 kankaasta tehty yleisliivi taskuilla esimerkiksiesimiehille,tapahtumien turvahenkil\u00f6st\u00f6lle ja kaikille muille jotkahaluavat huomioliivin olevan j\u00e4m\u00e4k\u00e4n oloinen.Ominaisuudet: Rintataskut,henkil\u00f6korttitasku,matkapuhelintasku,kyn\u00e4taskut,syv\u00e4t alataskut, povitasku,vasemmanrintataskun alapuolella D-lenkki,johon voi kiinnitt\u00e4\u00e4 vaikka avainnipun,jojon tai muuta tarpeellista.V\u00e4ri:keltainenSertifioitu: EN 20471 LK.2Materiaalit: Hi-Vis kangas 80 prosenttia polyesteri,             20 prosenttia puuvillaMuu kangas:  65 prostenttia polyesteri,35 puuvilla StretchHakusana: huomioliivi,huomio,yleisliivi,liivi,Helsinki<\/p>\n","protected":false},"excerpt":{"rendered":"<p>Huomioliivi LK2 Helsinki logolla.J\u00e4mer\u00e4mm\u00e4st\u00e4 kankaasta tehty yleisliivi taskuilla esimerkiksiesimiehille,tapahtumien turvahenkil\u00f6st\u00f6lle ja kaikille muille jotkahaluavat huomioliivin olevan j\u00e4m\u00e4k\u00e4n oloinen.Ominaisuudet: Rintataskut,henkil\u00f6korttitasku,matkapuhelintasku,kyn\u00e4taskut,syv\u00e4t alataskut, povitasku,vasemmanrintataskun alapuolella D-lenkki,johon voi kiinnitt\u00e4\u00e4 vaikka avainnipun,jojon tai muuta tarpeellista.V\u00e4ri:keltainenSertifioitu: EN 20471 LK.2Materiaalit: Hi-Vis kangas 80 prosenttia polyesteri, 20 prosenttia puuvillaMuu kangas: 65 prostenttia polyesteri,35 puuvilla StretchHakusana: huomioliivi,huomio,yleisliivi,liivi,Helsinki<\/p>\n","protected":false},"featured_media":103571,"comment_status":"open","ping_status":"closed","template":"","meta":[],"product_brand":[],"product_cat":[3412],"product_tag":[],"class_list":{"0":"post-73902","1":"product","2":"type-product","3":"status-publish","4":"has-post-thumbnail","6":"product_cat-vaatteet-tyovaatteet-stara-kesavaatteet","8":"first","9":"instock","10":"shipping-taxable","11":"purchasable","12":"product-type-simple"},"_links":{"self":[{"href":"https:\/\/logistiikkakeskus.net\/kauppa\/wp-json\/wp\/v2\/product\/73902","targetHints":{"allow":["GET"]}}],"collection":[{"href":"https:\/\/logistiikkakeskus.net\/kauppa\/wp-json\/wp\/v2\/product"}],"about":[{"href":"https:\/\/logistiikkakeskus.net\/kauppa\/wp-json\/wp\/v2\/types\/product"}],"replies":[{"embeddable":true,"href":"https:\/\/logistiikkakeskus.net\/kauppa\/wp-json\/wp\/v2\/comments?post=73902"}],"wp:featuredmedia":[{"embeddable":true,"href":"https:\/\/logistiikkakeskus.net\/kauppa\/wp-json\/wp\/v2\/media\/103571"}],"wp:attachment":[{"href":"https:\/\/logistiikkakeskus.net\/kauppa\/wp-json\/wp\/v2\/media?parent=73902"}],"wp:term":[{"taxonomy":"product_brand","embeddable":true,"href":"https:\/\/logistiikkakeskus.net\/kauppa\/wp-json\/wp\/v2\/product_brand?post=73902"},{"taxonomy":"product_cat","embeddable":true,"href":"https:\/\/logistiikkakeskus.net\/kauppa\/wp-json\/wp\/v2\/product_cat?post=73902"},{"taxonomy":"product_tag","embeddable":true,"href":"https:\/\/logistiikkakeskus.net\/kauppa\/wp-json\/wp\/v2\/product_tag?post=73902"}],"curies":[{"name":"wp","href":"https:\/\/api.w.org\/{rel}","templated":true}]}}