{"id":73813,"date":"2022-12-01T09:32:12","date_gmt":"2022-12-01T09:32:12","guid":{"rendered":"https:\/\/logistiikkakeskus.net\/kauppa\/tuote\/joint-wipes-puhdistusliina-10kplpkt\/"},"modified":"2026-01-20T09:18:20","modified_gmt":"2026-01-20T07:18:20","slug":"joint-wipes-puhdistusliina-10kplpkt","status":"publish","type":"product","link":"https:\/\/logistiikkakeskus.net\/kauppa\/tuote\/joint-wipes-puhdistusliina-10kplpkt\/","title":{"rendered":"Joint Wipes puhdistusliina 10kpl\/pkt"},"content":{"rendered":"<p>Joints Wipes puhdistusliina 10 kplJOINTS WIPES puhdistusliina on kehitetty erityisesti tehokkaaseen jaammattimaiseen lian puhdistukseen. Puhdistusliina poistaa nopeastikuivumattoman PU-vaahdon, tiivistys- ja liima-aineet, maalit, musteen,rasvat, \u00f6ljyt, teippien liimaj\u00e4\u00e4m\u00e4t sek\u00e4 monet muut liat iholta,ty\u00f6kaluista ja monilta pinnoilta.Suurikokoiset ja monik\u00e4ytt\u00f6isen puhdistusliinat k\u00e4sien, ty\u00f6kalujen japintojen puhdistukseen.Soveltuu hygieniak\u00e4ytt\u00f6\u00f6n: Ty\u00f6maalla, kotitalouksissa, autossa,huoltamoilla, veness\u00e4, korjaus ja huoltot\u00f6iss\u00e4 jne.Hygieniak\u00e4ytt\u00f6: Tuote on antibakteerinen ja EN13697 hygieniatestattu:Tappaa pinnoilta 99,99% bakteereista. Laboratoriotestattu vaikutus.<\/p>\n","protected":false},"excerpt":{"rendered":"<p>Joints Wipes puhdistusliina 10 kplJOINTS WIPES puhdistusliina on kehitetty erityisesti tehokkaaseen jaammattimaiseen lian puhdistukseen. Puhdistusliina poistaa nopeastikuivumattoman PU-vaahdon, tiivistys- ja liima-aineet, maalit, musteen,rasvat, \u00f6ljyt, teippien liimaj\u00e4\u00e4m\u00e4t sek\u00e4 monet muut liat iholta,ty\u00f6kaluista ja monilta pinnoilta.Suurikokoiset ja monik\u00e4ytt\u00f6isen puhdistusliinat k\u00e4sien, ty\u00f6kalujen japintojen puhdistukseen.Soveltuu hygieniak\u00e4ytt\u00f6\u00f6n: Ty\u00f6maalla, kotitalouksissa, autossa,huoltamoilla, veness\u00e4, korjaus ja huoltot\u00f6iss\u00e4 jne.Hygieniak\u00e4ytt\u00f6: Tuote on antibakteerinen ja EN13697 [&hellip;]<\/p>\n","protected":false},"featured_media":103551,"comment_status":"open","ping_status":"closed","template":"","meta":[],"product_brand":[],"product_cat":[3397],"product_tag":[],"class_list":{"0":"post-73813","1":"product","2":"type-product","3":"status-publish","4":"has-post-thumbnail","6":"product_cat-kemikaalit-poltto-ja-voiteluaineet-tarvikkeet","8":"first","9":"instock","10":"shipping-taxable","11":"purchasable","12":"product-type-simple"},"_links":{"self":[{"href":"https:\/\/logistiikkakeskus.net\/kauppa\/wp-json\/wp\/v2\/product\/73813","targetHints":{"allow":["GET"]}}],"collection":[{"href":"https:\/\/logistiikkakeskus.net\/kauppa\/wp-json\/wp\/v2\/product"}],"about":[{"href":"https:\/\/logistiikkakeskus.net\/kauppa\/wp-json\/wp\/v2\/types\/product"}],"replies":[{"embeddable":true,"href":"https:\/\/logistiikkakeskus.net\/kauppa\/wp-json\/wp\/v2\/comments?post=73813"}],"wp:featuredmedia":[{"embeddable":true,"href":"https:\/\/logistiikkakeskus.net\/kauppa\/wp-json\/wp\/v2\/media\/103551"}],"wp:attachment":[{"href":"https:\/\/logistiikkakeskus.net\/kauppa\/wp-json\/wp\/v2\/media?parent=73813"}],"wp:term":[{"taxonomy":"product_brand","embeddable":true,"href":"https:\/\/logistiikkakeskus.net\/kauppa\/wp-json\/wp\/v2\/product_brand?post=73813"},{"taxonomy":"product_cat","embeddable":true,"href":"https:\/\/logistiikkakeskus.net\/kauppa\/wp-json\/wp\/v2\/product_cat?post=73813"},{"taxonomy":"product_tag","embeddable":true,"href":"https:\/\/logistiikkakeskus.net\/kauppa\/wp-json\/wp\/v2\/product_tag?post=73813"}],"curies":[{"name":"wp","href":"https:\/\/api.w.org\/{rel}","templated":true}]}}