{"id":73810,"date":"2022-12-01T09:32:10","date_gmt":"2022-12-01T09:32:10","guid":{"rendered":"https:\/\/logistiikkakeskus.net\/kauppa\/tuote\/soudal-ve400-ankkurointimassa-280ml\/"},"modified":"2025-10-15T10:18:53","modified_gmt":"2025-10-15T07:18:53","slug":"soudal-ve400-ankkurointimassa-280ml","status":"publish","type":"product","link":"https:\/\/logistiikkakeskus.net\/kauppa\/tuote\/soudal-ve400-ankkurointimassa-280ml\/","title":{"rendered":"Soudal VE400 Ankkurointimassa 280ml"},"content":{"rendered":"<p>oudafix VE400-SF on 2-komponenttinen vinyyliesteripohjainen(styreenivapaa), nopeasti kovettuva ankkurointimassa.Ominaisuudet:    Helppo k\u00e4ytt\u00e4\u00e4.    Sopii normaaliin patruunapuristimeen.    Nopeasti kuivuva.    Laaja k\u00e4ytt\u00f6alue, jopa m\u00e4rkiin porausreikiin ja vedenalaisiinkohteisiin.    Styreenivapaa (l\u00e4hes hajuton)    Patruuna k\u00e4ytett\u00e4viss\u00e4 uudelleen vaihtamalla mikserisuutinta.    Vesitiivis.    Hyv\u00e4 kemiallinen kest\u00e4vyys.    Paloluokka: F120    ETA hyv\u00e4ksynt\u00e4 (Option 7 &#8211; ehjille betonipinnoille)    ETA hyv\u00e4ksynt\u00e4 (Option 1 &#8211; halkeileville betonipinnoille)<\/p>\n","protected":false},"excerpt":{"rendered":"<p>oudafix VE400-SF on 2-komponenttinen vinyyliesteripohjainen(styreenivapaa), nopeasti kovettuva ankkurointimassa.Ominaisuudet: Helppo k\u00e4ytt\u00e4\u00e4. Sopii normaaliin patruunapuristimeen. Nopeasti kuivuva. Laaja k\u00e4ytt\u00f6alue, jopa m\u00e4rkiin porausreikiin ja vedenalaisiinkohteisiin. Styreenivapaa (l\u00e4hes hajuton) Patruuna k\u00e4ytett\u00e4viss\u00e4 uudelleen vaihtamalla mikserisuutinta. Vesitiivis. Hyv\u00e4 kemiallinen kest\u00e4vyys. Paloluokka: F120 ETA hyv\u00e4ksynt\u00e4 (Option 7 &#8211; ehjille betonipinnoille) ETA hyv\u00e4ksynt\u00e4 (Option 1 &#8211; halkeileville betonipinnoille)<\/p>\n","protected":false},"featured_media":0,"comment_status":"open","ping_status":"closed","template":"","meta":[],"product_brand":[],"product_cat":[3369],"product_tag":[],"class_list":{"0":"post-73810","1":"product","2":"type-product","3":"status-publish","5":"product_cat-kemikaalit-silikonit-ja-liimat-massat","7":"first","8":"instock","9":"shipping-taxable","10":"purchasable","11":"product-type-simple"},"_links":{"self":[{"href":"https:\/\/logistiikkakeskus.net\/kauppa\/wp-json\/wp\/v2\/product\/73810","targetHints":{"allow":["GET"]}}],"collection":[{"href":"https:\/\/logistiikkakeskus.net\/kauppa\/wp-json\/wp\/v2\/product"}],"about":[{"href":"https:\/\/logistiikkakeskus.net\/kauppa\/wp-json\/wp\/v2\/types\/product"}],"replies":[{"embeddable":true,"href":"https:\/\/logistiikkakeskus.net\/kauppa\/wp-json\/wp\/v2\/comments?post=73810"}],"wp:attachment":[{"href":"https:\/\/logistiikkakeskus.net\/kauppa\/wp-json\/wp\/v2\/media?parent=73810"}],"wp:term":[{"taxonomy":"product_brand","embeddable":true,"href":"https:\/\/logistiikkakeskus.net\/kauppa\/wp-json\/wp\/v2\/product_brand?post=73810"},{"taxonomy":"product_cat","embeddable":true,"href":"https:\/\/logistiikkakeskus.net\/kauppa\/wp-json\/wp\/v2\/product_cat?post=73810"},{"taxonomy":"product_tag","embeddable":true,"href":"https:\/\/logistiikkakeskus.net\/kauppa\/wp-json\/wp\/v2\/product_tag?post=73810"}],"curies":[{"name":"wp","href":"https:\/\/api.w.org\/{rel}","templated":true}]}}