{"id":73745,"date":"2022-12-01T09:31:47","date_gmt":"2022-12-01T09:31:47","guid":{"rendered":"https:\/\/logistiikkakeskus.net\/kauppa\/tuote\/viiltosuojakasine-fortes-pu-gp5g-10\/"},"modified":"2026-01-20T09:18:17","modified_gmt":"2026-01-20T07:18:17","slug":"viiltosuojakasine-fortes-pu-gp5g-10","status":"publish","type":"product","link":"https:\/\/logistiikkakeskus.net\/kauppa\/tuote\/viiltosuojakasine-fortes-pu-gp5g-10\/","title":{"rendered":"Viiltosuojak\u00e4sine CUT-5 (D luokka), 10"},"content":{"rendered":"<p>Joustava ja kulutusta kest\u00e4v\u00e4 C-luokan viiltosuojak\u00e4sine. Soveltuurakennus-, ajoneuvo-, paperi- ja lasiteollisuuteen sek\u00e4 huoltot\u00f6ihin,joissa on viiltoriski. PU-pinnoite tarjoaa korkean kulutuskest\u00e4vyyden jahyv\u00e4n pidon kuivilla pinnoilla. Saumaton neulos, jonka tiheysarvo on 13,tekee k\u00e4sineist\u00e4 joustavat ja miellytt\u00e4v\u00e4n tuntuiset ja pit\u00e4\u00e4 k\u00e4tesiviilein\u00e4 koko ty\u00f6p\u00e4iv\u00e4n ajan.C-luokan viiltosuoja.PU-pinnoite takaa kulutuskest\u00e4vyyden ja pidonKosketusn\u00e4ytt\u00f6toiminto.Suojaa kosketusl\u00e4mm\u00f6lt\u00e4 100 oC:een saakka.OEKO-TEX 100 -standardin mukainen materiaali.Desinfioitu, mik\u00e4 lis\u00e4\u00e4 k\u00e4ytt\u00f6mukavuutta ja ehk\u00e4isee ep\u00e4miellytt\u00e4vi\u00e4hajuja.<\/p>\n","protected":false},"excerpt":{"rendered":"<p>Joustava ja kulutusta kest\u00e4v\u00e4 C-luokan viiltosuojak\u00e4sine. Soveltuurakennus-, ajoneuvo-, paperi- ja lasiteollisuuteen sek\u00e4 huoltot\u00f6ihin,joissa on viiltoriski. PU-pinnoite tarjoaa korkean kulutuskest\u00e4vyyden jahyv\u00e4n pidon kuivilla pinnoilla. Saumaton neulos, jonka tiheysarvo on 13,tekee k\u00e4sineist\u00e4 joustavat ja miellytt\u00e4v\u00e4n tuntuiset ja pit\u00e4\u00e4 k\u00e4tesiviilein\u00e4 koko ty\u00f6p\u00e4iv\u00e4n ajan.C-luokan viiltosuoja.PU-pinnoite takaa kulutuskest\u00e4vyyden ja pidonKosketusn\u00e4ytt\u00f6toiminto.Suojaa kosketusl\u00e4mm\u00f6lt\u00e4 100 oC:een saakka.OEKO-TEX 100 -standardin mukainen materiaali.Desinfioitu, mik\u00e4 lis\u00e4\u00e4 [&hellip;]<\/p>\n","protected":false},"featured_media":103519,"comment_status":"open","ping_status":"closed","template":"","meta":[],"product_brand":[],"product_cat":[3383],"product_tag":[],"class_list":{"0":"post-73745","1":"product","2":"type-product","3":"status-publish","4":"has-post-thumbnail","6":"product_cat-henkilonsuojaimet-ja-tyoturvallisuus-henkilonsuojaimet-kasineet","8":"first","9":"instock","10":"shipping-taxable","11":"purchasable","12":"product-type-simple"},"_links":{"self":[{"href":"https:\/\/logistiikkakeskus.net\/kauppa\/wp-json\/wp\/v2\/product\/73745","targetHints":{"allow":["GET"]}}],"collection":[{"href":"https:\/\/logistiikkakeskus.net\/kauppa\/wp-json\/wp\/v2\/product"}],"about":[{"href":"https:\/\/logistiikkakeskus.net\/kauppa\/wp-json\/wp\/v2\/types\/product"}],"replies":[{"embeddable":true,"href":"https:\/\/logistiikkakeskus.net\/kauppa\/wp-json\/wp\/v2\/comments?post=73745"}],"wp:featuredmedia":[{"embeddable":true,"href":"https:\/\/logistiikkakeskus.net\/kauppa\/wp-json\/wp\/v2\/media\/103519"}],"wp:attachment":[{"href":"https:\/\/logistiikkakeskus.net\/kauppa\/wp-json\/wp\/v2\/media?parent=73745"}],"wp:term":[{"taxonomy":"product_brand","embeddable":true,"href":"https:\/\/logistiikkakeskus.net\/kauppa\/wp-json\/wp\/v2\/product_brand?post=73745"},{"taxonomy":"product_cat","embeddable":true,"href":"https:\/\/logistiikkakeskus.net\/kauppa\/wp-json\/wp\/v2\/product_cat?post=73745"},{"taxonomy":"product_tag","embeddable":true,"href":"https:\/\/logistiikkakeskus.net\/kauppa\/wp-json\/wp\/v2\/product_tag?post=73745"}],"curies":[{"name":"wp","href":"https:\/\/api.w.org\/{rel}","templated":true}]}}