{"id":73735,"date":"2022-12-01T09:31:44","date_gmt":"2022-12-01T09:31:44","guid":{"rendered":"https:\/\/logistiikkakeskus.net\/kauppa\/tuote\/muovisormikas-softer-1850-9l\/"},"modified":"2025-10-15T10:18:49","modified_gmt":"2025-10-15T07:18:49","slug":"muovisormikas-softer-1850-9l","status":"publish","type":"product","link":"https:\/\/logistiikkakeskus.net\/kauppa\/tuote\/muovisormikas-softer-1850-9l\/","title":{"rendered":"Muovisormikas Softer 1850, 9\/L"},"content":{"rendered":"<p>Microkarhennettua muovia ja puuvillaa. Pehme\u00e4 sek\u00e4 joustava rakenne.Myyntier\u00e4: 1 pr (12 pr\/nippu). Hakusanat: kumihanska, k\u00e4sine<\/p>\n","protected":false},"excerpt":{"rendered":"<p>Microkarhennettua muovia ja puuvillaa. Pehme\u00e4 sek\u00e4 joustava rakenne.Myyntier\u00e4: 1 pr (12 pr\/nippu). Hakusanat: kumihanska, k\u00e4sine<\/p>\n","protected":false},"featured_media":0,"comment_status":"open","ping_status":"closed","template":"","meta":[],"product_brand":[],"product_cat":[3383],"product_tag":[],"class_list":{"0":"post-73735","1":"product","2":"type-product","3":"status-publish","5":"product_cat-henkilonsuojaimet-ja-tyoturvallisuus-henkilonsuojaimet-kasineet","7":"first","8":"instock","9":"shipping-taxable","10":"purchasable","11":"product-type-simple"},"_links":{"self":[{"href":"https:\/\/logistiikkakeskus.net\/kauppa\/wp-json\/wp\/v2\/product\/73735","targetHints":{"allow":["GET"]}}],"collection":[{"href":"https:\/\/logistiikkakeskus.net\/kauppa\/wp-json\/wp\/v2\/product"}],"about":[{"href":"https:\/\/logistiikkakeskus.net\/kauppa\/wp-json\/wp\/v2\/types\/product"}],"replies":[{"embeddable":true,"href":"https:\/\/logistiikkakeskus.net\/kauppa\/wp-json\/wp\/v2\/comments?post=73735"}],"wp:attachment":[{"href":"https:\/\/logistiikkakeskus.net\/kauppa\/wp-json\/wp\/v2\/media?parent=73735"}],"wp:term":[{"taxonomy":"product_brand","embeddable":true,"href":"https:\/\/logistiikkakeskus.net\/kauppa\/wp-json\/wp\/v2\/product_brand?post=73735"},{"taxonomy":"product_cat","embeddable":true,"href":"https:\/\/logistiikkakeskus.net\/kauppa\/wp-json\/wp\/v2\/product_cat?post=73735"},{"taxonomy":"product_tag","embeddable":true,"href":"https:\/\/logistiikkakeskus.net\/kauppa\/wp-json\/wp\/v2\/product_tag?post=73735"}],"curies":[{"name":"wp","href":"https:\/\/api.w.org\/{rel}","templated":true}]}}