{"id":73559,"date":"2022-12-01T09:30:35","date_gmt":"2022-12-01T09:30:35","guid":{"rendered":"https:\/\/logistiikkakeskus.net\/kauppa\/tuote\/kuivab-weber-vetonit-s100-25kg-lava-40sk\/"},"modified":"2026-01-20T09:18:08","modified_gmt":"2026-01-20T07:18:08","slug":"kuivab-weber-vetonit-s100-25kg-lava-40sk","status":"publish","type":"product","link":"https:\/\/logistiikkakeskus.net\/kauppa\/tuote\/kuivab-weber-vetonit-s100-25kg-lava-40sk\/","title":{"rendered":"Kuivabetoni S100 25kg Fescon lava 48sk"},"content":{"rendered":"<p>Ty\u00f6maiden pienimuotoisiin ja yksinkertaisiin betonivaluihin kutenportaisiin, aidan perustuksiin jne. Minimikerrospaksuus on 30 mm. Suurinraekoko 10 mm. Puristuslujuus n. 20\u201325 MPa. Valmista massaa: 11,5\u201312 l \/25 kg:n s\u00e4kki.48 sk\/lava. Myyd\u00e4\u00e4n s\u00e4keitt\u00e4in.<\/p>\n","protected":false},"excerpt":{"rendered":"<p>Ty\u00f6maiden pienimuotoisiin ja yksinkertaisiin betonivaluihin kutenportaisiin, aidan perustuksiin jne. Minimikerrospaksuus on 30 mm. Suurinraekoko 10 mm. Puristuslujuus n. 20\u201325 MPa. Valmista massaa: 11,5\u201312 l \/25 kg:n s\u00e4kki.48 sk\/lava. Myyd\u00e4\u00e4n s\u00e4keitt\u00e4in.<\/p>\n","protected":false},"featured_media":103464,"comment_status":"open","ping_status":"closed","template":"","meta":[],"product_brand":[],"product_cat":[3426],"product_tag":[],"class_list":{"0":"post-73559","1":"product","2":"type-product","3":"status-publish","4":"has-post-thumbnail","6":"product_cat-rakennustarvikkeet-laastit-ja-sementit-sementit-ja-kalkit","8":"first","9":"instock","10":"shipping-taxable","11":"purchasable","12":"product-type-simple"},"_links":{"self":[{"href":"https:\/\/logistiikkakeskus.net\/kauppa\/wp-json\/wp\/v2\/product\/73559","targetHints":{"allow":["GET"]}}],"collection":[{"href":"https:\/\/logistiikkakeskus.net\/kauppa\/wp-json\/wp\/v2\/product"}],"about":[{"href":"https:\/\/logistiikkakeskus.net\/kauppa\/wp-json\/wp\/v2\/types\/product"}],"replies":[{"embeddable":true,"href":"https:\/\/logistiikkakeskus.net\/kauppa\/wp-json\/wp\/v2\/comments?post=73559"}],"wp:featuredmedia":[{"embeddable":true,"href":"https:\/\/logistiikkakeskus.net\/kauppa\/wp-json\/wp\/v2\/media\/103464"}],"wp:attachment":[{"href":"https:\/\/logistiikkakeskus.net\/kauppa\/wp-json\/wp\/v2\/media?parent=73559"}],"wp:term":[{"taxonomy":"product_brand","embeddable":true,"href":"https:\/\/logistiikkakeskus.net\/kauppa\/wp-json\/wp\/v2\/product_brand?post=73559"},{"taxonomy":"product_cat","embeddable":true,"href":"https:\/\/logistiikkakeskus.net\/kauppa\/wp-json\/wp\/v2\/product_cat?post=73559"},{"taxonomy":"product_tag","embeddable":true,"href":"https:\/\/logistiikkakeskus.net\/kauppa\/wp-json\/wp\/v2\/product_tag?post=73559"}],"curies":[{"name":"wp","href":"https:\/\/api.w.org\/{rel}","templated":true}]}}